Raporty NOAA


Wybierz miesiac lub rok

Report for 2021 Wrz
´╗┐                   Monthly Climatological Summary for wrz 2021

Name: Pogoda w Radlinie   City: Radlin   State: Woj. slaskie
Elevation: 283 m  Lat: N 50┬░ 02' 43"   Lon: E 018┬░ 29' 36"

                  Temperature (┬░C), Rain (mm), Wind Speed (km/h)

                                      Heat  Cool        Avg
    Mean                              Deg   Deg         Wind                 Dom
Day Temp  High   Time   Low    Time   Days  Days  Rain  Speed High   Time    Dir
----------------------------------------------------------------------------------
 1  14,3  14,3   00:00  14,3   00:00   5,2   0,0   0,0   2,0   4,0   00:00    NW
 2   0,0   0,0   00:12   0,0   00:12  12,8   0,0   0,0   0,0   0,0   00:12   ---
 3  21,2  26,9   16:50   0,0   00:00   0,0   2,4   0,1   4,9  21,0   14:15     W
 4  18,8  27,7   16:36  16,7   19:55   0,0   3,3   0,0   3,6  12,0   16:27    NW
 5  16,9  23,2   16:38  10,2   23:58   0,6   1,9   0,0   8,0  22,0   13:44   ENE
 6  12,8  27,5   16:50   9,6   00:24   4,1   1,4   0,0   3,8  11,0   21:41   NNE
 7  16,1  26,7   17:19  10,5   00:38   2,3   3,0   0,0   7,1  26,0   16:16   SSW
 8  17,6  30,2   16:48  14,0   22:17   0,5   2,5   0,0   5,0  18,0   13:46     S
 9  18,0  29,1   16:56  13,5   23:59   0,8   3,3   0,0   4,3  22,0   14:05   SSW
10  18,0  29,0   16:40  11,1   02:07   1,6   4,1   0,0   9,0  27,0   13:59   SSW
11  18,9  31,1   16:41  11,4   04:13   1,2   4,6   0,0   8,8  23,0   12:28   SSW
12  18,9  28,1   16:49  14,5   03:44   0,3   3,7   0,0   3,7  16,0   15:19    SW
13  18,4  25,5   16:14  16,7   19:59   0,0   2,9   0,0   1,4  19,0   14:42   NNW
14  20,3  27,7   16:45  16,7   00:00   6,3   2,5   0,0   3,1  11,0   14:22     E
15  19,8  28,7   16:50  17,0   00:00   0,0   4,4   0,0   3,7  11,0   15:30   ESE
16  20,3  20,3   00:14  20,3   00:14   0,0   4,8   0,0   4,0   4,0   00:14     E
17  20,3  20,3   00:00  20,3   00:00   0,0   4,8   0,0   4,0   4,0   00:00     E
18  20,3  20,3   00:00  20,3   00:00   0,0   4,8   0,0   4,0   4,0   00:00     E
19  20,3  20,3   00:00  20,3   00:00   4,8   3,3   0,0   3,9   4,0   00:00     E
20   0,0   0,0   00:13   0,0   00:13  15,5   0,0   0,0   0,0   0,0   00:13   ---
21  11,9  12,5   14:13   0,0   00:13  10,5   0,0   0,3   2,6   9,0   14:13    NW
22  11,6  11,6   00:13  11,6   00:13   3,9   0,0   0,0   4,0   4,0   00:13     W
23  17,5  18,9   15:43  11,6   00:13   2,5   0,5   0,1   8,8  32,0   18:14   WSW
24  16,1  20,2   16:30  14,4   22:45   0,2   0,9   0,0  14,1  33,0   12:30     W
25  16,1  21,4   17:00  14,0   02:45   1,0   0,3   0,0   5,0  10,0   01:00   SSW
26  22,3  25,2   16:00  15,1   00:00   0,2   2,3   0,0   1,8   9,0   14:15   ESE
27  17,4  17,4   00:09  17,4   00:09   0,0   1,9   0,0   3,0   3,0   00:09     E
28  15,4  20,1   16:48  12,5   20:33   0,6   1,5   0,0   4,7  10,0   18:33   ESE
29  12,5  12,5   00:03  12,5   00:03   3,0   0,0   0,0  10,0  10,0   00:03    SE
30  12,9  15,0   17:18  11,3   20:03   3,1   0,0   0,1   7,9  10,0   00:03    SE
----------------------------------------------------------------------------------
    16,2  31,1    11     0,0     2    81,0  65,1   0,6   4,9  33,0    24       S

Max >=  25,0: 13
Max <=  15,0:  7
Min <=  10,0:  5
Min <= -10,0:  0
Max Rain: 0,3 on day 21
Days of Rain: 1 (>= 0,2 mm)  0 (>= 2,0 mm)  0 (>= 20,0 mm)
Heat Base: 15,5  Cool Base: 15,5  Method: Integration