Raporty NOAA


Wybierz miesiac lub rok

Report for 2021 Sie
´╗┐                   Monthly Climatological Summary for sie 2021

Name: Pogoda w Radlinie   City: Radlin   State: Woj. slaskie
Elevation: 283 m  Lat: N 50┬░ 02' 43"   Lon: E 018┬░ 29' 36"

                  Temperature (┬░C), Rain (mm), Wind Speed (km/h)

                                      Heat  Cool        Avg
    Mean                              Deg   Deg         Wind                 Dom
Day Temp  High   Time   Low    Time   Days  Days  Rain  Speed High   Time    Dir
----------------------------------------------------------------------------------
 1  18,1  19,4   00:19  18,1   01:54   0,0   2,6   0,0   0,2   7,0   00:25   SSW
 2  18,0  24,7   15:47  15,2   16:56   0,0   2,6   9,4   1,4  45,0   16:14   NNW
 3  20,4  26,6   15:42  16,3   22:27   0,0   4,9   0,1   4,9  26,0   15:26     W
 4  18,9  28,7   17:49  16,3   00:00   0,0   3,4   0,1  10,2  26,0   02:22    SW
 5  16,8  17,7   00:00  16,8   01:15   0,0   1,3   0,0   2,0   7,0   00:03    NW
 6  17,8  25,8   18:25  14,3   22:12   0,1   2,3   0,1   3,2  24,0   15:21    NW
 7  18,6  30,5   17:44  14,3   00:45   0,6   3,7   0,0   7,7  26,0   15:16    SW
 8  20,6  27,4   16:17  17,4   06:34   0,0   5,1   1,2  11,5  40,0   03:49   WSW
 9  21,6  32,9   17:18  16,3   23:58   0,0   6,1   0,2   5,9  15,0   15:49   WSW
10  21,5  30,1   16:37  16,2   00:03   0,0   6,0   0,0   6,7  27,0   16:02   WSW
11  22,4  29,0   17:19  15,2   23:49   0,0   4,8   0,1   6,1  24,0   15:29   WNW
12  20,6  29,4   18:18  13,8   02:12   5,7   3,6   0,0   0,9  10,0   16:18     N
13  22,9  32,0   17:48  14,2   02:33   0,8   3,2   0,0   3,6  18,0   16:48   SSW
14  26,3  34,8   17:12  19,3   04:10   0,0   8,7   0,1   5,1  11,0   14:27   SSW
15  28,8  35,6   17:32  21,2   00:12   0,0   9,2   0,0   3,9  16,0   14:27    NW
16  24,7  30,7   15:43  21,0   03:43   0,0   8,7   0,5  10,5  32,0   08:58   WSW
17  15,7  21,2   00:13  12,7   23:58   0,2   4,3   0,1  14,6  27,0   17:43   WSW
18  16,1  24,3   16:48  12,1   03:46   1,4   2,1   0,0  10,7  36,0   14:12   WSW
19  17,3  23,7   15:42  14,0   01:37   0,6   2,4   0,0   7,3  28,0   14:20   WSW
20  19,8  25,4   16:57  17,0   23:57   0,0   4,3   0,0   4,9  17,0   13:02   WSW
21  22,4  28,5   16:57  15,3   23:42   0,0   4,4   0,0   1,8  13,0   13:57   NNW
22  24,1  28,1   13:42  15,0   00:27   0,2   4,9   0,1   2,4  11,0   14:57     S
23  20,8  25,9   18:28  16,2   21:43   9,7   1,6   0,8   2,6  13,0   18:13    NW
24  16,2  16,2   00:13  16,2   00:13   0,0   0,7   0,0   5,0   5,0   00:13     W
25  17,4  22,3   17:28  11,5   23:47   0,5   1,8   0,1   9,7  18,0   22:13     W
26  12,2  12,9   03:40  11,4   00:25   3,3   0,0   0,0  18,8  21,0   03:40     S
27  12,9  20,5   18:08  12,1   21:46   2,8   0,2   0,1  17,2  21,0   00:00   SSW
28  15,3  21,7   16:49  12,8   00:00   1,5   1,2   0,0   8,2  24,0   12:11   WSW
29  14,8  19,2   17:27  14,3   00:00   1,0   0,3   0,0   2,3  12,0   15:53   ESE
30  14,3  14,3   00:00  14,3   00:00   1,2   0,0   0,0   3,0   4,0   00:00    NW
31  14,3  14,3   00:00  14,3   00:00   1,2   0,0   0,0   3,0   4,0   00:00    NW
----------------------------------------------------------------------------------
    19,1  35,6    15    11,4    26    30,8 104,4  13,0   6,7  45,0     2     WSW

Max >=  25,0: 17
Max <=  15,0:  3
Min <=  10,0:  0
Min <= -10,0:  0
Max Rain: 9,4 on day 2
Days of Rain: 5 (>= 0,2 mm)  1 (>= 2,0 mm)  0 (>= 20,0 mm)
Heat Base: 15,5  Cool Base: 15,5  Method: Integration