Raporty NOAA


Wybierz miesiac lub rok

Report for 2021 Lip
´╗┐                   Monthly Climatological Summary for lip 2021

Name: Pogoda w Radlinie   City: Radlin   State: Woj. slaskie
Elevation: 283 m  Lat: N 50┬░ 02' 43"   Lon: E 018┬░ 29' 36"

                  Temperature (┬░C), Rain (mm), Wind Speed (km/h)

                                      Heat  Cool        Avg
    Mean                              Deg   Deg         Wind                 Dom
Day Temp  High   Time   Low    Time   Days  Days  Rain  Speed High   Time    Dir
----------------------------------------------------------------------------------
 1  21,5  26,2   17:09  16,9   00:12   0,0   3,4   0,1   3,8  21,0   14:13   WNW
 2  19,8  24,7   17:09  16,8   02:55   0,0   3,0   0,0   8,1  32,0   19:11   WNW
 3  19,7  29,9   17:26  15,4   23:58   0,0   4,2   0,1   5,7  30,0   14:56    NW
 4  15,0  20,5   21:07  14,6   01:15   0,8   0,3   0,0   1,8  13,0   11:41    NE
 5  16,3  21,8   20:59  15,8   00:42   0,0   0,8   0,0   4,4  27,0   16:39   WSW
 6  18,3  24,0   22:34  17,7   00:11   0,0   2,8   0,0   4,8  23,0   13:44     S
 7  26,4  34,4   14:40  17,9   23:55   4,2   8,0   0,0   4,3  22,0   18:55     W
 8  28,6  34,1   17:46  17,9   00:10   0,0   6,9   0,1   5,9  16,0   13:49    NW
 9  23,7  26,3   14:44  19,1   23:58   0,0   8,2   2,1   8,1  30,0   15:13     W
10  20,0  29,4   17:57  16,4   23:56   0,0   4,5   0,0   9,5  24,0   01:28    NW
11  16,5  21,9   21:26  16,0   00:19   0,0   1,0   0,0   5,2  16,0   18:24   ENE
12  21,0  29,0   17:43  18,9   21:44   0,0   5,5   0,4   4,0  17,0   19:25    NE
13  19,1  24,7   23:12  18,9   00:00   0,0   3,6   0,0   3,0  11,0   18:41     E
14  24,0  29,0   16:44  20,3   19:26   0,0   7,8   7,7   6,1  39,0   19:11     W
15  25,5  31,1   18:49  20,3   00:00   0,0   6,5   4,4   7,9  11,0   00:00     W
16  23,0  30,2   16:03  22,3   00:00   0,0   7,5   3,7   1,0  22,0   16:19     N
17  24,3  31,8   18:06  20,9   19:13   0,0   8,8  12,4   1,7  38,0   18:31   NNW
18  22,6  29,2   17:05  20,4   23:53   0,0   7,1   0,0   2,3  17,0   23:44   NNW
19  21,1  28,6   13:26  17,7   23:46   0,0   5,6   0,0   8,0  34,0   16:09   NNW
20  19,0  24,4   13:30  16,4   21:57   0,0   3,5   0,0   9,7  24,0   15:16   NNW
21  18,3  29,1   15:33  13,1   04:24   0,8   3,6   0,0   7,8  22,0   15:24   NNW
22  19,5  25,7   18:19  14,6   23:37   0,0   4,0   0,0   3,2  16,0   15:44   NNW
23  20,2  28,8   17:42  14,6   00:00   0,4   5,1   0,0   2,3  18,0   12:43     N
24  21,8  33,0   17:44  15,2   01:08   0,1   6,4   0,0   2,8  21,0   15:41     S
25  21,7  27,9   17:17  18,2   02:24   0,0   6,2   1,0   7,7  30,0   12:43    SE
26  21,5  32,5   18:06  19,5   00:00   0,0   6,0   0,1   9,1  23,0   17:00     E
27  24,4  34,6   18:05  20,2   00:55   0,0   8,9   0,1   8,3  22,0   14:07   SSE
28  23,7  34,5   15:22  19,4   00:26   0,0   8,2   3,4   7,6  23,0   20:18   SSW
29  23,5  30,0   15:27  17,9   23:32   0,0   8,0   0,1   9,9  31,0   16:04    NW
30  22,9  32,6   18:19  16,2   03:45   0,0   7,4   0,0   7,5  31,0   14:57   WSW
31  23,7  33,6   17:21  18,5   03:43   0,0   8,2   0,7   8,2  32,0   08:26    SW
----------------------------------------------------------------------------------
    21,5  34,6    27    13,1    21     6,3 171,0  36,4   5,8  39,0    14     WNW

Max >=  25,0: 24
Max <=  15,0:  0
Min <=  10,0:  0
Min <= -10,0:  0
Max Rain: 12,4 on day 17
Days of Rain: 9 (>= 0,2 mm)  6 (>= 2,0 mm)  0 (>= 20,0 mm)
Heat Base: 15,5  Cool Base: 15,5  Method: Integration