Raporty NOAA


Wybierz miesiac lub rok

Report for 2021 Kwi
´╗┐                   Monthly Climatological Summary for kwi 2021

Name: Pogoda w Radlinie   City: Radlin   State: Woj. slaskie
Elevation: 283 m  Lat: N 50┬░ 02' 43"   Lon: E 018┬░ 29' 36"

                  Temperature (┬░C), Rain (mm), Wind Speed (km/h)

                                      Heat  Cool        Avg
    Mean                              Deg   Deg         Wind                 Dom
Day Temp  High   Time   Low    Time   Days  Days  Rain  Speed High   Time    Dir
----------------------------------------------------------------------------------
 1  17,5  24,3   12:59  11,2   23:59   1,5   2,1   0,0   9,9  22,0   17:29     W
 5   7,4  13,2   17:14   1,4   20:57   7,3   0,0   0,7  18,2  53,0   19:24   NNW
 6   4,1   6,3   17:29   0,0   00:14  14,4   0,0   0,3   3,1  21,0   18:59    NW
 7   3,9   6,9   15:05   0,4   00:01  13,5   0,0   0,0   8,2  36,0   15:05   WNW
 8   2,9   7,7   17:18   1,4   23:58  12,6   0,0   0,0   7,9  33,0   16:42   SSW
 9   1,3   1,4   00:00   1,3   00:02  14,2   0,0   0,0  16,2  44,0   12:40   SSW
10  11,8  20,3   15:11   1,3   00:00   4,6   1,0   0,0  12,6  37,0   11:52    SW
11  11,7  16,5   10:59   5,8   05:07   3,9   0,1   0,0  15,2  44,0   10:11   SSE
12  13,5  15,5   12:35   8,6   00:12   6,4   0,0   0,0  14,4  28,0   14:05     N
13  10,3  10,3   00:05  10,3   00:05   5,2   0,0   0,0  28,0  28,0   00:05     N
14  10,3  10,3   00:05  10,3   00:05   5,2   0,0   0,0  28,0  28,0   00:05     N
15  10,3  10,3   00:05  10,3   00:05   5,2   0,0   0,0  28,0  28,0   00:05     N
16  10,3  10,3   00:05  10,3   00:05   5,2   0,0   0,0  28,0  28,0   00:05     N
17  10,3  10,3   00:05  10,3   00:05   5,2   0,0   0,0  28,0  28,0   00:05     N
18  10,3  10,3   00:05  10,3   00:05   5,2   0,0   0,0  28,0  28,0   00:05     N
19  10,3  10,3   00:05  10,3   00:05   5,2   0,0   0,0  28,0  28,0   00:05     N
20  10,2  13,7   18:35   8,5   22:20   5,3   0,0   0,1  23,6  28,0   00:05     N
21  14,1  17,6   17:20   8,5   00:05   4,7   0,1   0,0  10,2  26,0   13:50    NW
22   9,0  14,0   17:20   4,1   23:50   5,7   0,0   0,1  10,1  28,0   16:20    SW
23   6,5  10,9   17:20   2,8   03:50  10,1   0,0   0,1   9,0  36,0   15:05    NW
24   8,5  15,2   15:20   2,3   06:35   6,7   0,0   0,0   8,2  17,0   17:48     W
26   8,3  12,2   17:08   4,8   23:50   1,9   0,0   0,0   4,7  33,0   13:59   NNW
27  10,4  16,0   17:10   4,8   00:05   0,6   0,0   0,0  10,3  21,0   18:28   ENE
28  15,0  21,6   16:41   7,4   08:12   1,6   1,2   0,0   8,0  24,0   11:42    SE
29  13,4  21,2   16:58   4,2   05:42   3,3   1,2   0,5   9,9  36,0   13:55    SW
30  13,0  16,0   20:10   9,5   23:58   1,2   0,0   0,4   4,4  27,0   17:13   WNW
----------------------------------------------------------------------------------
     9,8  24,3     1     0,0     6   155,9   5,7   2,2  11,9  53,0     5     NNW

Max >=  25,0:  0
Max <=  15,0: 16
Min <=  10,0: 18
Min <= -10,0:  0
Max Rain: 0,7 on day 5
Days of Rain: 4 (>= 0,2 mm)  0 (>= 2,0 mm)  0 (>= 20,0 mm)
Heat Base: 15,5  Cool Base: 15,5  Method: Integration