Raporty NOAA


Wybierz miesiac lub rok

Report for 2021 Marz
´╗┐                   Monthly Climatological Summary for mar 2021

Name: Pogoda w Radlinie   City: Radlin   State: Woj. slaskie
Elevation: 283 m  Lat: N 50┬░ 02' 43"   Lon: E 018┬░ 29' 36"

                  Temperature (┬░C), Rain (mm), Wind Speed (km/h)

                                      Heat  Cool        Avg
    Mean                              Deg   Deg         Wind                 Dom
Day Temp  High   Time   Low    Time   Days  Days  Rain  Speed High   Time    Dir
----------------------------------------------------------------------------------
 1   4,6   4,6   00:11   4,6   00:11  10,9   0,0   0,0   6,0   6,0   00:11   WNW
 2   8,0  15,7   15:41   3,6   22:26   9,8   0,0   0,0   5,4  10,0   16:11   WNW
 3  11,7  18,5   15:26   3,6   00:11   8,2   0,2   0,0  10,8  30,0   21:26   SSW
 4   7,2   8,9   14:41   5,3   00:26   9,0   0,0   0,0  18,2  21,0   15:11     S
 5   8,3   8,3   00:11   8,3   00:11   7,2   0,0   0,0  19,0  19,0   00:11     N
 6   2,0   8,3   00:11  -1,5   23:56  10,3   0,0   0,1  14,2  19,0   00:11     N
 7   2,6   8,8   15:27  -2,5   02:41  15,4   0,0   0,0   9,8  27,0   14:27   SSW
 8  -1,2  -1,2   00:12  -1,2   00:12  16,7   0,0   0,0   4,0   4,0   00:12    NW
 9  -0,9   6,0   13:12  -5,0   03:42  16,7   0,0   0,1   5,8  17,0   13:27    SE
10  -4,1   0,6   18:02  -5,3   03:51  19,4   0,0   0,0   4,3  17,0   14:17   ESE
11   0,1   5,2   12:14  -4,6   02:50  15,3   0,0   0,1  12,6  38,0   12:38     S
12   2,4   7,7   17:19   1,7   00:00  13,1   0,0   0,1  16,1  40,0   16:57   SSW
13  10,1  12,6   15:57   2,9   00:12   8,5   0,0   0,1  21,0  46,0   13:27    SW
14   6,6  10,0   13:42   4,5   18:29   8,9   0,0   0,0   9,3  28,0   01:27   NNW
15   4,6  12,9   13:48   0,2   21:02  10,9   0,0   0,0   5,3  17,0   13:05    NW
16   0,2   0,2   00:00   0,2   00:00  15,3   0,0   0,0   3,0   4,0   00:00     S
17   0,2   0,2   00:00   0,2   00:00  15,3   0,0   0,0   3,0   4,0   00:00     S
18   0,6   5,3   15:01   0,0   17:57  14,9   0,0   0,1   6,9  26,0   14:41    NE
19   0,0   1,1   18:06  -0,3   19:01  15,5   0,0   0,1  12,5  17,0   00:00    NE
20  -1,1   1,9   15:35  -5,6   23:28  16,7   0,0   0,1   7,5  23,0   15:15   NNW
21  -5,4  -4,9   00:13  -5,6   00:43  21,1   0,0   0,0   8,9   9,0   00:58     S
22   3,5   5,2   15:43  -5,6   00:13  18,2   0,0   0,1   9,2  24,0   16:28   SSW
----------------------------------------------------------------------------------
     2,7  18,5     3    -5,6    20   297,3   0,2   0,9   8,0  46,0    13      SW

Max >=  25,0:  0
Max <=  15,0: 20
Min <=  10,0: 22
Min <= -10,0:  0
Max Rain: 0,1 on day 6
Days of Rain: 0 (>= 0,2 mm)  0 (>= 2,0 mm)  0 (>= 20,0 mm)
Heat Base: 15,5  Cool Base: 15,5  Method: Integration