Raporty NOAA


Wybierz miesiac lub rok
V/Λ2021 > Sty Lut Marz Kwi Maj Cze Lip Sie Wrz Paz Lis Gru
V/Λ2020 > Sty Lut Marz Kwi Maj Cze Lip Sie Wrz Paz Lis Gru
V/Λ2019 > Sty Lut Marz Kwi Maj Cze Lip Sie Wrz Paz Lis Gru
V/Λ2018 > Sty Lut Marz Kwi Maj Cze Lip Sie Wrz Paz Lis Gru
V/Λ2017 > Sty Lut Marz Kwi Maj Cze Lip Sie Wrz Paz Lis Gru
V/Λ2016 > Sty Lut Marz Kwi Maj Cze Lip Sie Wrz Paz Lis Gru
V/Λ2015 > Sty Lut Marz Kwi Maj Cze Lip Sie Wrz Paz Lis Gru
V/Λ2014 > Sty Lut Marz Kwi Maj Cze Lip Sie Wrz Paz Lis Gru
V/Λ2013 > Sty Lut Marz Kwi Maj Cze Lip Sie Wrz Paz Lis Gru
V/Λ2012 > Sty Lut Marz Kwi Maj Cze Lip Sie Wrz Paz Lis Gru

Report for 2021 Sty
´╗┐                   Monthly Climatological Summary for sty 2021

Name: Pogoda w Radlinie   City: Radlin   State: Woj. slaskie
Elevation: 283 m  Lat: N 50┬░ 02' 43"   Lon: E 018┬░ 29' 36"

                  Temperature (┬░C), Rain (mm), Wind Speed (km/h)

                                      Heat  Cool        Avg
    Mean                              Deg   Deg         Wind                 Dom
Day Temp  High   Time   Low    Time   Days  Days  Rain  Speed High   Time    Dir
----------------------------------------------------------------------------------
 1   8,1   8,1   00:13   8,1   00:13   7,4   0,0   0,0  13,0  13,0   00:13     S
 2   8,1   8,1   00:13   8,1   00:13   7,4   0,0   0,0  13,0  13,0   00:13     S
 3   8,1   8,1   00:13   8,1   00:13   7,4   0,0   0,0  13,0  13,0   00:13     S
 4   8,1   8,1   00:13   8,1   00:13   7,4   0,0   0,0  13,0  13,0   00:13     S
 5   8,1   8,1   00:13   8,1   00:13   7,4   0,0   0,0  13,0  13,0   00:13     S
 6   8,1   8,1   00:13   8,1   00:13   7,4   0,0   0,0  13,0  13,0   00:13     S
 7   8,1   8,1   00:13   8,1   00:13   7,4   0,0   0,0  13,0  13,0   00:13     S
 8   8,1   8,1   00:13   8,1   00:13   7,4   0,0   0,0  13,0  13,0   00:13     S
 9   8,1   8,1   00:13   8,1   00:13   7,3   0,0   0,0  13,0  13,0   00:13     S
10   8,1   8,1   00:00   8,1   00:00   7,4   0,0   0,0  13,0  13,0   00:00     S
11   8,1   8,1   00:00   8,1   00:00   7,4   0,0   0,0  13,0  13,0   00:00     S
----------------------------------------------------------------------------------
     8,1   8,1     1     8,1     1    81,3   0,0   0,0  13,0  13,0     1       S

Max >=  25,0:  0
Max <=  15,0: 11
Min <=  10,0: 11
Min <= -10,0:  0
Max Rain: 0,0 on day 0
Days of Rain: 0 (>= 0,2 mm)  0 (>= 2,0 mm)  0 (>= 20,0 mm)
Heat Base: 15,5  Cool Base: 15,5  Method: Integration