Raporty NOAA


Wybierz miesiac lub rok

Report for 2021
´╗┐                   Annual Climatological Summary for 2021

Name: Pogoda w Radlinie   City: Radlin   State: Woj. slaskie
Elevation: 283 m  Lat: N 50┬░ 02' 43"   Lon: E 018┬░ 29' 36"

                  Temperature (┬░C), Heat Base: 15,5  Cool Base: 15,5
                          Dep.  Heat  Cool                       Max  Max  Min  Min
        Mean  Mean        From  Deg   Deg                        >=   <=   <=   <=
 YR MO  Max   Min   Mean  Norm  Days  Days  Hi  Date  Low  Date 25,0 15,0 10,0 -10,0
------------------------------------------------------------------------------------
 21  1   5,7   5,7   5,7   7,8   167     0   8,1   1   0,0   27    0   17   17    0
 21  2   2,0  -0,9   0,7   1,7   434     0  19,2  25  -8,4   15    0   25   27    0
 21  3   8,7   1,3   4,8   1,8   330     4  27,7  31  -5,6   20    1   22   26    0
 21  4  13,2   6,2   9,8   2,1   155     5  24,3   1   0,0    6    0   16   18    0
 21  5  17,6   9,4  13,4   0,1   114    34  32,4  11   0,0    6    4   10   17    0
 21  6  28,9  15,2  22,9   6,8    20   176  36,3  19   5,4    1   25    0    4    0
 21  7  28,8  17,7  21,5   3,5     6   170  34,6  27  13,1   21   24    0    0    0
 21  8  25,0  15,3  19,1   2,3    30   104  35,6  15  11,4   26   17    3    0    0
 21  9  20,4  12,2  15,6   2,3    89    65  31,1  11   0,0    1   13    8    6    0
 21 10  18,6   8,0  12,8   4,4    68     6  25,9   5  -0,5   10    2    4    7    0
 21 11
 21 12
------------------------------------------------------------------------------------
        16,9   9,0  12,6   3,3  1419   569  36,3 cze  -8,4  lut   86  105  122    0

                                Precipitation (mm)

              Dep.   Max        Days of Rain
              From   Obs.           >=
 YR MO Total  Norm   Day Date  0,2  2,0 20,0
---------------------------------------------
 21  1   0,0 -34,0   0,0   0     0    0    0
 21  2   3,9 -22,1   3,3  15     2    1    0
 21  3   2,0 -47,0   0,6  28     2    0    0
 21  4   2,2 -42,8   0,7   5     4    0    0
 21  5  11,9-131,1   2,5  31     8    2    0
 21  6  11,8 -81,2   8,6  12     5    1    0
 21  7  36,4-142,6  12,4  17     9    6    0
 21  8  13,0-101,0   9,4   2     5    1    0
 21  9   0,6 -57,4   0,3  21     1    0    0
 21 10   2,5 -39,5   1,4  12     2    0    0
 21 11
 21 12
---------------------------------------------
        84,3-698,7  12,4  lip   38   11    0

                                Wind Speed (km/h)
                          Dom
 YR MO   Avg.  Hi   Date  Dir
------------------------------
 21  1  11,7  13,0    1     S
 21  2   8,6  36,0   25     N
 21  3   8,1  46,0   13     S
 21  4  11,9  53,0    5    SW
 21  5  10,8  44,0    6    SW
 21  6   6,1  30,0   13     N
 21  7   5,8  39,0   14   WNW
 21  8   6,7  45,0    2    SW
 21  9   4,9  33,0   24   SSE
 21 10   5,3  38,0    5     S
 21 11
 21 12
------------------------------
         8,0  53,0  kwi    SW