Raporty NOAA



Report for 2020 Paz
´╗┐                   Monthly Climatological Summary for pa┼║ 2020

Name: Pogoda w Radlinie   City: Radlin   State: Woj. slaskie
Elevation: 283 m  Lat: N 50┬░ 02' 43"   Lon: E 018┬░ 29' 36"

                  Temperature (┬░C), Rain (mm), Wind Speed (km/h)

                                      Heat  Cool        Avg
    Mean                              Deg   Deg         Wind                 Dom
Day Temp  High   Time   Low    Time   Days  Days  Rain  Speed High   Time    Dir
----------------------------------------------------------------------------------
 1  12,4  14,0   14:30  11,8   19:57   3,1   0,0  10,3   6,2  27,0   00:03   NNW
 2  14,6  22,7   16:07  11,4   00:36   1,7   0,8   2,8   6,5  22,0   14:32   SSE
 3  19,9  26,2   16:07  13,7   00:17   0,1   4,5   0,6  17,7  53,0   23:41   SSE
 4  16,9  22,3   16:34  12,8   22:23   0,3   1,7   7,8  14,8  54,0   11:55     S
 5  14,5  23,3   13:25  10,8   05:29   1,9   0,9   3,1  10,5  42,0   14:48     S
 6  13,3  21,4   16:34   8,7   07:08   3,0   0,8   0,1  11,6  34,0   12:45   SSW
 7  13,1  17,4   15:24   9,7   04:10   2,6   0,2   0,0   7,7  24,0   08:14   WSW
 8  12,1  18,6   16:12   9,0   23:06   3,6   0,2   0,0   6,5  19,0   11:19   WNW
 9  13,0  20,6   14:32   8,8   00:35   3,2   0,7   0,0  10,2  27,0   09:31   SSW
10  12,9  18,7   12:56   8,7   06:28   3,1   0,5   0,4  10,1  46,0   19:37   WSW
11   9,8  12,5   14:08   7,9   07:21   5,7   0,0   3,3   4,8  16,0   03:10     N
12   6,7   8,7   00:00   5,6   12:56   8,8   0,0  19,6   8,5  26,0   07:13   NNW
13   6,0   7,2   19:36   4,9   09:58   9,5   0,0  27,0  10,9  31,0   12:37   NNW
14   6,3   7,5   23:33   4,5   08:45   9,2   0,0  12,2  18,5  40,0   17:11    SW
15   8,2  12,1   13:41   4,9   22:13   7,3   0,0   3,4   5,9  21,0   00:07     W
16   6,4   7,8   13:56   5,4   00:26   9,1   0,0  10,3   6,0  18,0   12:59   NNE
17   6,1   7,3   16:24   4,4   23:46   9,4   0,0   4,4   7,5  22,0   21:30   NNW
18   7,0  11,0   12:56   4,1   03:37   8,5   0,0   0,1  10,7  26,0   15:54   WSW
19   8,6  11,9   14:18   6,8   04:50   6,9   0,0   0,0   9,7  22,0   16:13    SW
20   8,5  16,0   13:57   2,7   06:33   7,0   0,0   0,0   9,6  32,0   14:19   SSW
21  11,2  17,5   14:27   6,9   04:11   4,4   0,1   0,0  12,6  36,0   22:43    SW
22  13,7  22,6   13:45  10,1   02:43   2,5   0,6   0,0  17,8  42,0   09:47    SW
23  12,4  15,3   15:12   9,7   01:50   3,1   0,0   0,0  17,8  38,0   13:15    SW
24  12,4  18,1   15:46   9,7   22:18   3,3   0,2   0,8  10,6  30,0   03:48    SW
25   9,6  11,3   13:34   7,8   07:21   6,1   0,0   0,3   5,7  17,0   00:47   SSE
----------------------------------------------------------------------------------
    11,0  26,2     3     2,7    20   123,4  11,2 106,5  10,3  54,0     4      SW

Max >=  25,0:  1
Max <=  15,0: 11
Min <=  10,0: 19
Min <= -10,0:  0
Max Rain: 27,0 on day 13
Days of Rain: 15 (>= 0,2 mm)  11 (>= 2,0 mm)  1 (>= 20,0 mm)
Heat Base: 15,5  Cool Base: 15,5  Method: Integration