Raporty NOAA



Report for 2020 Wrz
´╗┐                   Monthly Climatological Summary for wrz 2020

Name: Pogoda w Radlinie   City: Radlin   State: Woj. slaskie
Elevation: 283 m  Lat: N 50┬░ 02' 43"   Lon: E 018┬░ 29' 36"

                  Temperature (┬░C), Rain (mm), Wind Speed (km/h)

                                      Heat  Cool        Avg
    Mean                              Deg   Deg         Wind                 Dom
Day Temp  High   Time   Low    Time   Days  Days  Rain  Speed High   Time    Dir
----------------------------------------------------------------------------------
 1  13,2  14,3   00:00  11,5   21:42   2,3   0,0  24,3   9,8  30,0   10:35     N
 2  14,3  23,1   16:41  10,5   02:24   2,3   1,1   1,2   9,5  31,0   05:30     W
 3  15,7  24,1   16:35   9,9   01:21   2,1   2,3   0,0   6,1  16,0   07:44    SW
 4  17,1  24,4   17:14  10,2   04:22   1,5   3,1   0,0  11,8  28,0   10:07   SSW
 5  20,8  29,2   17:09  15,3   03:56   0,0   5,3   4,0  11,3  39,0   21:13   SSW
 6  16,1  18,4   14:35  14,2   23:57   0,3   0,9   7,5   4,0  21,0   03:13    NW
 7  15,2  23,4   17:15  10,1   23:51   1,6   1,2   7,3   3,1  15,0   13:14   NNW
 8  15,6  24,3   16:57   8,4   05:59   2,3   2,4   0,0   9,1  22,0   14:38    SW
 9  18,8  26,9   16:31  11,9   06:15   0,6   3,9   0,0  14,7  32,0   15:17    SW
10  16,1  22,3   17:15  11,6   23:49   0,5   1,1   0,2   3,2  21,0   12:11   WSW
11  15,3  24,5   17:16   8,2   06:24   2,4   2,3   0,0   3,1  11,0   09:54   NNE
12  18,5  28,6   16:32  10,5   05:37   1,4   4,4   0,0   5,2  19,0   14:55   SSW
13  19,8  29,1   16:38  14,7   04:41   0,0   4,3   0,0   4,8  24,0   08:53   WSW
14  20,7  32,1   16:41  13,5   07:05   0,1   5,4   0,0   4,2  11,0   08:25    SE
15  20,9  33,6   16:44  13,6   05:08   0,3   5,7   0,0   4,0  12,0   21:23    SE
16  21,8  29,8   12:46  15,7   06:35   0,0   6,3   0,0   9,4  38,0   13:45   SSW
17  16,6  20,6   14:34   8,2   23:55   1,1   2,2   0,0   8,5  28,0   08:34   NNW
18  11,4  22,5   16:33   5,5   05:55   4,8   0,8   0,0   3,4  16,0   09:47   NNE
19  13,1  24,1   16:18   5,4   06:07   4,0   1,7   0,0   3,9  12,0   10:33     E
20  14,2  25,2   17:08   8,3   06:07   2,9   1,6   0,0   3,2  13,0   16:11     E
21  16,3  28,7   16:54   8,8   07:07   2,4   3,2   0,0   4,3  18,0   14:31   SSE
22  18,2  29,3   16:40  10,5   06:12   1,2   3,9   0,0   6,0  22,0   12:38     S
23  19,0  26,7   16:10  13,1   04:13   0,4   3,9   0,0   6,0  19,0   13:49     S
24  18,4  24,4   16:17  14,7   23:50   0,0   2,9   0,0  11,1  34,0   11:07   SSW
25  16,1  21,1   10:41  13,7   23:53   0,6   1,2  14,1   8,5  23,0   13:18   SSE
26  11,9  14,7   08:53   8,1   23:26   3,6   0,0  12,6  16,3  38,0   17:17   WSW
----------------------------------------------------------------------------------
    16,7  33,6    15     5,4    19    38,7  71,1  71,2   6,9  39,0     5      SW

Max >=  25,0: 11
Max <=  15,0:  2
Min <=  10,0:  9
Min <= -10,0:  0
Max Rain: 24,3 on day 1
Days of Rain: 8 (>= 0,2 mm)  6 (>= 2,0 mm)  1 (>= 20,0 mm)
Heat Base: 15,5  Cool Base: 15,5  Method: Integration