Raporty NOAA



Report for 2020 Sie
´╗┐                   Monthly Climatological Summary for sie 2020

Name: Pogoda w Radlinie   City: Radlin   State: Woj. slaskie
Elevation: 283 m  Lat: N 50┬░ 02' 43"   Lon: E 018┬░ 29' 36"

                  Temperature (┬░C), Rain (mm), Wind Speed (km/h)

                                      Heat  Cool        Avg
    Mean                              Deg   Deg         Wind                 Dom
Day Temp  High   Time   Low    Time   Days  Days  Rain  Speed High   Time    Dir
----------------------------------------------------------------------------------
 1  19,9  29,8   18:07  11,7   05:10   0,7   5,1   0,0   4,9  18,0   16:37     N
 2  21,1  29,4   15:09  11,7   05:29   0,6   6,2   0,0   7,6  21,0   11:17   SSW
 3  19,8  26,1   12:07  16,5   23:45   0,0   4,3   1,7   4,8  24,0   13:17     W
 4  15,9  17,5   15:13  13,3   23:44   0,2   0,6  21,7   9,6  24,0   19:33   NNW
 5  18,5  26,6   18:10  13,5   04:19   0,4   3,4   0,6   8,9  24,0   01:46     N
 6  19,6  26,8   18:16  14,9   05:12   0,0   4,1   0,0   4,6  23,0   12:17    NE
 7  23,6  34,4   17:07  14,9   05:08   0,0   8,1   0,0   4,5  19,0   14:46     E
 8  24,9  35,0   17:37  16,4   05:35   0,0   9,4   0,0   5,9  26,0   12:07   ENE
 9  25,3  35,5   17:52  17,7   05:25   0,0   9,8   0,0   2,2  17,0   14:32    NE
10  24,5  33,4   17:29  17,6   05:29   0,0   9,0   0,0   5,6  23,0   12:59   ENE
11  24,2  31,8   16:18  18,3   06:09   0,0   8,7   0,0   5,1  33,0   16:38    NE
12  23,3  32,4   17:45  16,1   05:49   0,0   7,8   0,0   4,3  17,0   13:17   ENE
13  23,3  34,1   17:14  14,1   05:29   0,1   8,0   0,0   4,6  11,0   15:29    SE
14  23,1  31,8   14:59  16,5   05:29   0,0   7,6   0,0   3,9  19,0   14:59     W
15  22,5  30,2   16:50  16,0   05:40   0,0   7,0   0,0   6,1  26,0   13:59    NE
16  21,1  29,9   16:19  14,0   05:55   0,1   5,7   0,0   7,6  24,0   13:10   ENE
17  22,0  29,6   12:34  15,0   03:12   0,1   6,5   0,0   7,8  32,0   17:05     S
18  20,5  25,9   13:17  17,2   06:25   0,0   5,0   1,1   8,3  34,0   14:12     W
19  18,1  20,3   18:44  16,1   23:56   0,0   2,6  27,4   6,5  23,0   14:29   WNW
20  20,8  31,3   17:22  15,0   05:38   0,1   5,4   0,1   4,8  17,0   10:55    SW
21  23,2  34,2   16:56  14,6   05:07   0,1   7,8   0,0   7,8  22,0   12:28   SSW
22  23,9  32,7   16:08  17,9   05:30   0,0   8,4   1,5  13,3  37,0   11:49    SW
23  21,0  27,1   17:10  17,0   22:54   0,0   5,5   0,8   4,6  18,0   17:09     W
24  19,6  27,4   17:10  14,1   06:08   0,1   4,2   0,0   4,3  18,0   08:56     W
25  18,8  27,3   17:17  14,1   06:33   0,3   3,6   0,4   6,4  22,0   11:21   WNW
26  20,2  28,5   17:20  13,6   01:52   0,4   5,1   0,0  15,3  50,0   12:37    SW
27  18,9  23,4   15:22  13,3   23:58   0,1   3,5   0,0  11,4  31,0   13:58     W
28  18,5  28,0   16:39   9,7   05:33   1,4   4,5   0,0   8,8  31,0   16:27     S
29  19,5  24,6   17:46  16,8   22:51   0,0   4,0   1,0   4,7  22,0   08:41   WSW
30  20,7  31,5   17:10  16,1   06:17   0,0   5,2   7,6   6,2  27,0   20:35    SW
31  16,6  19,9   17:50  14,1   22:50   0,2   1,3   0,4  13,3  43,0   03:16   WSW
----------------------------------------------------------------------------------
    21,1  35,5     9     9,7    28     4,9 177,4  64,3   7,1  50,0    26     WSW

Max >=  25,0: 26
Max <=  15,0:  0
Min <=  10,0:  1
Min <= -10,0:  0
Max Rain: 27,4 on day 19
Days of Rain: 11 (>= 0,2 mm)  3 (>= 2,0 mm)  2 (>= 20,0 mm)
Heat Base: 15,5  Cool Base: 15,5  Method: Integration