Raporty NOAA


Wybierz miesiac lub rok

Report for 2020 Lip
´╗┐                   Monthly Climatological Summary for lip 2020

Name: Pogoda w Radlinie   City: Radlin   State: Woj. slaskie
Elevation: 283 m  Lat: N 50┬░ 02' 43"   Lon: E 018┬░ 29' 36"

                  Temperature (┬░C), Rain (mm), Wind Speed (km/h)

                                      Heat  Cool        Avg
    Mean                              Deg   Deg         Wind                 Dom
Day Temp  High   Time   Low    Time   Days  Days  Rain  Speed High   Time    Dir
----------------------------------------------------------------------------------
 1  18,5  18,5   00:00  18,5   00:00   0,0   3,0   0,0   8,0   9,0   00:00   WSW
 2  21,3  30,4   14:15  17,9   23:58   0,2   5,8   2,1   7,5  21,0   19:45   WSW
 3  18,9  24,8   18:28  16,0   04:35   0,0   3,5   0,3   6,0  23,0   09:15    NW
 4  21,3  30,8   19:07  13,2   04:40   0,3   6,2   0,1   4,9  18,0   14:09   WSW
 5  23,5  31,8   17:33  15,3   04:52   0,0   8,0   0,0  11,6  30,0   13:21    SW
 6  21,6  29,9   13:09  16,2   23:56   0,0   6,1   3,8  10,2  40,0   14:38   WSW
 7  16,4  21,3   15:32  11,8   23:53   0,8   1,7   0,0  11,3  33,0   12:52    NW
 8  15,6  22,3   12:18  10,7   02:21   1,6   1,7  10,0  10,8  30,0   12:44    SW
 9  18,0  24,0   14:16  12,0   05:07   0,9   3,4   0,1   7,4  30,0   14:54   SSW
10  25,2  33,3   18:17  17,3   05:13   0,0   9,6   0,0  15,8  40,0   16:10   SSW
11  14,5  21,7   00:00  10,7   23:54   1,9   0,9  14,3   7,4  23,0   09:14   NNW
12  15,7  25,3   18:27   8,1   05:08   2,2   2,4   0,2   4,7  19,0   12:31   NNW
13  16,3  23,7   18:08   9,6   03:30   1,5   2,4   0,0   3,9  18,0   10:43   NNW
14  10,2  15,7   23:29   9,8   04:23   5,3   0,0   0,0   4,7  17,0   12:11     S
15  20,4  29,1   17:21  11,9   03:49   0,8   5,6   0,0   8,6  30,0   11:50   SSW
16  16,5  21,7   15:13  12,0   23:09   0,4   1,5   5,2   7,6  85,0   04:32    NW
17  16,3  22,9   17:41  12,0   00:00   1,2   2,0   6,4   5,7  18,0   10:08    NW
18  18,4  27,8   14:57  14,2   02:26   0,3   3,2   6,7   6,3  24,0   17:14   NNE
19  20,1  30,0   17:57  14,5   04:49   0,1   4,7   0,1   4,5  37,0   19:50   ENE
20  20,9  29,7   13:48  13,5   06:20   0,0   5,4   0,2   6,2  23,0   17:29    SW
21  19,2  26,8   18:57  15,3   23:53   0,0   3,7   0,0   4,2  17,0   06:33    NW
22  19,9  28,3   17:20  13,0   04:53   0,4   4,8   0,0   4,7  19,0   13:45   NNW
23  18,7  26,9   17:49  12,2   03:50   0,7   3,9   0,0   3,2  15,0   15:44   NNE
24  20,6  30,7   15:37  12,0   05:15   0,7   5,8   0,0   7,8  30,0   19:52     S
25  21,6  30,6   17:08  15,8   05:17   0,0   6,1   0,0   6,6  23,0   01:54   WNW
26  22,2  31,5   14:49  14,4   05:07   0,1   6,8   0,0   6,2  30,0   18:13     S
27  22,8  32,6   17:08  15,6   05:47   0,0   7,3   0,0   4,6  15,0   01:14     W
28  24,9  34,9   17:57  15,6   02:35   0,0   9,4   0,0  12,4  34,0   15:10   SSW
29  23,9  32,0   17:43  17,2   23:56   0,0   8,4   0,0   8,8  33,0   00:18     W
30  21,7  31,7   17:44  14,0   05:32   0,1   6,3   0,0   4,5  19,0   13:43    NW
31  20,6  29,7   17:59  14,6   23:56   0,1   5,1   0,0   6,2  27,0   16:36    NW
----------------------------------------------------------------------------------
    19,5  34,9    28     8,1    12    19,6 144,7  49,5   7,1  85,0    16     WSW

Max >=  25,0: 21
Max <=  15,0:  0
Min <=  10,0:  3
Min <= -10,0:  0
Max Rain: 14,3 on day 11
Days of Rain: 10 (>= 0,2 mm)  7 (>= 2,0 mm)  0 (>= 20,0 mm)
Heat Base: 15,5  Cool Base: 15,5  Method: Integration