Raporty NOAA


Wybierz miesiac lub rok

Report for 2020 Cze
´╗┐                   Monthly Climatological Summary for cze 2020

Name: Pogoda w Radlinie   City: Radlin   State: Woj. slaskie
Elevation: 283 m  Lat: N 50┬░ 02' 43"   Lon: E 018┬░ 29' 36"

                  Temperature (┬░C), Rain (mm), Wind Speed (km/h)

                                      Heat  Cool        Avg
    Mean                              Deg   Deg         Wind                 Dom
Day Temp  High   Time   Low    Time   Days  Days  Rain  Speed High   Time    Dir
----------------------------------------------------------------------------------
 1  15,8  23,3   14:57   9,9   04:29   2,1   2,4   0,0   9,0  39,0   15:34   NNW
 2  15,0  23,0   17:11   8,8   04:33   2,1   1,6   0,7  10,2  34,0   15:37   NNW
 3  16,4  24,5   17:48  12,1   23:59   1,5   2,4   0,0   6,8  19,0   14:45   NNW
 4  17,4  27,0   15:59   8,8   03:57   1,6   3,5   2,6   6,9  24,0   10:16   ESE
 5  15,8  18,3   15:15  12,0   23:17   0,5   0,8   5,8  10,7  24,0   11:37   SSW
 6  19,1  28,7   18:18  11,5   04:26   1,0   4,7   0,1  13,3  37,0   09:53    SW
 7  20,0  27,0   18:18  14,0   04:44   0,2   4,7  17,0   7,8  23,0   15:56     E
 8  13,3  16,4   00:00  11,0   09:01   2,3   0,0   4,9   8,3  30,0   02:59    NW
 9  13,9  16,1   17:42  11,7   04:34   1,6   0,0   0,5   5,1  16,0   14:49     N
10  16,6  21,0   16:18  13,4   04:09   0,6   1,7   0,0   5,1  19,0   12:05     N
11  19,6  26,9   14:49  14,4   03:45   0,2   4,3   0,0   5,3  27,0   17:13    SW
12  21,9  30,5   17:49  14,4   03:50   0,1   6,5   0,0   5,2  19,0   12:21     N
13  25,1  33,9   15:23  16,8   04:08   0,0   9,6   1,0   5,0  23,0   14:22     E
14  19,9  25,5   17:56  14,8   23:55   0,0   4,5   0,3   7,7  19,0   15:31   ENE
15  18,8  27,5   16:57  12,8   03:21   0,5   3,8   0,0   5,4  21,0   13:47    NE
16  16,8  20,5   10:46  12,6   04:45   0,5   1,8   1,8   3,2  13,0   12:33   NNE
17  18,3  26,3   17:18  16,2   03:23   0,0   2,8  11,5   4,9  22,0   17:58   NNW
18  19,1  26,4   14:23  17,0   00:00   0,0   3,6  10,3   3,5  18,0   16:07     W
19  17,3  20,4   11:39  15,6   22:40   0,0   1,8   2,5   7,6  26,0   13:05    NW
20  16,1  17,7   12:44  13,6   23:26   0,1   0,7  17,4  11,9  36,0   19:33    NW
21  14,8  15,0   06:37  13,3   00:01   0,7   0,0   0,8  16,9  30,0   01:37    NW
22  15,0  15,0   00:00  15,0   00:00   0,5   0,0   0,0  18,0  18,0   00:00    NW
23  15,4  20,9   19:10  14,5   23:56   0,4   0,3   0,1  15,7  36,0   16:50    NW
24  14,9  19,8   17:55  11,8   04:45   1,1   0,5   2,2   7,3  23,0   17:33    NW
25  12,5  12,5   00:00  12,5   00:00   3,0   0,0   0,0   3,2  16,0   13:37     E
26  16,0  21,3   18:40  12,5   00:00   0,2   0,7  37,0   2,1  28,0   20:52    NE
27  26,0  30,0   17:24  15,9   00:02   0,0   6,2   0,1  11,7  38,0   14:40    SW
28  18,8  23,9   20:39  17,9   04:07   0,0   3,3   1,9   7,6  19,0   14:44   WSW
29  19,1  21,4   00:00  18,0   04:51   0,0   3,5   1,5   7,0  21,0   06:49   WNW
30  18,5  18,5   00:00  18,5   00:00   0,0   3,0   0,0   8,0   9,0   00:00   WSW
----------------------------------------------------------------------------------
    17,6  33,9    13     8,8     2    20,8  78,7 120,0   8,1  39,0     1      NW

Max >=  25,0: 11
Max <=  15,0:  3
Min <=  10,0:  3
Min <= -10,0:  0
Max Rain: 37,0 on day 26
Days of Rain: 18 (>= 0,2 mm)  10 (>= 2,0 mm)  1 (>= 20,0 mm)
Heat Base: 15,5  Cool Base: 15,5  Method: Integration