Raporty NOAA


Wybierz miesiac lub rok

Report for 2020 Maj
´╗┐                   Monthly Climatological Summary for maj 2020

Name: Pogoda w Radlinie   City: Radlin   State: Woj. slaskie
Elevation: 283 m  Lat: N 50┬░ 02' 43"   Lon: E 018┬░ 29' 36"

                  Temperature (┬░C), Rain (mm), Wind Speed (km/h)

                                      Heat  Cool        Avg
    Mean                              Deg   Deg         Wind                 Dom
Day Temp  High   Time   Low    Time   Days  Days  Rain  Speed High   Time    Dir
----------------------------------------------------------------------------------
 1  13,0  19,4   16:29   8,8   23:56   2,7   0,2   1,9   7,0  31,0   12:28    SW
 2  12,1  18,2   15:54   7,3   22:26   3,6   0,2   3,2   8,4  32,0   14:32   WSW
 3   8,7  13,6   19:04   5,5   23:58   6,8   0,0  15,2   6,8  33,0   14:10    NW
 4  11,1  20,4   13:53   2,8   04:50   5,0   0,7   0,1   5,9  19,0   15:20   SSW
 5   9,5  14,1   16:49   5,5   23:20   6,0   0,0   8,4  12,3  38,0   15:16    NW
 6   7,4  13,4   17:36   3,4   05:09   8,1   0,0   1,4  14,2  38,0   18:19    NW
 7   9,7  15,4   18:07   5,4   04:16   5,8   0,0   0,0  11,7  42,0   10:19    NW
 8  13,1  25,5   13:48   3,2   05:40   4,5   2,1   0,0   6,5  26,0   14:12    SW
 9  17,0  27,6   16:41   6,4   05:22   2,4   3,9   0,0   4,1  16,0   12:25   SSE
10  18,7  25,8   15:55  12,0   02:40   0,9   4,1   0,0   5,9  21,0   11:33     S
11  17,5  26,7   13:17   5,0   23:57   1,5   3,5   5,0  13,2  45,0   23:46   WSW
12   6,5  15,8   17:42   0,9   01:52   9,0   0,0   1,6  11,1  36,0   00:34   NNW
13   8,3  13,9   10:52   1,0   05:23   7,2   0,0   3,4   7,4  22,0   11:43     S
14   9,4  17,3   17:23   5,5   23:44   6,1   0,0   8,3   5,5  21,0   10:10    NE
15   8,2  13,6   18:07   3,6   06:12   7,3   0,0   0,4   6,6  24,0   11:29     E
16  12,5  21,2   17:34   3,9   05:07   4,2   1,2   0,1   8,8  23,0   16:12    SW
17  13,5  21,2   18:26   6,8   03:57   3,3   1,4   1,2   7,4  27,0   12:12   WNW
18  15,9  26,6   17:31   6,7   04:59   2,7   3,1   0,0   6,1  19,0   10:19     W
19  18,2  26,5   15:03   9,8   05:11   1,3   4,0   0,0  10,8  31,0   18:55   WNW
20  15,1  21,2   16:07   8,5   23:56   1,8   1,4   0,0   7,8  28,0   15:55     N
21  12,2  19,8   17:34   5,2   04:46   4,2   0,9   0,0   7,8  33,0   15:42     N
22  12,7  22,7   17:16  -1,4   02:25   4,3   1,5   0,0   4,6  19,0   14:42     N
23  13,3  16,8   16:29   9,3   05:07   2,3   0,1  12,8   8,5  44,0   23:56     S
24  12,7  19,2   15:07   8,6   21:45   3,1   0,3   8,9  12,4  53,0   00:30    NW
25  11,2  15,9   15:10   9,0   09:14   4,3   0,0   8,3   8,7  30,0   15:57    NW
26  12,6  21,6   14:31   7,2   23:56   3,2   0,3   0,4  11,1  34,0   14:45   NNW
27  14,3  21,4   18:25   6,2   04:35   2,7   1,6   0,0  10,0  31,0   18:33    NW
28  12,9  18,1   11:29   7,5   04:55   2,9   0,3   0,0   9,9  33,0   15:10    NW
29  12,2  19,6   17:14   7,8   23:54   3,5   0,2   0,0  10,7  28,0   12:56   NNW
30  10,4  17,2   12:33   4,9   04:57   5,2   0,1   2,5   7,9  49,0   12:33   NNW
31  10,0  13,5   12:15   8,3   02:49   5,5   0,0  20,3  10,9  31,0   05:55   NNW
----------------------------------------------------------------------------------
    12,3  27,6     9    -1,4    22   131,4  31,1 103,4   8,7  53,0    24      NW

Max >=  25,0:  6
Max <=  15,0:  6
Min <=  10,0: 30
Min <= -10,0:  0
Max Rain: 20,3 on day 31
Days of Rain: 17 (>= 0,2 mm)  11 (>= 2,0 mm)  1 (>= 20,0 mm)
Heat Base: 15,5  Cool Base: 15,5  Method: Integration