Raporty NOAA


Wybierz miesiac lub rok

Report for 2020 Kwi
´╗┐                   Monthly Climatological Summary for kwi 2020

Name: Pogoda w Radlinie   City: Radlin   State: Woj. slaskie
Elevation: 283 m  Lat: N 50┬░ 02' 43"   Lon: E 018┬░ 29' 36"

                  Temperature (┬░C), Rain (mm), Wind Speed (km/h)

                                      Heat  Cool        Avg
    Mean                              Deg   Deg         Wind                 Dom
Day Temp  High   Time   Low    Time   Days  Days  Rain  Speed High   Time    Dir
----------------------------------------------------------------------------------
 1   2,2  12,4   16:52  -5,2   05:31  13,3   0,0   0,0   6,9  24,0   11:58   WSW
 2   6,1  15,0   16:28  -1,6   05:09   9,5   0,0   0,0  15,6  36,0   16:09    SW
 3   7,3  12,7   11:47   3,0   04:38   8,2   0,0   0,0  11,6  30,0   03:41   WNW
 4   7,3  15,5   14:56   1,6   02:34   8,2   0,0   0,0   6,1  22,0   16:13   NNE
 5   8,5  18,3   16:53   0,1   05:17   7,2   0,2   0,0  11,2  38,0   10:49     E
 6  12,6  23,3   16:37   2,1   06:22   4,7   1,8   0,0   9,8  31,0   16:37     S
 7  13,2  23,6   17:50   3,6   06:07   3,9   1,6   0,0  13,0  40,0   12:44   SSW
 8  14,1  26,1   17:25   5,2   05:39   3,7   2,4   0,0   8,4  18,0   14:37   SSW
 9  15,2  24,6   16:37   5,2   06:26   2,9   2,6   0,0  11,8  31,0   14:42     W
10  14,2  19,2   16:45   5,8   23:53   1,9   0,7   0,0   8,1  28,0   15:43    NW
11  10,1  22,6   17:13   1,0   05:52   6,2   0,7   0,0   4,4  21,0   13:07   NNE
12  13,0  25,2   16:28   1,7   06:07   4,6   2,2   0,0   9,9  32,0   15:14    SW
13  11,8  20,6   10:59   4,5   23:33   4,2   0,5   3,5  14,0  48,0   15:32   WNW
14   4,5   9,3   17:08   0,2   06:16  11,0   0,0   0,0  13,0  40,0   12:13    NW
15   8,0  18,3   16:48   0,2   04:18   7,7   0,2   0,0  12,0  32,0   10:13     W
16  13,6  24,1   18:11   4,3   02:36   4,1   2,1   0,0  12,5  34,0   14:35   WSW
17  12,2  22,7   15:32   5,8   05:51   4,0   0,7   0,0   7,0  26,0   14:40   NNW
18  12,0  22,6   17:13   2,5   06:09   4,8   1,3   0,0   5,5  19,0   13:21    NE
19   9,2  18,0   16:59   3,6   23:51   6,4   0,2   0,0   8,3  26,0   16:29     N
20   8,7  17,9   16:47   0,8   05:57   7,0   0,2   0,0   8,4  28,0   13:09   ENE
21   9,3  17,6   16:40   0,7   05:35   6,3   0,2   0,0  12,2  36,0   10:46     E
22  10,6  19,1   16:51   1,7   06:09   5,4   0,6   0,0   9,5  32,0   10:47   ENE
23  12,9  23,5   17:31   2,7   06:07   4,4   1,8   0,0   5,7  23,0   10:48   NNE
24  14,7  23,4   17:22   5,3   05:12   3,0   2,2   0,0  12,6  37,0   12:41   WSW
25  11,3  14,0   00:00   7,3   22:40   4,2   0,0   0,3  16,3  48,0   10:21    NW
26  10,8  17,2   17:37   4,7   06:08   4,8   0,0   0,0   6,1  27,0   16:21    NW
27  13,3  24,0   16:36   3,3   05:37   4,2   2,0   1,1   8,3  30,0   14:57    SW
28  16,5  25,2   17:21   8,2   04:55   1,9   2,9   0,0  13,0  31,0   09:26   SSW
29  15,0  22,7   12:46  10,3   04:37   2,0   1,5   3,0   9,1  34,0   15:55   WNW
30  15,9  24,8   17:39  10,1   05:20   1,7   2,0   0,1   4,1  18,0   14:54   WSW
----------------------------------------------------------------------------------
    11,1  26,1     8    -5,2     1   161,4  30,6   8,0   9,8  48,0    13       W

Max >=  25,0:  3
Max <=  15,0:  5
Min <=  10,0: 28
Min <= -10,0:  0
Max Rain: 3,5 on day 13
Days of Rain: 4 (>= 0,2 mm)  2 (>= 2,0 mm)  0 (>= 20,0 mm)
Heat Base: 15,5  Cool Base: 15,5  Method: Integration