Raporty NOAA



Report for 2020 Marz
´╗┐                   Monthly Climatological Summary for mar 2020

Name: Pogoda w Radlinie   City: Radlin   State: Woj. slaskie
Elevation: 283 m  Lat: N 50┬░ 02' 43"   Lon: E 018┬░ 29' 36"

                  Temperature (┬░C), Rain (mm), Wind Speed (km/h)

                                      Heat  Cool        Avg
    Mean                              Deg   Deg         Wind                 Dom
Day Temp  High   Time   Low    Time   Days  Days  Rain  Speed High   Time    Dir
----------------------------------------------------------------------------------
 1   7,8  13,2   13:43   5,0   21:45   7,7   0,0   0,0  15,7  38,0   11:34   SSW
 2   6,5  10,5   15:50   3,4   21:10   9,0   0,0   6,5  10,1  43,0   12:32    SW
 3   8,4  11,9   12:20   4,6   23:20   7,1   0,0   1,3  11,3  49,0   15:35   SSW
 4   4,5   9,2   15:30   0,7   23:53  11,0   0,0   0,0   7,0  19,0   10:18    NW
 5   4,3  12,9   16:16  -1,2   05:04  11,2   0,0   0,0  10,6  28,0   11:52     S
 6   5,9   8,3   12:51   3,2   00:10   9,6   0,0   0,6  11,8  27,0   11:28     S
 7   5,5   9,7   10:52   3,1   19:52  10,0   0,0   0,3  14,6  28,0   10:52   WNW
 8   4,9  11,8   15:41   0,2   23:54  10,6   0,0   0,1   7,8  24,0   01:17   WSW
 9   4,9  11,9   15:48  -1,4   04:38  10,6   0,0   0,0  11,4  33,0   12:38    SW
10   6,5   6,5   00:00   6,5   00:00   9,0   0,0   0,0  12,0  12,0   00:00   WSW
11   6,5   6,5   00:00   6,5   00:00   9,0   0,0   0,0  12,0  12,0   00:00   WSW
12   7,8  18,3   16:42   6,5   00:00   7,8   0,1   6,0  13,4  42,0   16:32     W
13   8,2  12,6   15:10   5,4   22:56   7,4   0,0   0,0  13,7  40,0   10:12   WNW
14   3,6   8,4   15:28  -2,6   23:21  11,9   0,0   0,0  10,2  30,0   03:51   NNW
15   3,4  16,0   15:54  -3,5   06:12  12,1   0,0   0,0   8,9  21,0   13:10    SE
16   6,3  14,1   14:08  -1,8   03:50   9,2   0,0   0,0  17,5  50,0   11:35   WSW
17  10,2  21,8   16:17   3,5   05:36   5,8   0,5   0,0   8,9  24,0   01:29   WSW
18  11,6  22,4   15:58   3,1   05:16   4,9   1,0   0,0   7,9  24,0   15:55    SW
19  12,8  21,5   15:23   6,5   04:51   3,5   0,8   0,0   8,9  22,0   07:45    SW
20  12,2  19,7   15:07   8,1   23:59   3,6   0,4   0,1   6,3  22,0   20:55   NNE
21   3,4   8,1   00:00   0,1   23:54  12,1   0,0   8,3  14,0  33,0   01:28   NNE
22  -1,0   4,3   15:38  -3,8   23:08  16,5   0,0   0,3  11,5  34,0   14:08   NNE
23  -0,6   5,1   15:53  -4,9   05:51  16,0   0,0   0,0  14,2  38,0   09:41    NE
24   0,6   7,4   15:52  -4,9   05:46  14,9   0,0   0,0  15,0  36,0   10:16   ENE
25   2,1   8,9   15:13  -3,3   05:44  13,4   0,0   0,0  15,8  42,0   08:27     E
26   5,3  13,4   14:33  -1,9   05:44  10,2   0,0   0,0   9,0  27,0   12:28   ENE
27   7,1  10,8   20:16   1,7   05:54   8,4   0,0   0,0   4,2  18,0   20:32     E
28   3,5   7,3   00:08   3,2   02:48  12,0   0,0   0,0   3,1   6,0   00:14     N
29   3,3   3,3   00:00   3,3   00:00  11,7   0,0   0,0   3,0   3,0   00:00     N
30   1,4   5,8   07:08  -3,7   08:05  14,2   0,0   0,7   8,1  31,0   13:24     N
31   0,2   4,8   12:09  -4,7   06:24  14,7   0,0   0,0   8,3  17,0   12:09   SSW
----------------------------------------------------------------------------------
     5,4  22,4    18    -4,9    23   315,1   2,8  24,2  10,4  50,0    16     WSW

Max >=  25,0:  0
Max <=  15,0: 25
Min <=  10,0: 31
Min <= -10,0:  0
Max Rain: 8,3 on day 21
Days of Rain: 8 (>= 0,2 mm)  3 (>= 2,0 mm)  0 (>= 20,0 mm)
Heat Base: 15,5  Cool Base: 15,5  Method: Integration