Raporty NOAA



Report for 2020 Lut
´╗┐                   Monthly Climatological Summary for lut 2020

Name: Pogoda w Radlinie   City: Radlin   State: Woj. slaskie
Elevation: 283 m  Lat: N 50┬░ 02' 43"   Lon: E 018┬░ 29' 36"

                  Temperature (┬░C), Rain (mm), Wind Speed (km/h)

                                      Heat  Cool        Avg
    Mean                              Deg   Deg         Wind                 Dom
Day Temp  High   Time   Low    Time   Days  Days  Rain  Speed High   Time    Dir
----------------------------------------------------------------------------------
 1  10,5  14,4   14:23   7,3   07:32   5,0   0,0   0,2  20,6  45,0   11:39   SSW
 2   7,9  11,1   00:00   5,6   07:43   7,6   0,0   2,8  14,0  36,0   12:11     W
 3   6,8   8,9   13:55   4,9   02:53   8,7   0,0   1,1  11,7  34,0   11:36   WNW
 4   3,9   6,4   03:43   1,1   18:54  11,6   0,0   7,1  20,1  36,0   14:08     W
 5   1,0   3,9   12:39  -1,5   22:40  14,4   0,0   0,4  17,3  46,0   11:34   NNW
 6   0,3   2,3   13:21  -2,1   03:57  15,1   0,0   0,8   9,5  21,0   00:50   WNW
 7   1,8   4,3   11:44  -2,6   23:54  13,7   0,0   1,3   8,3  23,0   04:56     N
 8   0,8   6,6   15:24  -4,3   06:09  14,8   0,0   0,0  11,9  26,0   11:39   SSW
 9   3,3   8,7   15:09  -0,7   02:39  12,2   0,0   0,1  19,1  38,0   23:35   SSW
10   6,5  11,6   09:41   3,1   23:48   9,0   0,0   1,4  24,0  62,0   14:50   WSW
11   4,0   6,9   14:49   1,3   08:22  11,5   0,0   1,7  20,5  50,0   04:49     W
12   2,4   5,6   12:37   0,8   19:46  13,1   0,0   0,0  19,4  46,0   14:52     W
13   2,7   7,1   12:41  -2,1   20:30  12,8   0,0   0,0  15,6  37,0   13:36   SSW
14   5,3   9,1   17:16   4,0   23:07  10,2   0,0   2,1  12,9  18,0   14:21   ESE
15   5,8  10,7   14:23   2,7   08:17   9,8   0,0   0,1  11,0  26,0   21:25    SW
16   7,6  13,4   14:31   3,1   01:15   7,9   0,0   0,1  18,6  48,0   11:37   SSW
17  10,4  15,3   12:17   7,8   03:46   5,1   0,0   0,0  16,9  44,0   05:23    SW
18   7,9  11,8   14:48   3,9   23:55   7,6   0,0   0,0  15,7  40,0   10:57     W
19   5,0  10,4   12:31   0,9   20:33  10,5   0,0   2,1  17,0  44,0   13:32   WSW
20   3,6  10,7   15:48   0,5   23:15  11,9   0,0   2,4   8,2  24,0   06:33   SSW
21   3,7   6,6   14:15   0,6   00:09  11,8   0,0   1,5  15,0  44,0   11:35   WNW
22   5,2  12,4   20:15   1,1   00:00  10,3   0,0   0,1  17,9  55,0   19:26    SW
23   8,7  11,9   22:11   6,1   08:45   6,8   0,0  10,2  21,2  70,0   22:14   WNW
24   3,9   8,1   00:19  -0,4   06:32  11,6   0,0   0,0  21,0  58,0   02:35   WNW
25   7,6   9,9   15:39   5,3   00:50   7,9   0,0   7,4  15,3  44,0   02:40    SW
26   5,6   8,3   13:13   1,9   21:42   9,9   0,0   0,6  14,9  31,0   14:40     W
27   2,4   6,9   13:24   0,0   02:48  13,1   0,0   0,4   8,3  27,0   13:57   WSW
28   1,8   6,4   14:09   0,2   06:46  13,7   0,0   0,9  11,0  37,0   15:24   NNW
29   3,9   7,9   11:39  -0,7   02:43  11,6   0,0   0,1  18,1  54,0   11:24     S
----------------------------------------------------------------------------------
     4,8  15,3    17    -4,3     8   309,2   0,0  44,9  16,0  70,0    23     WSW

Max >=  25,0:  0
Max <=  15,0: 28
Min <=  10,0: 29
Min <= -10,0:  0
Max Rain: 10,2 on day 23
Days of Rain: 18 (>= 0,2 mm)  7 (>= 2,0 mm)  0 (>= 20,0 mm)
Heat Base: 15,5  Cool Base: 15,5  Method: Integration