Raporty NOAA



Report for 2020 Sty
´╗┐                   Monthly Climatological Summary for sty 2020

Name: Pogoda w Radlinie   City: Radlin   State: Woj. slaskie
Elevation: 283 m  Lat: N 50┬░ 02' 43"   Lon: E 018┬░ 29' 36"

                  Temperature (┬░C), Rain (mm), Wind Speed (km/h)

                                      Heat  Cool        Avg
    Mean                              Deg   Deg         Wind                 Dom
Day Temp  High   Time   Low    Time   Days  Days  Rain  Speed High   Time    Dir
----------------------------------------------------------------------------------
 1   2,2   4,2   00:18  -0,5   23:37  13,3   0,0   0,0   8,9  27,0   21:58   WSW
 2   0,9   5,5   14:59  -2,6   06:23  14,6   0,0   0,0  17,4  28,0   17:59     S
 3   1,2   4,4   12:36  -0,7   02:55  14,3   0,0   0,0  21,8  51,0   20:37   SSW
 4   2,7   5,4   13:07  -0,4   00:26  12,8   0,0   2,2  17,4  39,0   00:00     W
 5  -0,2   1,6   13:57  -3,1   22:35  15,7   0,0   0,5  14,3  39,0   03:33    NW
 6  -1,3   1,9   13:31  -3,7   03:53  16,8   0,0   0,0  12,3  26,0   09:48   SSW
 7  -0,8   3,1   14:23  -5,0   04:10  16,3   0,0   0,1  14,6  97,0   12:37     S
 8   2,3   5,0   14:21   0,0   00:44  13,2   0,0   1,0  21,6  44,0   14:27   SSW
 9   3,7   5,9   14:25   1,6   02:57  11,8   0,0   2,1  20,2  38,0   23:25   SSW
10   3,6   5,4   10:51  -0,9   18:17  11,9   0,0   0,0  21,2  43,0   09:12   SSW
11   3,0   4,6   14:17  -2,7   21:10  12,5   0,0   0,7   9,8  30,0   10:33   WNW
12   2,9   5,4   15:21   1,3   08:12  12,6   0,0   0,0  22,8  50,0   20:54   SSW
13   2,7   4,4   12:49   1,3   07:07  12,8   0,0   0,0  17,4  37,0   01:33   SSW
14   0,2   2,3   13:13  -1,9   22:34  15,3   0,0   0,0  21,3  48,0   18:32   SSW
15   1,2   5,1   14:38  -1,6   07:07  14,3   0,0   0,0  23,9  44,0   09:37   SSW
16   0,8   3,9   00:00  -2,0   23:49  14,7   0,0   0,0  15,9  42,0   02:19     S
17  -0,6   2,1   22:25  -2,5   00:35  16,1   0,0   0,0   4,4  30,0   22:58   SSE
18   0,6   1,7   14:11   0,3   17:49  14,4   0,0   2,3   8,3  24,0   00:26     S
19   1,8   3,2   13:41   0,4   00:34  13,7   0,0   4,3   6,5  21,0   16:18   NNW
20   1,9   3,7   13:17   0,8   08:16  13,6   0,0   0,0   5,5  16,0   00:53   NNW
21   0,5   3,0   14:00  -2,2   07:20  15,0   0,0   0,0  14,4  37,0   22:25    SW
22  -0,8   1,8   21:38  -2,9   04:51  16,3   0,0   0,4  16,1  42,0   06:35    SW
23   1,3   6,6   15:29  -2,4   23:54  14,2   0,0   0,1   7,3  19,0   02:10     W
24  -0,9   3,5   11:39  -3,9   06:14  16,4   0,0   0,0  17,2  42,0   13:37   WSW
25  -1,3   1,1   13:48  -2,9   04:33  16,8   0,0   0,0  14,0  32,0   02:19   SSW
26  -1,2   0,3   14:53  -2,0   03:45  16,7   0,0   0,0  16,1  34,0   03:34   SSW
27  -0,2   3,5   12:54  -2,0   02:20  15,7   0,0   0,0  18,2  32,0   02:14     S
28   2,0   5,5   14:27  -1,4   02:13  13,5   0,0   0,5  12,3  32,0   20:54   SSW
29   2,2   5,5   12:19   0,0   08:23  13,3   0,0   0,1  17,3  39,0   12:19   WSW
30   3,3   7,4   14:53   1,0   04:14  12,2   0,0   0,7  16,8  40,0   11:17   WSW
31   7,0  11,1   15:07   3,4   01:11   8,5   0,0   2,5  16,6  46,0   05:30    SW
----------------------------------------------------------------------------------
     1,3  11,1    31    -5,0     7   439,3   0,0  17,5  15,3  97,0     7     SSW

Max >=  25,0:  0
Max <=  15,0: 31
Min <=  10,0: 31
Min <= -10,0:  0
Max Rain: 4,3 on day 19
Days of Rain: 11 (>= 0,2 mm)  5 (>= 2,0 mm)  0 (>= 20,0 mm)
Heat Base: 15,5  Cool Base: 15,5  Method: Integration