Raporty NOAA


Wybierz miesiac lub rok

Report for 2020
´╗┐                   Annual Climatological Summary for 2020

Name: Pogoda w Radlinie   City: Radlin   State: Woj. slaskie
Elevation: 283 m  Lat: N 50┬░ 02' 43"   Lon: E 018┬░ 29' 36"

                  Temperature (┬░C), Heat Base: 15,5  Cool Base: 15,5
                          Dep.  Heat  Cool                       Max  Max  Min  Min
        Mean  Mean        From  Deg   Deg                        >=   <=   <=   <=
 YR MO  Max   Min   Mean  Norm  Days  Days  Hi  Date  Low  Date 25,0 15,0 10,0 -10,0
------------------------------------------------------------------------------------
 20  1   4,1  -1,2   1,3   3,4   439     0  11,1  31  -5,0    7    0   31   31    0
 20  2   8,9   1,6   4,8   5,8   309     0  15,3  17  -4,3    8    0   28   29    0
 20  3  11,2   1,2   5,4   2,4   315     2  22,4  18  -4,9   23    0   25   31    0
 20  4  20,1   3,3  11,1   3,4   161    30  26,1   8  -5,2    1    3    5   28    0
 20  5  19,5   6,0  12,3  -1,0   131    31  27,6   9  -1,4   22    6    6   30    0
 20  6  22,6  13,7  17,6   1,5    20    78  33,9  13   8,8    2   11    3    3    0
 20  7  27,4  13,7  19,5   1,5    19   144  34,9  28   8,1   12   21    0    3    0
 20  8  27,2  13,8  19,8   3,0     1    31  34,4   7  11,7    1    6    0    0    0
 20  9
 20 10
 20 11
 20 12
------------------------------------------------------------------------------------
        17,6   6,5  11,5   2,5  1398   319  34,9 lip  -5,2  kwi   47   98  155    0

                                Precipitation (mm)

              Dep.   Max        Days of Rain
              From   Obs.           >=
 YR MO Total  Norm   Day Date  0,2  2,0 20,0
---------------------------------------------
 20  1  17,5 -16,5   4,3  19    11    5    0
 20  2  44,9  18,9  10,2  23    18    7    0
 20  3  24,2 -24,8   8,3  21     8    3    0
 20  4   8,0 -37,0   3,5  13     4    2    0
 20  5 103,4 -39,6  20,3  31    17   11    1
 20  6 120,0  27,0  37,0  26    18   10    1
 20  7  49,5-129,5  14,3  11    10    7    0
 20  8  24,0 -90,0  21,7   4     3    1    1
 20  9
 20 10
 20 11
 20 12
---------------------------------------------
       391,5-291,5  37,0  cze   89   46    3

                                Wind Speed (km/h)
                          Dom
 YR MO   Avg.  Hi   Date  Dir
------------------------------
 20  1  15,3  97,0    7   SSW
 20  2  16,0  70,0   23   WSW
 20  3  10,4  50,0   16     W
 20  4   9,8  48,0   13   WNW
 20  5   8,7  53,0   24    NW
 20  6   8,1  39,0    1    NW
 20  7   7,1  85,0   16     W
 20  8   6,4  24,0    3     N
 20  9
 20 10
 20 11
 20 12
------------------------------
        10,2  97,0  sty     W