Raporty NOAA


Wybierz miesiac lub rok

Report for 2019 Gru
´╗┐                   Monthly Climatological Summary for gru 2019

Name: Pogoda w Radlinie   City: Radlin   State: Woj. slaskie
Elevation: 283 m  Lat: N 50┬░ 02' 43"   Lon: E 018┬░ 29' 36"

                  Temperature (┬░C), Rain (mm), Wind Speed (km/h)

                                      Heat  Cool        Avg
    Mean                              Deg   Deg         Wind                 Dom
Day Temp  High   Time   Low    Time   Days  Days  Rain  Speed High   Time    Dir
----------------------------------------------------------------------------------
 1   0,9   5,5   12:50  -1,1   05:49  14,6   0,0   0,0   7,4  19,0   04:49    SE
 2   1,6   3,4   12:14   0,2   01:50  13,9   0,0   0,0   8,2  24,0   11:37    SW
 3  -0,1   2,8   13:19  -3,2   20:07  15,6   0,0   1,2   9,0  23,0   03:35     W
 4  -0,1   3,6   11:53  -3,0   00:00  15,6   0,0   0,0  15,7  36,0   11:28   SSE
 5  -1,0   2,3   12:25  -2,4   02:19  16,5   0,0   0,0  20,6  55,0   23:29     S
 6  -1,0   0,7   12:21  -2,3   01:38  16,5   0,0   0,0  32,1  59,0   00:44     S
 7   1,9   5,4   12:27  -2,2   01:50  13,6   0,0   0,4  21,5  42,0   00:30     S
 8   5,7   9,0   13:26   2,3   06:18   9,8   0,0   0,0  20,1  49,0   18:58   SSE
 9   5,6   7,5   12:19   3,7   23:55   9,9   0,0   0,2  15,4  34,0   01:39     S
10   2,4   5,8   11:23  -3,4   23:55  13,2   0,0   0,4  11,0  37,0   11:54     W
11  -2,6   3,0   13:29  -5,7   08:09  18,1   0,0   0,1   4,2  16,0   12:30    SE
12  -0,3   4,6   12:38  -4,1   02:33  15,7   0,0   0,1   8,0  37,0   11:28   SSE
13   2,6   5,7   11:49   0,0   03:49  12,9   0,0   0,3  12,6  24,0   19:14    SE
14   4,8   8,2   12:08   1,6   03:47  10,7   0,0   0,0  17,8  54,0   14:57   SSE
15   7,5  11,8   14:49   4,4   05:42   8,0   0,0   0,0  17,4  40,0   14:57     S
16   7,3  11,2   12:44   4,3   20:55   8,2   0,0   0,0   9,6  32,0   00:37     S
17   7,6  10,7   16:38   4,5   03:27   7,9   0,0   0,0   9,5  24,0   16:22   SSE
18  10,3  14,6   12:35   5,1   23:53   5,2   0,0   0,0  11,5  30,0   10:37     S
19   8,0  13,1   21:41   2,0   07:32   7,5   0,0   0,0   8,3  40,0   20:53    SE
20  12,7  16,4   13:22   9,5   06:28   2,9   0,1   0,0  19,7  43,0   14:14     S
21   9,9  12,6   00:51   7,3   19:08   5,6   0,0  13,0  12,6  38,0   09:40   SSW
22   6,8   7,4   00:00   2,8   15:31   8,8   0,0   0,0   3,1   9,0   15:32     N
23   5,1   6,3   20:09   4,2   08:34  10,4   0,0  16,2  12,1  39,0   22:13   NNW
24   5,2   6,8   12:47   4,3   17:07  10,3   0,0   0,0  13,1  38,0   00:40    NW
25   4,2   5,8   15:13   2,9   22:32  11,3   0,0   4,1  11,0  51,0   10:30     W
26   3,0   4,4   11:06   1,9   02:58  12,5   0,0   2,6   9,7  27,0   11:18    NW
27   2,1   2,7   00:00   0,9   23:53  13,4   0,0   2,7  13,6  28,0   23:59    NW
28  -0,2   1,3   02:26  -1,0   04:25  15,7   0,0   0,0  15,6  36,0   02:12   NNW
29  -1,1   0,2   11:29  -4,4   23:33  16,6   0,0   0,0   8,3  32,0   00:33   NNW
30  -0,2   2,5   15:19  -4,4   00:00  15,7   0,0   0,0  20,8  42,0   22:53     S
31   3,1   5,6   13:38   0,4   05:33  12,4   0,0   0,0  19,9  48,0   02:27    SW
----------------------------------------------------------------------------------
     3,6  16,4    20    -5,7    11   369,0   0,1  41,3  13,6  59,0     6       S

Max >=  25,0:  0
Max <=  15,0: 30
Min <=  10,0: 31
Min <= -10,0:  0
Max Rain: 16,2 on day 23
Days of Rain: 10 (>= 0,2 mm)  5 (>= 2,0 mm)  0 (>= 20,0 mm)
Heat Base: 15,5  Cool Base: 15,5  Method: Integration