Raporty NOAA



Report for 2019 Lis
´╗┐                   Monthly Climatological Summary for lis 2019

Name: Pogoda w Radlinie   City: Radlin   State: Woj. slaskie
Elevation: 283 m  Lat: N 50┬░ 02' 43"   Lon: E 018┬░ 29' 36"

                  Temperature (┬░C), Rain (mm), Wind Speed (km/h)

                                      Heat  Cool        Avg
    Mean                              Deg   Deg         Wind                 Dom
Day Temp  High   Time   Low    Time   Days  Days  Rain  Speed High   Time    Dir
----------------------------------------------------------------------------------
 1   2,5  12,3   14:50  -4,5   06:21  13,0   0,0   0,0   5,3  26,0   22:46    SE
 2   7,7  10,3   12:26   5,1   04:57   7,8   0,0   2,2  11,0  27,0   12:37   SSE
 3  12,5  18,5   13:13   4,9   01:30   3,5   0,5   0,1   9,5  33,0   13:13    SE
 4  13,0  16,7   04:39   8,9   23:10   2,7   0,1   0,1  14,0  37,0   04:10     S
 5   9,8  11,5   10:26   7,5   23:45   5,7   0,0   4,2   8,8  32,0   02:15     S
 6   8,6  12,6   12:58   6,6   03:34   6,9   0,0   0,1   9,5  26,0   13:33   SSE
 7   8,2  14,4   15:10   4,8   22:20   7,4   0,0   0,1   5,3  21,0   02:48    SE
 8   7,9  15,6   12:26   4,4   21:15   7,7   0,0   0,0  10,8  23,0   11:31   ENE
 9   7,9  13,6   12:59   4,7   04:39   7,5   0,0   0,1  11,1  27,0   16:47   SSE
10   5,2   7,3   13:39   2,4   06:09  10,3   0,0   5,7   1,7  13,0   00:23    NW
11   6,2  11,7   14:38   3,4   22:53   9,3   0,0   0,1   6,4  17,0   12:34   ESE
12   7,6  11,9   13:07   3,6   07:48   7,9   0,0   6,0   2,5  12,0   00:45    NE
13   5,4   8,9   13:10   2,6   23:43  10,1   0,0   7,7   6,4  24,0   14:26   WNW
14   4,7   7,8   11:21   1,7   06:16  10,8   0,0   0,1   8,3  27,0   19:14   ENE
15   8,0  12,1   12:41   5,0   10:11   7,5   0,0   0,0   9,9  19,0   05:56   ENE
16  12,4  17,5   13:53   7,4   22:07   3,3   0,2   0,0  10,4  45,0   13:16   ESE
17  12,2  19,0   14:44   7,8   07:45   3,7   0,4   0,6  10,0  31,0   12:40   ENE
18  11,4  15,1   13:39   4,9   23:46   4,1   0,0   0,1   8,4  39,0   16:40    SE
19   9,0  15,1   13:16   4,6   02:15   6,5   0,0   0,0   7,6  23,0   17:24     E
20   7,9  13,5   12:57   3,8   05:28   7,6   0,0   0,0   6,5  19,0   13:45    NE
21   8,5  10,3   16:48   6,7   07:15   7,0   0,0   2,2   7,4  19,0   12:34   ENE
22   6,4   9,3   00:00   2,2   23:45   9,1   0,0   0,0   9,9  19,0   20:33   ENE
23   4,0   9,1   14:16   0,3   06:10  11,5   0,0   0,0  10,6  28,0   13:48   ENE
24   5,7  13,1   12:56   1,3   23:58   9,8   0,0   0,0   9,6  26,0   07:32     E
25   3,2   7,2   15:09  -0,2   02:53  12,3   0,0   0,0   3,8  24,0   21:44   ENE
26   4,7   7,9   16:11   1,0   01:44  10,7   0,0   0,0   5,1  18,0   15:50    SE
27   8,5  12,5   11:39   5,1   04:31   7,0   0,0   0,0  11,8  32,0   23:58   SSE
28   7,5  11,0   14:31   5,3   02:35   8,0   0,0   0,0  16,8  31,0   00:44   SSE
29   7,0   9,0   13:58   3,7   19:10   8,5   0,0   4,8  16,4  33,0   23:12   SSW
30   1,2   4,7   14:13  -2,7   21:36  14,3   0,0   0,0  11,1  40,0   00:15     W
----------------------------------------------------------------------------------
     7,5  19,0    17    -4,5     1   241,5   1,2  34,2   8,8  45,0    16      SE

Max >=  25,0:  0
Max <=  15,0: 23
Min <=  10,0: 30
Min <= -10,0:  0
Max Rain: 7,7 on day 13
Days of Rain: 8 (>= 0,2 mm)  7 (>= 2,0 mm)  0 (>= 20,0 mm)
Heat Base: 15,5  Cool Base: 15,5  Method: Integration