Raporty NOAA



Report for 2019 Paz
´╗┐                   Monthly Climatological Summary for pa┼║ 2019

Name: Pogoda w Radlinie   City: Radlin   State: Woj. slaskie
Elevation: 283 m  Lat: N 50┬░ 02' 43"   Lon: E 018┬░ 29' 36"

                  Temperature (┬░C), Rain (mm), Wind Speed (km/h)

                                      Heat  Cool        Avg
    Mean                              Deg   Deg         Wind                 Dom
Day Temp  High   Time   Low    Time   Days  Days  Rain  Speed High   Time    Dir
----------------------------------------------------------------------------------
 1  15,2  21,0   15:53   9,3   05:20   1,9   1,6   0,0  13,4  48,0   14:20     S
 2  14,8  18,8   09:08   8,3   23:57   1,6   0,9   8,8   9,6  31,0   11:38   SSW
 3   9,0  13,1   16:18   6,1   07:19   6,5   0,0   2,4   6,3  22,0   11:22    SW
 4  10,0  13,8   14:28   6,8   01:36   5,5   0,0   0,0   4,7  18,0   11:16     S
 5   8,2  10,4   13:44   6,5   23:14   7,3   0,0   9,3   7,4  21,0   08:08    NE
 6   5,8  12,5   16:15   0,3   23:46   9,7   0,0   0,1   5,2  19,0   15:19   WNW
 7   3,8  13,0   16:16  -2,0   06:48  11,7   0,0   0,0   3,3  16,0   10:14   NNE
 8   6,3  13,1   14:20  -0,1   05:20   9,2   0,0   1,8  15,5  40,0   12:43   SSE
 9  11,3  14,5   13:20   9,1   06:48   4,2   0,0  10,1  13,5  31,0   03:31     S
10  10,9  15,8   14:49   7,3   22:47   4,6   0,0   7,4  15,9  40,0   12:14     S
11  11,0  15,7   12:58   6,5   06:05   4,5   0,0   0,0  16,0  48,0   15:19     S
12  14,9  21,6   16:20  10,5   00:23   1,9   1,2   0,0  16,2  36,0   13:05     S
13  16,0  24,6   16:12  10,4   07:09   1,5   1,9   0,0  13,2  31,0   00:11     S
14  16,5  25,8   16:12  11,2   07:10   1,4   2,4   0,0   9,0  26,0   10:39   SSE
15  16,9  26,6   16:07   9,1   06:53   1,7   3,2   0,0   7,2  31,0   22:51    SE
16  14,8  17,5   15:29  10,1   21:57   1,2   0,5   0,0  13,8  40,0   08:18     S
17  12,9  21,1   15:09   6,6   07:33   3,7   1,1   0,0   8,3  24,0   13:33   SSE
18  13,3  22,1   16:07   7,3   07:07   3,4   1,1   0,0   7,3  27,0   12:28     S
19  13,6  21,6   14:50   9,3   06:20   2,9   1,0   0,0  11,2  22,0   02:59   SSE
20  14,6  24,9   16:11   8,0   07:22   2,9   2,0   0,0   6,7  21,0   12:24   SSE
21  16,4  26,2   15:56   9,6   06:54   1,5   2,4   0,0   6,6  24,0   11:46   SSE
22  15,1  24,7   15:52  10,1   07:19   2,1   1,7   0,0   2,5   9,0   00:23   SSE
23  13,0  21,0   16:09  10,2   05:07   3,0   0,5   0,0   2,0  12,0   15:56    NE
24  15,1  30,1   16:21   7,0   07:23   3,1   2,7   0,1   2,9  11,0   18:12    SE
25  14,3  21,8   13:41   8,1   04:57   2,5   1,3   0,0   4,6  18,0   15:43    SW
26  13,8  22,5   15:52   7,4   07:08   2,9   1,2   0,0   9,9  28,0   19:36   SSE
27  15,4  23,0   15:14  10,6   23:53   1,5   1,5   0,0  16,2  37,0   05:26     S
28   7,9  15,2   15:10   3,3   23:58   7,6   0,0   2,5   4,8  21,0   03:07     W
29   5,6  10,1   12:53   1,5   01:57   9,9   0,0   0,0   4,2  23,0   19:19     W
30   3,5   9,4   14:50  -1,3   22:18  12,0   0,0   0,0   3,2  18,0   12:36   NNW
31   0,8   7,8   15:12  -2,1   23:11  14,7   0,0   0,0   2,2  10,0   12:56   ENE
----------------------------------------------------------------------------------
    11,6  30,1    24    -2,1    31   148,1  28,2  42,5   8,1  48,0     1       S

Max >=  25,0:  4
Max <=  15,0: 10
Min <=  10,0: 24
Min <= -10,0:  0
Max Rain: 10,1 on day 9
Days of Rain: 7 (>= 0,2 mm)  6 (>= 2,0 mm)  0 (>= 20,0 mm)
Heat Base: 15,5  Cool Base: 15,5  Method: Integration