Raporty NOAA



Report for 2019 Wrz
´╗┐                   Monthly Climatological Summary for wrz 2019

Name: Pogoda w Radlinie   City: Radlin   State: Woj. slaskie
Elevation: 283 m  Lat: N 50┬░ 02' 43"   Lon: E 018┬░ 29' 36"

                  Temperature (┬░C), Rain (mm), Wind Speed (km/h)

                                      Heat  Cool        Avg
    Mean                              Deg   Deg         Wind                 Dom
Day Temp  High   Time   Low    Time   Days  Days  Rain  Speed High   Time    Dir
----------------------------------------------------------------------------------
 1  24,7  32,7   16:44  18,2   03:47   0,0   9,2   0,0   6,2  24,0   14:24   SSE
 2  16,6  21,5   01:14  12,3   22:47   0,8   2,0  18,3   6,3  31,0   14:26   WNW
 3  15,4  22,6   16:59  12,2   06:15   1,6   1,5   2,5   4,0  17,0   13:37     W
 4  17,3  27,1   17:55  10,8   05:07   1,4   3,2   0,0   6,4  17,0   12:43     S
 5  18,4  26,2   16:04  10,8   06:18   1,0   3,8   0,0   7,5  26,0   10:41   SSW
 6  16,7  21,4   14:28  14,2   07:40   0,3   1,5   0,1   4,4  21,0   13:37    NW
 7  15,6  20,2   14:13  12,9   06:13   0,8   1,0   4,9   3,0  13,0   14:15   WNW
 8  14,8  18,2   16:31  13,0   23:50   1,2   0,5   6,7   3,0  11,0   01:54   WNW
 9  15,0  22,0   15:11  12,9   23:52   1,0   0,5  21,0   8,3  36,0   07:53    SE
10  15,6  23,8   17:29  11,3   05:24   1,5   1,6   0,0  11,8  32,0   04:10   SSW
11  16,6  27,1   17:31   9,8   05:56   1,7   2,9   0,0   3,8  15,0   11:29    SE
12  17,7  26,6   17:25  12,1   04:07   1,0   3,2   0,0   5,4  18,0   16:48    SW
13  18,4  24,2   14:48  14,0   04:26   0,4   3,2   0,0   6,7  22,0   14:46    SW
14  14,7  22,5   16:53   9,1   23:43   1,8   1,0   0,0   1,4  27,0   00:05    NW
15  14,7  24,3   16:46   6,2   06:21   2,9   2,1   0,0  10,8  28,0   13:15   SSW
16  16,0  21,1   11:58  12,5   06:11   0,9   1,4   3,0   4,7  21,0   00:07   WSW
17  13,6  18,4   17:09   9,2   23:07   2,3   0,4   1,6   8,1  39,0   22:19     W
18  11,4  17,9   16:51   7,7   05:47   4,2   0,1   0,0  12,0  37,0   02:17     W
19   9,6  13,6   14:18   6,4   05:52   5,9   0,0   0,4   7,2  28,0   09:39     W
20   9,6  17,0   17:07   4,2   06:08   6,0   0,1   0,0   5,8  22,0   12:37     W
21  11,9  21,2   16:49   5,2   06:18   4,3   0,8   0,0   8,5  26,0   12:55     S
22  13,9  25,8   17:07   7,5   05:36   3,3   1,7   0,0   5,2  16,0   14:09   SSE
23  14,5  21,5   15:15   9,2   02:27   2,4   1,3   0,0   4,7  18,0   12:55     E
24  13,0  21,0   16:20   9,9   05:16   2,9   0,5   0,0   6,8  17,0   01:36   ENE
25  14,3  18,3   12:29  10,3   00:28   1,8   0,6   0,4   7,3  24,0   12:36   SSW
26  14,9  20,0   16:09  11,6   07:07   1,6   1,0   0,0   5,8  16,0   00:47    SW
27  14,6  20,2   13:59   6,5   06:42   2,0   1,1   0,0   8,5  26,0   15:37     S
28  15,7  18,3   12:00  13,5   23:32   0,3   0,5   1,2  11,4  28,0   11:40   SSW
29  15,9  22,9   16:47  11,6   06:52   1,0   1,4   0,0  12,6  39,0   16:44   SSW
30  16,8  20,8   12:28  11,8   23:54   0,4   1,7   0,4  21,8  59,0   13:09    SW
----------------------------------------------------------------------------------
    15,3  32,7     1     4,2    20    56,7  49,8  60,5   7,4  59,0    30      SW

Max >=  25,0:  6
Max <=  15,0:  1
Min <=  10,0: 12
Min <= -10,0:  0
Max Rain: 21,0 on day 9
Days of Rain: 11 (>= 0,2 mm)  6 (>= 2,0 mm)  1 (>= 20,0 mm)
Heat Base: 15,5  Cool Base: 15,5  Method: Integration