Raporty NOAA


Wybierz miesiac lub rok

Report for 2019 Sie
´╗┐                   Monthly Climatological Summary for sie 2019

Name: Pogoda w Radlinie   City: Radlin   State: Woj. slaskie
Elevation: 283 m  Lat: N 50┬░ 02' 43"   Lon: E 018┬░ 29' 36"

                  Temperature (┬░C), Rain (mm), Wind Speed (km/h)

                                      Heat  Cool        Avg
    Mean                              Deg   Deg         Wind                 Dom
Day Temp  High   Time   Low    Time   Days  Days  Rain  Speed High   Time    Dir
----------------------------------------------------------------------------------
 1  22,4  28,4   16:42  18,3   23:59   0,0   6,9   0,0   7,2  22,0   16:57   WNW
 2  21,2  27,5   17:15  14,9   05:18   0,0   5,7   0,0   3,8  18,0   15:09   WNW
 3  19,0  24,7   16:14  14,6   04:09   0,1   3,6   5,3   5,0  24,0   15:34   WNW
 4  19,5  27,8   16:43  13,2   02:26   0,4   4,4   0,0   6,3  33,0   15:15     W
 5  20,6  27,7   13:44  14,0   05:53   0,1   5,2   1,2   7,6  24,0   21:23   SSW
 6  22,5  29,9   17:26  15,6   05:28   0,0   7,0   0,1   8,7  48,0   09:56   SSW
 7  23,5  29,6   16:34  18,3   23:58   0,0   8,0   8,1   9,3  43,0   20:58    SW
 8  21,8  29,1   17:43  15,8   05:52   0,0   6,3   7,4   7,4  24,0   10:26   WSW
 9  23,0  30,9   17:24  16,1   06:07   0,0   7,5   0,0   6,1  18,0   15:21    SW
10  23,3  30,7   13:23  17,6   03:17   0,0   7,8   6,2   9,4  40,0   10:59    SW
11  22,9  31,7   17:54  16,5   06:08   0,0   7,4   0,2   6,0  17,0   22:22     S
12  22,8  29,9   15:19  17,1   22:06   0,0   7,3   0,9   7,3  28,0   20:41     W
13  20,0  28,3   17:34  16,0   01:12   0,0   4,5  12,7   3,9  24,0   01:10   WNW
14  17,8  25,6   17:59  13,8   23:55   0,2   2,5   3,1   4,8  21,0   02:28    NW
15  18,2  27,2   17:42  10,8   05:09   1,2   3,9   0,0   5,2  18,0   14:26     S
16  18,0  23,8   16:59  13,9   23:51   0,1   2,7   0,3   5,0  27,0   17:11   WSW
17  19,1  27,0   16:55  12,0   04:56   0,8   4,4   0,1   6,3  24,0   15:57     S
18  23,3  32,1   17:34  17,6   04:50   0,0   7,8   0,0   9,2  31,0   11:34   SSW
19  23,9  30,2   15:26  18,4   06:22   0,0   8,4   0,0   6,1  28,0   17:42   WSW
20  21,9  27,1   16:38  17,7   05:37   0,0   6,4   2,6   7,1  23,0   20:17   ENE
21  16,6  20,7   00:00  15,0   08:09   0,0   1,1   6,4   6,6  26,0   02:15   WNW
22  17,5  23,2   15:23  12,3   05:33   0,7   2,8   0,0  10,2  40,0   12:39    NE
----------------------------------------------------------------------------------
    20,9  32,1    18    10,8    15     3,6 121,6  54,6   6,8  48,0     6     WSW

Max >=  25,0: 18
Max <=  15,0:  0
Min <=  10,0:  0
Min <= -10,0:  0
Max Rain: 12,7 on day 13
Days of Rain: 12 (>= 0,2 mm)  8 (>= 2,0 mm)  0 (>= 20,0 mm)
Heat Base: 15,5  Cool Base: 15,5  Method: Integration