Raporty NOAA



Report for 2019 Lip
´╗┐                   Monthly Climatological Summary for lip 2019

Name: Pogoda w Radlinie   City: Radlin   State: Woj. slaskie
Elevation: 283 m  Lat: N 50┬░ 02' 43"   Lon: E 018┬░ 29' 36"

                  Temperature (┬░C), Rain (mm), Wind Speed (km/h)

                                      Heat  Cool        Avg
    Mean                              Deg   Deg         Wind                 Dom
Day Temp  High   Time   Low    Time   Days  Days  Rain  Speed High   Time    Dir
----------------------------------------------------------------------------------
 1  26,4  35,5   14:10  19,5   23:28   0,0  10,9   2,8  13,8  65,0   17:14   SSW
 2  21,7  27,2   16:10  16,3   23:07   0,0   6,2   1,0   7,3  18,0   08:08     W
 3  18,8  27,4   18:22  11,9   05:07   0,5   3,8   0,0   7,5  27,0   14:10   WNW
 4  18,9  29,5   18:40   9,7   05:07   1,2   4,6   0,0   4,4  22,0   14:16     W
 5  18,0  24,7   16:42  11,7   04:45   0,8   3,3   0,0   5,0  18,0   14:29   WSW
 6  23,1  31,6   19:19  14,2   05:34   0,1   7,6   0,0   8,2  38,0   15:30    SW
 7  18,8  23,7   08:36  13,4   23:58   0,1   3,4   0,0   7,2  30,0   11:30   WNW
 8  15,7  21,5   15:25  10,4   23:58   1,4   1,6   0,0   8,2  23,0   11:58   WNW
 9  15,8  22,3   15:33   9,3   01:40   1,7   2,0   0,0   9,0  32,0   13:33     W
10  16,4  22,4   18:31  11,3   05:54   1,0   1,9   0,0  11,1  33,0   14:08   WNW
11  18,0  26,5   17:52  12,3   00:56   0,8   3,3   0,0   7,7  28,0   15:35    NW
12  18,9  26,0   11:07  10,9   04:35   1,0   4,4   0,0  11,1  36,0   14:25   SSW
13  18,0  23,5   11:43  15,4   03:46   0,0   2,4   2,8   6,1  23,0   16:39     W
14  16,5  22,3   16:48  13,0   22:23   0,4   1,5   4,3   6,8  27,0   17:30    NW
15  18,7  28,2   17:54  11,4   05:24   1,0   4,2   0,0   5,8  22,0   03:58    NW
16  18,0  23,8   17:59  12,9   05:07   0,5   3,0   0,0   7,9  28,0   15:26   WNW
17  18,9  26,3   16:28  13,0   04:59   0,4   3,8   0,0   8,3  30,0   12:13   WNW
18  19,8  29,4   18:08  11,2   04:42   0,7   5,0   0,0   3,0  16,0   13:19   WNW
19  20,0  29,0   12:06  13,7   05:20   0,2   4,7   1,4   7,4  23,0   12:10     S
20  23,3  32,8   17:59  16,3   04:58   0,0   7,8   0,0   5,1  19,0   17:38     S
21  21,9  30,5   11:58  17,7   14:26   0,0   6,4   9,4   7,1  56,0   13:10    SW
22  22,2  28,5   16:35  15,8   05:18   0,0   6,7   0,0   4,8  19,0   17:54     W
23  20,1  26,1   17:40  17,4   07:07   0,0   4,6   0,0   4,6  17,0   08:48    NW
24  23,3  30,8   15:56  16,9   05:07   0,0   7,8   1,4   4,6  18,0   13:42    NW
25  24,4  34,4   18:07  15,9   05:20   0,0   8,9   0,0   3,8  13,0   10:57   ESE
26  24,8  33,3   17:42  17,2   05:40   0,0   9,3   0,0   6,9  23,0   16:56    NW
27  22,5  29,2   18:19  15,6   05:52   0,0   7,0   0,0   6,9  24,0   15:11   SSW
28  24,7  34,3   17:47  17,3   02:43   0,0   9,2   1,4   7,7  32,0   19:56   ESE
29  25,2  34,6   17:41  19,4   04:07   0,0   9,7   0,1   5,0  19,0   15:07    SW
30  24,1  31,1   16:30  20,8   02:38   0,0   8,6   0,6   8,8  28,0   12:07     W
31  22,9  28,9   17:27  19,8   05:31   0,0   7,4   2,5   6,6  17,0   09:33   WNW
----------------------------------------------------------------------------------
    20,6  35,5     1     9,3     9    11,8 171,0  27,7   7,0  65,0     1       W

Max >=  25,0: 23
Max <=  15,0:  0
Min <=  10,0:  2
Min <= -10,0:  0
Max Rain: 9,4 on day 21
Days of Rain: 10 (>= 0,2 mm)  5 (>= 2,0 mm)  0 (>= 20,0 mm)
Heat Base: 15,5  Cool Base: 15,5  Method: Integration