Raporty NOAA


Wybierz miesiac lub rok

Report for 2019 Cze
´╗┐                   Monthly Climatological Summary for cze 2019

Name: Pogoda w Radlinie   City: Radlin   State: Woj. slaskie
Elevation: 283 m  Lat: N 50┬░ 02' 43"   Lon: E 018┬░ 29' 36"

                  Temperature (┬░C), Rain (mm), Wind Speed (km/h)

                                      Heat  Cool        Avg
    Mean                              Deg   Deg         Wind                 Dom
Day Temp  High   Time   Low    Time   Days  Days  Rain  Speed High   Time    Dir
----------------------------------------------------------------------------------
 1  19,9  26,6   19:42  12,5   05:07   0,5   4,9   0,0   3,3  18,0   12:14    NW
 2  20,3  31,7   17:46  13,3   04:59   0,3   5,1   0,0   4,1  18,0   11:53     E
 3  22,5  30,8   17:22  13,8   05:07   0,2   7,2   0,0   7,5  24,0   13:38   ENE
 4  23,8  32,9   18:05  14,8   04:56   0,0   8,3   0,0   7,4  28,0   12:17     E
 5  22,6  29,5   15:43  15,6   04:56   0,0   7,1   0,0   9,0  27,0   11:48   ENE
 6  22,6  29,9   17:37  15,4   04:54   0,0   7,1   0,0   7,3  22,0   18:13   SSE
 7  21,3  30,5   18:25  16,6   02:07   0,0   5,8  17,4   4,4  18,0   04:24    SW
 8  20,6  26,9   13:20  14,4   23:56   0,0   5,2   0,0   8,0  39,0   15:07     W
 9  20,8  28,9   18:09  11,9   04:18   0,7   6,1   0,0   8,3  26,0   09:48    NE
10  25,6  33,6   15:40  17,1   05:11   0,0  10,1   0,0   7,8  22,0   13:53   ESE
11  26,0  34,1   13:23  19,2   03:27   0,0  10,5   0,0   7,9  23,0   09:26   ESE
12  27,0  35,2   18:10  19,8   02:46   0,0  11,5   0,0   9,3  27,0   11:13    SE
13  25,9  34,9   16:27  19,9   05:07   0,0  10,4   4,5   5,9  23,0   19:38   SSE
14  24,6  32,6   18:09  17,7   05:54   0,0   9,1   0,1   4,9  17,0   16:33   NNW
15  27,5  35,0   14:27  19,6   04:43   0,0  12,1   0,0   8,8  36,0   23:25     S
16  22,3  28,2   17:14  18,1   23:53   0,0   6,8   0,3   7,5  24,0   18:22   WNW
17  21,9  29,6   18:12  16,9   04:58   0,0   6,4   0,0   6,0  21,0   11:12   NNW
18  21,8  28,5   17:34  14,0   04:57   0,1   6,4   0,0   8,9  26,0   14:57    NE
19  23,5  30,8   12:38  16,3   00:55   0,0   8,0   0,0   6,0  22,0   12:44   SSE
20  22,9  28,8   13:07  19,2   05:13   0,0   7,5   0,0   9,1  31,0   14:21     S
21  22,3  28,3   12:14  16,9   05:29   0,0   6,8   0,0   6,1  27,0   15:47     W
22  21,3  27,2   16:13  16,0   04:42   0,0   5,8   0,0   7,5  24,0   14:37   NNE
23  22,0  27,7   18:10  17,4   05:10   0,0   6,5   0,0  11,1  31,0   12:28   NNE
24  22,7  30,9   18:12  15,0   04:47   0,0   7,2   0,0   7,6  26,0   16:07    NE
25  26,3  36,4   18:17  16,4   03:10   0,0  10,8   0,0   6,4  17,0   14:43     E
26  28,5  36,1   18:56  20,7   04:30   0,0  13,0   0,0  10,9  34,0   13:23   SSW
27  26,0  30,5   14:24  17,0   23:58   0,0  10,5   0,0  10,3  34,0   16:30   WNW
28  19,0  25,3   19:24  12,9   04:56   0,3   3,8   0,0   5,8  22,0   12:49    NW
29  22,8  31,8   17:58  14,1   05:14   0,1   7,4   0,0   6,5  23,0   13:52     W
30  26,2  36,0   18:08  16,2   04:44   0,0  10,7   0,0  11,9  32,0   17:49   SSW
----------------------------------------------------------------------------------
    23,3  36,4    25    11,9     9     2,2 238,1  22,3   7,5  39,0     8       E

Max >=  25,0: 30
Max <=  15,0:  0
Min <=  10,0:  0
Min <= -10,0:  0
Max Rain: 17,4 on day 7
Days of Rain: 3 (>= 0,2 mm)  2 (>= 2,0 mm)  0 (>= 20,0 mm)
Heat Base: 15,5  Cool Base: 15,5  Method: Integration