Raporty NOAA



Report for 2019 Maj
´╗┐                   Monthly Climatological Summary for maj 2019

Name: Pogoda w Radlinie   City: Radlin   State: Woj. slaskie
Elevation: 283 m  Lat: N 50┬░ 02' 43"   Lon: E 018┬░ 29' 36"

                  Temperature (┬░C), Rain (mm), Wind Speed (km/h)

                                      Heat  Cool        Avg
    Mean                              Deg   Deg         Wind                 Dom
Day Temp  High   Time   Low    Time   Days  Days  Rain  Speed High   Time    Dir
----------------------------------------------------------------------------------
 1  13,3  21,2   17:33   7,5   06:08   3,0   0,8   0,0  11,1  27,0   08:16    NW
 2  14,7  22,2   15:11  12,1   00:00   2,1   1,3   0,2   9,7  40,0   15:58     W
 3   9,8  15,7   11:32   6,1   23:55   5,7   0,0   1,0   5,4  24,0   11:56     W
 4  10,7  18,4   14:47   4,4   23:58   5,0   0,3   0,4  10,2  36,0   21:30     S
 5   5,6   9,3   17:39   1,9   02:50   9,9   0,0   5,0   9,3  30,0   17:40   NNW
 6   8,1  11,7   14:51   5,4   23:48   7,4   0,0   0,0   9,7  26,0   04:33    NW
 7   8,4  15,6   18:13   3,4   06:07   7,1   0,0   0,3   8,3  23,0   10:10    NW
 8  11,5  22,2   17:47   1,1   04:39   5,1   1,1   0,0   8,6  27,0   15:49    SE
 9  10,1  11,6   02:46   8,5   23:55   5,4   0,0   6,5   7,6  19,0   03:08   ESE
10  12,2  18,4   11:55   6,9   04:43   3,6   0,3   0,1   8,6  23,0   07:35   SSW
11  15,2  22,0   16:42   7,2   05:26   2,2   1,9   0,0   5,7  22,0   13:26     S
12   9,3  13,6   00:00   6,2   21:48   6,2   0,0   5,5   9,7  36,0   11:52    NW
13   8,1  12,1   13:29   6,0   23:56   7,4   0,0   0,3   8,1  32,0   15:51    NW
14   6,4   8,7   14:27   4,0   04:49   9,1   0,0   5,6   6,3  26,0   10:18   NNW
15   7,4   9,1   18:53   5,4   01:54   8,1   0,0   3,3   8,9  18,0   07:49    NW
16   7,7   8,5   00:00   7,4   02:18   8,2   0,0   0,0   9,2  15,0   00:00   WNW
17  16,8  21,6   15:33   8,0   08:18   0,2   1,8   0,0   2,9  17,0   17:35   NNE
18  17,7  26,3   16:44  14,0   21:10   0,2   2,5   1,1   3,7  24,0   17:52    SE
19  16,9  27,0   14:52  13,5   22:24   1,0   2,4   1,7   6,5  44,0   15:08   ENE
20  16,7  27,1   17:53  12,6   23:59   1,0   2,2  95,4   4,0  23,0   17:27    SE
21  13,3  23,4   15:28   9,5   03:45   3,3   1,1  14,6   7,2  28,0   19:14    SW
22  13,9  19,9   14:53  12,9   17:33   1,9   0,3   8,5  15,9  36,0   17:50   WSW
23  14,6  20,5   14:13  13,2   00:00   3,4   2,4  72,2  12,2  23,0   00:00     N
24  18,8  24,4   18:11  10,5   23:58   0,4   4,5   0,0   5,4  22,0   16:14    NW
25  11,4  18,6   19:55   7,7   04:35   4,2   0,1   0,0   5,6  22,0   17:27   WSW
26  19,3  26,9   17:43  12,8   06:24   0,6   4,4   0,0   5,3  19,0   14:46    SW
27  19,5  27,2   16:39  13,4   04:13   0,4   4,3   2,5   9,8  24,0   16:20     S
28  16,6  23,6   17:46  12,9   23:55   0,5   1,6   6,6   5,4  27,0   15:59   SSW
29  12,7  17,3   17:49  11,1   22:58   2,8   0,0   0,2  14,8  23,0   17:49     W
30  12,1  16,7   13:11   8,6   05:46   3,4   0,1   0,4   6,6  23,0   10:09     N
31  17,3  26,9   17:58   9,9   01:20   1,7   3,5   0,0   4,5  15,0   11:53   WNW
----------------------------------------------------------------------------------
    12,8  27,2    27     1,1     8   120,5  36,9 231,4   8,0  44,0    19       W

Max >=  25,0:  6
Max <=  15,0:  8
Min <=  10,0: 20
Min <= -10,0:  0
Max Rain: 95,4 on day 20
Days of Rain: 20 (>= 0,2 mm)  11 (>= 2,0 mm)  2 (>= 20,0 mm)
Heat Base: 15,5  Cool Base: 15,5  Method: Integration