Raporty NOAA



Report for 2019 Kwi
´╗┐                   Monthly Climatological Summary for kwi 2019

Name: Pogoda w Radlinie   City: Radlin   State: Woj. slaskie
Elevation: 283 m  Lat: N 50┬░ 02' 43"   Lon: E 018┬░ 29' 36"

                  Temperature (┬░C), Rain (mm), Wind Speed (km/h)

                                      Heat  Cool        Avg
    Mean                              Deg   Deg         Wind                 Dom
Day Temp  High   Time   Low    Time   Days  Days  Rain  Speed High   Time    Dir
----------------------------------------------------------------------------------
 1  10,8  15,6   15:26   7,6   05:35   4,7   0,0   0,0   3,9   6,0   14:39     N
 2  11,6  17,5   16:28   6,3   06:42   4,1   0,3   0,0   4,0   4,0   00:00     N
 3  14,8  21,3   14:17   8,4   05:39   2,2   1,5   0,0   3,8   5,0   14:45     N
 4  16,6  20,9   13:50  12,0   00:18   0,6   1,7   0,0   3,8  13,0   17:26     N
 5  16,9  22,8   10:43  10,4   06:44   0,7   2,1   0,0   3,8   4,0   00:00     N
 6  12,6  15,3   12:07  11,2   23:50   2,9   0,0   0,0   4,0   4,0   00:00     N
 7  13,0  16,6   17:53   9,8   06:07   2,6   0,1   0,0   3,0   4,0   00:00     N
 8  14,1  21,5   11:18   8,2   06:31   2,6   1,1   0,0   3,8   4,0   00:00     N
 9  13,9  19,6   14:08   8,7   06:13   2,4   0,9   0,0   3,9  10,0   12:44     N
10  10,9  13,6   14:07   7,8   06:11   4,6   0,0   0,0   4,0   5,0   09:37     N
11   8,8  10,6   16:09   7,3   09:42   6,7   0,0   0,0   4,0   6,0   16:09     N
12   8,0  10,1   11:35   6,8   22:20   7,5   0,0   0,0   4,0   4,0   00:00     N
13   6,8   7,7   20:45   5,5   07:14   8,7   0,0   0,0   4,0   4,0   00:05     N
14  11,1  21,1   14:55   5,2   23:59   5,0   0,6   0,0   6,7  88,0   14:49   NNE
15   7,9  16,2   17:13   0,3   06:25   7,6   0,0   0,0   8,1  32,0   12:12   NNE
16   8,7  18,6   16:54   0,7   03:49   7,1   0,2   0,0   9,1  30,0   09:45    NE
17  10,3  17,6   18:10   5,2   03:14   5,3   0,2   0,0   8,5  28,0   12:33    NE
18  13,3  22,0   17:14   3,7   06:10   3,2   1,2   0,0   7,3  31,0   12:25   ENE
19  13,8  23,7   17:08   4,2   06:08   3,9   2,2   0,0   6,5  32,0   12:48     N
20  13,9  22,1   15:55   4,1   05:39   3,6   2,0   0,0   5,6  26,0   16:53    NW
21  12,7  22,7   17:52   4,1   06:08   4,1   1,3   0,0   5,3  21,0   11:43   NNW
22  11,6  19,9   16:45   4,3   04:58   4,5   0,7   0,0  12,8  40,0   18:18   ENE
23  12,6  19,9   12:47   6,8   04:43   3,5   0,6   0,8  15,4  36,0   18:51   ESE
24  15,7  21,9   12:52   9,5   02:55   1,8   2,0   0,0  13,6  37,0   11:26    SE
25  20,1  30,3   17:44  13,8   00:00   0,3   5,0   0,0   9,6  23,0   10:12     S
26  20,9  27,8   15:59  14,0   05:50   0,1   5,5   0,0  10,9  33,0   14:58     S
27  12,6  18,9   00:00  10,8   08:26   3,1   0,2   0,4   9,7  30,0   03:15    SW
28  10,8  13,1   13:16   9,1   20:07   4,7   0,0   7,7   8,6  28,0   08:38    NW
29   9,0   9,6   01:10   8,3   01:18   6,5   0,0   5,6  17,7  34,0   04:10   WNW
30  10,8  20,5   16:42   8,9   00:00   5,1   0,4  82,1  14,2  26,0   18:22   WNW
----------------------------------------------------------------------------------
    12,5  30,3    25     0,3    15   119,7  29,8  96,6   7,5  88,0    14       N

Max >=  25,0:  2
Max <=  15,0:  6
Min <=  10,0: 24
Min <= -10,0:  0
Max Rain: 82,1 on day 30
Days of Rain: 5 (>= 0,2 mm)  3 (>= 2,0 mm)  1 (>= 20,0 mm)
Heat Base: 15,5  Cool Base: 15,5  Method: Integration