Raporty NOAA



Report for 2019 Marz
´╗┐                   Monthly Climatological Summary for mar 2019

Name: Pogoda w Radlinie   City: Radlin   State: Woj. slaskie
Elevation: 283 m  Lat: N 50┬░ 02' 43"   Lon: E 018┬░ 29' 36"

                  Temperature (┬░C), Rain (mm), Wind Speed (km/h)

                                      Heat  Cool        Avg
    Mean                              Deg   Deg         Wind                 Dom
Day Temp  High   Time   Low    Time   Days  Days  Rain  Speed High   Time    Dir
----------------------------------------------------------------------------------
 1   8,1  12,5   04:52   4,8   01:44   7,4   0,0   0,0   3,7   4,0   01:45     N
 2   5,5   7,6   12:55  -0,1   00:47  10,1   0,0   0,0   3,9   4,0   00:00     N
 3   9,7  13,5   15:07   3,8   06:35   5,6   0,0   0,0   3,2   4,0   00:00     N
 4   8,0  15,5   01:09   3,7   13:33   7,5   0,0   0,0   4,0  16,0   11:07     N
 5   9,5  12,8   13:35   3,7   00:00   6,0   0,0   0,0   3,9   6,0   08:56     N
 6  10,1  14,3   14:14   7,2   06:12   5,4   0,0   0,0   4,0   4,0   00:00     N
 7  13,8  18,4   15:46  10,4   00:00   2,3   0,6   0,0   3,9  13,0   12:47     N
 8  12,8  19,0   12:21   8,8   23:32   2,8   0,0   0,0   4,0  19,0   09:21     N
 9  10,7  14,1   09:15   8,0   05:21   4,8   0,0   0,0   4,0  11,0   07:43     N
10  10,0  11,8   09:27   7,7   04:50   5,5   0,0   0,0   4,0  19,0   01:07     N
11   8,0  11,6   11:42   5,4   22:57   7,6   0,0   0,0   4,1  16,0   01:19     N
12   7,0  10,9   13:57   5,4   00:12   8,5   0,0   0,0   4,0   4,0   00:12     N
13   9,1  13,5   13:47   5,8   00:00   6,4   0,0   0,0   3,9   5,0   17:48     N
14   9,7  13,4   13:29   7,7   03:11   5,8   0,0   0,0   4,0   9,0   19:58     N
15   9,6  11,9   14:12   8,0   04:07   5,9   0,0   0,0   3,5   4,0   00:00     N
16  10,1  12,3   13:52   8,7   03:38   5,4   0,0   0,0   4,0   4,0   00:00     N
17  14,7  50,8   11:11   9,4   06:11   2,4   1,6   0,0   3,9  12,0   23:19     N
18   9,6  12,9   14:44   6,4   00:50   5,9   0,0   0,0   3,9   4,0   00:51     N
19   8,0  12,8   13:43   4,8   05:32   7,5   0,0   0,0   4,0   4,0   00:00     N
20   7,9  15,6   14:37   3,5   05:48   7,6   0,0   0,0   3,9   4,0   00:00     N
21   9,4  14,5   15:12   5,2   05:17   6,1   0,0   0,0   4,0   4,0   00:00     N
22  11,4  13,6   14:26   8,6   02:53   4,1   0,0   0,0   4,0   4,0   00:00     N
23  13,2  20,1   14:42   8,6   06:31   3,1   0,8   0,0   2,4   4,0   00:00     N
24  11,8  14,5   12:19   9,9   06:32   3,7   0,0   0,0   4,0   5,0   02:18     N
25   9,7  13,9   12:31   6,4   23:16   5,8   0,0   0,0   4,0   4,0   00:00     N
26   8,7  12,6   12:16   6,5   00:00   6,8   0,0   0,0   4,0   4,0   00:00     N
27   8,6  12,7   14:42   4,4   05:42   6,9   0,0   0,0   4,0   4,0   00:00     N
28   9,6  12,4   15:07   7,7   04:12   5,9   0,0   0,0   4,0   4,0   00:00     N
29   9,4  14,7   14:15   4,4   06:07   6,1   0,0   0,0   4,0   4,0   00:00     N
30  12,9  20,1   14:45   5,8   05:52   3,6   0,9   0,0   3,7   4,0   00:00     N
31  14,6  21,4   14:21   8,3   06:07   2,3   1,5   0,0   3,9   6,0   20:56     N
----------------------------------------------------------------------------------
    10,0  50,8    17    -0,1     2   174,8   5,4   0,0   3,8  19,0     8       N

Max >=  25,0:  1
Max <=  15,0: 23
Min <=  10,0: 30
Min <= -10,0:  0
Max Rain: 0,0 on day 0
Days of Rain: 0 (>= 0,2 mm)  0 (>= 2,0 mm)  0 (>= 20,0 mm)
Heat Base: 15,5  Cool Base: 15,5  Method: Integration