Raporty NOAA


Wybierz miesiac lub rok
V/Λ2019 > Sty Lut Marz Kwi Maj Cze Lip Sie Wrz Paz Lis Gru
V/Λ2018 > Sty Lut Marz Kwi Maj Cze Lip Sie Wrz Paz Lis Gru
V/Λ2017 > Sty Lut Marz Kwi Maj Cze Lip Sie Wrz Paz Lis Gru
V/Λ2016 > Sty Lut Marz Kwi Maj Cze Lip Sie Wrz Paz Lis Gru
V/Λ2015 > Sty Lut Marz Kwi Maj Cze Lip Sie Wrz Paz Lis Gru
V/Λ2014 > Sty Lut Marz Kwi Maj Cze Lip Sie Wrz Paz Lis Gru
V/Λ2013 > Sty Lut Marz Kwi Maj Cze Lip Sie Wrz Paz Lis Gru
V/Λ2012 > Sty Lut Marz Kwi Maj Cze Lip Sie Wrz Paz Lis Gru

Report for 2019 Lut
´╗┐                   Monthly Climatological Summary for lut 2019

Name: Pogoda w Radlinie   City: Radlin   State: Woj. slaskie
Elevation: 283 m  Lat: N 50┬░ 02' 43"   Lon: E 018┬░ 29' 36"

                  Temperature (┬░C), Rain (mm), Wind Speed (km/h)

                                      Heat  Cool        Avg
    Mean                              Deg   Deg         Wind                 Dom
Day Temp  High   Time   Low    Time   Days  Days  Rain  Speed High   Time    Dir
----------------------------------------------------------------------------------
 1   2,5   6,6   12:44  -3,3   00:00  13,0   0,0   0,0   0,0   0,0   00:00   ---
 2   9,5  13,6   12:32   5,9   00:34   6,0   0,0   0,0   0,0   0,0   00:00   ---
 3   2,6   6,4   00:04   0,2   22:08  12,9   0,0   0,0   0,0   0,0   00:00   ---
 4  -0,2   0,6   14:09  -1,6   22:57  15,7   0,0   0,0   0,0   0,0   00:00   ---
 5   0,3   9,4   14:58  -6,2   06:59  15,2   0,0   0,0   0,6   9,0   14:20     N
 6   4,1  10,9   12:49  -1,0   17:37  11,4   0,0   0,0   2,4   4,0   00:00     N
 7   4,2  11,5   12:44  -2,8   02:44  11,3   0,0   0,0   3,1  18,0   19:21     N
 8   5,6  11,4   10:16  -0,3   23:45   9,8   0,0   0,0   2,9   9,0   03:15     N
 9   5,2   9,8   08:49  -0,6   00:49  10,3   0,0   0,0   1,7  17,0   10:21     N
10   5,6   9,2   15:09   1,0   07:47   9,9   0,0   0,0   0,0   0,0   00:00   ---
11   4,8   7,3   00:25   2,4   23:56  10,7   0,0   0,0   0,0   4,0   02:09    NW
12   3,6  10,0   04:37   0,2   09:11  11,9   0,0   0,0   1,6  15,0   10:36     N
13   3,4   9,1   21:16  -0,8   01:12  12,1   0,0   0,0   1,5   6,0   15:17     N
14   7,7  23,4   09:05   2,9   08:05   8,4   0,1   0,0   3,9   4,0   00:00     N
15   8,3  14,8   16:49   3,1   23:54   7,2   0,0   0,0   2,6  26,0   16:19     N
16   7,0  18,1   12:59   0,2   06:53   8,6   0,0   0,0   0,8   6,0   13:35     N
17   9,7  19,8   14:58   4,9   23:58   5,9   0,0   0,0   0,2   4,0   01:09     N
18   9,1  19,4   14:10   3,5   02:15   6,5   0,1   0,0   1,6   9,0   10:46   NNW
19   8,8  19,4   13:07   2,2   06:55   6,7   0,0   0,0   2,4  23,0   11:33     N
20   9,2  12,1   12:46   3,4   20:43   6,3   0,0   0,0   4,0   4,0   00:00     N
21   9,7  13,5   12:43   4,7   07:18   5,8   0,0   0,0   4,0   9,0   20:43   NNE
22   5,7  12,9   06:20   1,3   23:54   9,8   0,0   0,0   4,0  21,0   09:07     N
23   2,7   7,8   11:22  -0,5   11:16  12,8   0,0   0,0   3,6   4,0   00:00     N
24   3,0   7,6   13:38  -0,9   21:21  12,5   0,0   0,0   2,3   4,0   00:07     N
25   8,2  16,2   13:51   0,6   03:58   7,4   0,0   0,0   2,8   4,0   00:17     N
26   9,3  13,4   14:34   4,7   21:27   6,2   0,0   0,0   3,3  13,0   12:32     N
27   8,4  13,8   14:23   1,4   02:57   7,1   0,0   0,0   3,4   7,0   20:14     N
28  10,8  19,4   11:43   4,0   06:11   5,0   0,2   0,0   2,2  28,0   18:31     N
----------------------------------------------------------------------------------
     6,0  23,4    14    -6,2     5   266,4   0,4   0,0   2,0  28,0    28       N

Max >=  25,0:  0
Max <=  15,0: 21
Min <=  10,0: 28
Min <= -10,0:  0
Max Rain: 0,0 on day 0
Days of Rain: 0 (>= 0,2 mm)  0 (>= 2,0 mm)  0 (>= 20,0 mm)
Heat Base: 15,5  Cool Base: 15,5  Method: Integration