Raporty NOAA


Wybierz miesiac lub rok

Report for 2019 Sty
´╗┐                   Monthly Climatological Summary for sty 2019

Name: Pogoda w Radlinie   City: Radlin   State: Woj. slaskie
Elevation: 283 m  Lat: N 50┬░ 02' 43"   Lon: E 018┬░ 29' 36"

                  Temperature (┬░C), Rain (mm), Wind Speed (km/h)

                                      Heat  Cool        Avg
    Mean                              Deg   Deg         Wind                 Dom
Day Temp  High   Time   Low    Time   Days  Days  Rain  Speed High   Time    Dir
----------------------------------------------------------------------------------
 1   7,1  10,2   06:29   5,4   03:07   8,4   0,0   0,0   4,0  15,0   08:29     N
 2   4,7   6,0   01:53  -4,2   23:14  10,8   0,0   0,0   3,8  19,0   19:18     N
 3  -2,4  -0,2   12:21  -3,9   21:33  17,9   0,0   0,0   0,4   4,0   00:07     N
 4  -2,7  -1,3   11:52  -4,3   06:41  18,2   0,0   0,0   0,0   0,0   00:00   ---
 5   0,6   2,4   13:48  -1,7   00:00  14,9   0,0   0,0   0,0   0,0   00:00   ---
 6  -1,8   0,5   00:00  -5,3   23:55  17,3   0,0   0,0   0,0   0,0   00:00   ---
 7  -5,6  -0,7   13:34 -11,0   06:32  21,1   0,0   0,0   0,0   0,0   00:00   ---
 8  -0,5   1,2   19:17  -2,9   01:15  16,0   0,0   0,0   0,0   0,0   00:00   ---
 9   0,9   2,3   12:26   0,0   23:10  14,6   0,0   0,0   0,0   0,0   00:00   ---
10  -1,3   0,2   02:10  -4,1   23:55  16,8   0,0   0,0   0,0   0,0   00:10   ---
11  -3,8  -2,2   14:40  -5,3   06:10  19,1   0,0   0,0   0,0   0,0   00:10   ---
12   0,7   2,1   21:24  -2,3   00:00  14,8   0,0   0,0   0,0   0,0   00:00   ---
13   1,9   3,0   20:10   0,8   02:28  13,5   0,0   0,0   0,0   0,0   00:00   ---
14   0,9   5,4   14:23  -3,4   19:51  14,6   0,0   0,0   0,2  18,0   13:32     N
15   2,4   7,5   13:49  -2,2   05:51  13,1   0,0   0,0   2,3  16,0   21:01     N
16   4,8   7,0   09:50   2,1   00:06  10,7   0,0   0,0   1,5  13,0   01:24     N
17   5,5   7,9   14:46   2,7   00:09  10,0   0,0   0,0   0,3  10,0   01:59   NNE
18   1,1   5,8   00:00  -4,5   23:37  14,4   0,0   0,0   0,0   0,0   00:00   ---
19  -2,6   3,3   13:53  -5,8   07:16  18,1   0,0   0,0   0,0   0,0   00:00   ---
20  -3,2   0,0   13:58  -6,0   23:26  18,7   0,0   0,0   0,0   0,0   00:00   ---
21  -6,3  -4,7   12:59  -8,2   05:49  21,8   0,0   0,0   0,0   0,0   00:00   ---
22  -5,8  -0,4   13:23  -8,9   07:38  21,3   0,0   0,0   0,0   0,0   00:00   ---
23  -5,2  -3,5   13:39  -7,4   00:00  20,7   0,0   0,0   0,0   0,0   00:00   ---
24  -5,2  -4,6   14:49  -5,8   23:53  20,8   0,0   0,0   0,0   0,0   00:04   ---
25  -5,3  -4,1   12:16  -6,4   07:01  20,8   0,0   0,0   0,0   0,0   00:09   ---
26  -2,6   0,0   23:11  -5,2   05:07  18,1   0,0   0,0   0,0   0,0   00:00   ---
27   2,1   6,4   14:31  -0,2   00:00  13,5   0,0   0,0   0,0   0,0   00:00   ---
28   0,6   1,3   12:46  -0,6   01:08  14,9   0,0   0,0   0,0   0,0   00:00   ---
29   0,5   2,0   11:32  -0,9   01:44  15,0   0,0   0,0   0,0   0,0   00:00   ---
30   0,1   5,9   13:16  -3,0   20:15  15,4   0,0   0,0   0,0   0,0   00:00   ---
31  -0,7   4,8   13:07  -4,1   23:09  16,2   0,0   0,0   0,0   0,0   00:00   ---
----------------------------------------------------------------------------------
    -0,7  10,2     1   -11,0     7   501,5   0,0   0,0   0,5  19,0     2       N

Max >=  25,0:  0
Max <=  15,0: 31
Min <=  10,0: 31
Min <= -10,0:  1
Max Rain: 0,0 on day 0
Days of Rain: 0 (>= 0,2 mm)  0 (>= 2,0 mm)  0 (>= 20,0 mm)
Heat Base: 15,5  Cool Base: 15,5  Method: Integration