Raporty NOAA



Report for 2019
´╗┐                   Annual Climatological Summary for 2019

Name: Pogoda w Radlinie   City: Radlin   State: Woj. slaskie
Elevation: 283 m  Lat: N 50┬░ 02' 43"   Lon: E 018┬░ 29' 36"

                  Temperature (┬░C), Heat Base: 15,5  Cool Base: 15,5
                          Dep.  Heat  Cool                       Max  Max  Min  Min
        Mean  Mean        From  Deg   Deg                        >=   <=   <=   <=
 YR MO  Max   Min   Mean  Norm  Days  Days  Hi  Date  Low  Date 25,0 15,0 10,0 -10,0
------------------------------------------------------------------------------------
 19  1   2,0  -3,4  -0,7   1,4   501     0  10,2   1 -11,0    7    0   31   31    1
 19  2  12,4   1,0   6,0   7,0   266     0  23,4  14  -6,2    5    0   21   28    0
 19  3  14,2   6,3   9,9   6,9   172     3  21,4  31  -0,1    2    0   23   29    0
 19  4  18,6   7,4  12,5   4,8   119    29  30,3  25   0,3   15    2    6   24    0
 19  5  19,0   8,5  12,8  -0,5   120    36  27,2  27   1,1    8    6    8   20    0
 19  6  31,0  16,3  23,3   7,2     2   238  36,4  25  11,9    9   30    0    0    0
 19  7  28,2  14,6  20,6   2,6    11   171  35,5   1   9,3    9   23    0    2    0
 19  8  28,9  15,7  21,4   4,6     4   187  34,6  29  10,8   15   27    0    0    0
 19  9  21,9  10,6  15,3   2,0    56    49  32,7   1   4,2   20    6    1   12    0
 19 10  17,4   6,8  11,6   3,2    74    11  26,6  15  -2,0    7    2    7   12    0
 19 11
 19 12
------------------------------------------------------------------------------------
        19,4   8,4  13,3   3,9  1329   729  36,4 cze -11,0  sty   96   97  158    1

                                Precipitation (mm)

              Dep.   Max        Days of Rain
              From   Obs.           >=
 YR MO Total  Norm   Day Date  0,2  2,0 20,0
---------------------------------------------
 19  1   0,0 -34,0   0,0   0     0    0    0
 19  2   0,0 -26,0   0,0   0     0    0    0
 19  3   0,0 -49,0   0,0   0     0    0    0
 19  4  96,6  51,6  82,1  30     5    3    1
 19  5 231,4  88,4  95,4  20    20   11    2
 19  6  22,3 -70,7  17,4   7     3    2    0
 19  7  27,7-151,3   9,4  21    10    5    0
 19  8  66,0 -48,0  12,7  13    15    9    0
 19  9  60,5   2,5  21,0   9    11    6    1
 19 10  39,9  -2,1  10,1   9     6    5    0
 19 11
 19 12
---------------------------------------------
       544,4-238,6  95,4  maj   70   41    4

                                Wind Speed (km/h)
                          Dom
 YR MO   Avg.  Hi   Date  Dir
------------------------------
 19  1   0,5  19,0    2     N
 19  2   2,0  28,0   28     N
 19  3   3,8  19,0    8     N
 19  4   7,5  88,0   14     N
 19  5   8,0  44,0   19   WNW
 19  6   7,5  39,0    8     E
 19  7   7,0  65,0    1     W
 19  8   6,5  48,0    6    SW
 19  9   7,4  59,0   30    SW
 19 10  10,2  48,0    1     S
 19 11
 19 12
------------------------------
         6,0  88,0  kwi     W