Raporty NOAA



Report for 2018 Gru
´╗┐                   Monthly Climatological Summary for gru 2018

Name: Pogoda w Radlinie   City: Radlin   State: Woj. slaskie
Elevation: 283 m  Lat: N 50┬░ 02' 43"   Lon: E 018┬░ 29' 36"

                  Temperature (┬░C), Rain (mm), Wind Speed (km/h)

                                      Heat  Cool        Avg
    Mean                              Deg   Deg         Wind                 Dom
Day Temp  High   Time   Low    Time   Days  Days  Rain  Speed High   Time    Dir
----------------------------------------------------------------------------------
 1  -2,8  -0,7   11:05  -6,0   04:38  18,3   0,0   0,0   0,0   0,0   00:00   ---
 2   1,1   4,1   12:30  -2,0   07:15  14,4   0,0   0,0   0,0   0,0   00:00   ---
 3   4,6   6,5   17:07   1,8   00:08  10,9   0,0   0,0   0,0   0,0   00:00   ---
 4   5,5   7,8   12:47   1,7   23:56   9,9   0,0   0,0   0,0   0,0   00:00   ---
 5   1,3   5,9   13:34  -2,0   22:27  14,2   0,0   0,0   0,0   0,0   00:00   ---
 6   0,2   3,8   12:18  -3,6   05:09  15,3   0,0   0,0   0,0   0,0   00:00   ---
 7   4,6   6,9   18:37   1,0   00:18  10,9   0,0   0,0   0,0   0,0   00:00   ---
 8   6,2   9,3   11:58   4,9   00:16   9,3   0,0   0,0   0,0   0,0   00:00   ---
 9   6,3   8,0   11:37   5,1   02:10   9,2   0,0   0,0   0,0   0,0   00:00   ---
10   3,6   5,9   00:00   1,4   23:38  11,9   0,0   0,0   0,0   0,0   00:00   ---
11   1,1   1,7   00:31   0,6   04:51  14,4   0,0   0,0   0,0   0,0   00:00   ---
12   0,6   1,3   11:54  -0,6   23:46  14,9   0,0   0,0   0,0   0,0   00:00   ---
13  -0,7  -0,2   18:58  -1,9   03:06  16,2   0,0   0,0   0,0   0,0   00:00   ---
14  -0,8   0,1   01:46  -2,0   21:06  16,3   0,0   0,0   0,0   0,0   00:00   ---
15  -1,0  -0,4   02:51  -2,2   21:55  16,5   0,0   0,0   0,0   0,0   00:00   ---
16  -1,8  -0,9   14:11  -2,9   21:06  17,3   0,0   0,0   0,0   0,0   00:00   ---
17  -0,6   0,8   14:18  -3,0   03:24  16,1   0,0   0,0   0,0   0,0   00:00   ---
18   0,6   2,3   14:06  -2,2   23:56  14,9   0,0   0,0   0,0   0,0   00:00   ---
19  -2,8   0,7   12:47  -4,1   18:35  18,3   0,0   0,0   0,0   0,0   00:00   ---
20  -0,8   0,4   11:07  -3,0   00:07  16,3   0,0   0,0   0,0   0,0   00:00   ---
21   2,2   4,4   22:38   0,0   01:35  13,2   0,0   0,0   0,0   0,0   00:00   ---
22   6,3   8,6   14:06   3,8   22:59   9,2   0,0   0,0   0,0   0,0   00:00   ---
23   4,6   5,8   15:31   3,3   01:43  10,9   0,0   0,0   0,0   0,0   00:00   ---
24   2,3  11,8   00:22  -1,3   12:30  13,2   0,0   0,0  ----   7,0   09:25     N
25   2,6   7,7   12:38  -1,2   00:23  13,0   0,0   0,0   4,0   5,0   19:31     N
26   7,2   8,0   12:10   4,3   12:48   8,3   0,0   0,0   4,0   7,0   14:00     N
27   7,9   9,0   18:48   6,9   03:41   7,6   0,0   0,0   4,0   4,0   00:00     N
28   8,2   8,5   00:13   5,0   01:21   7,3   0,0   0,0   4,0   4,0   00:00     N
29   7,6   8,1   15:27   6,8   08:07   7,9   0,0   0,0   4,0   4,0   00:00     N
30   7,2   9,2   17:31   6,7   08:18   8,3   0,0   0,0   4,0   6,0   19:34     N
31   6,4   7,0   00:00   5,1   00:15   9,1   0,0   0,0   4,0  18,0   00:15     N
----------------------------------------------------------------------------------
     2,8  11,8    24    -6,0     1   393,5   0,0   0,0   0,9  18,0    31       N

Max >=  25,0:  0
Max <=  15,0: 31
Min <=  10,0: 31
Min <= -10,0:  0
Max Rain: 0,0 on day 0
Days of Rain: 0 (>= 0,2 mm)  0 (>= 2,0 mm)  0 (>= 20,0 mm)
Heat Base: 15,5  Cool Base: 15,5  Method: Integration