Raporty NOAA



Report for 2018 Lis
´╗┐                   Monthly Climatological Summary for lis 2018

Name: Pogoda w Radlinie   City: Radlin   State: Woj. slaskie
Elevation: 283 m  Lat: N 50┬░ 02' 43"   Lon: E 018┬░ 29' 36"

                  Temperature (┬░C), Rain (mm), Wind Speed (km/h)

                                      Heat  Cool        Avg
    Mean                              Deg   Deg         Wind                 Dom
Day Temp  High   Time   Low    Time   Days  Days  Rain  Speed High   Time    Dir
----------------------------------------------------------------------------------
 1  16,5  21,4   12:07  10,9   06:22   1,1   2,1   0,0   0,0   0,0   00:00   ---
 2  15,4  21,0   12:16  12,1   06:18   1,3   1,2   0,0   0,0   0,0   00:00   ---
 3  10,3  12,3   00:00   9,7   16:25   5,2   0,0   0,0   0,0   0,0   00:00   ---
 4  10,6  12,1   14:52   9,6   00:59   4,9   0,0   0,0   0,0   0,0   00:00   ---
 5  11,7  19,6   14:20   7,7   23:34   4,2   0,4   0,0   0,0   0,0   00:00   ---
 6  14,5  21,6   13:36   8,4   00:00   2,3   1,2   0,0   0,0   0,0   00:00   ---
 7  14,0  21,2   12:54   9,1   01:07   2,6   1,1   0,0   0,0   0,0   00:00   ---
 8  10,6  16,6   12:18   6,8   03:52   5,0   0,1   0,0   0,0   0,0   00:00   ---
 9   9,1  15,3   12:58   4,2   07:07   6,3   0,0   0,0   0,0   0,0   00:00   ---
10   9,7  16,9   13:17   5,5   04:23   5,9   0,1   0,0   0,0   0,0   00:00   ---
11  10,6  16,6   11:50   5,9   07:37   4,9   0,1   0,0   0,0   0,0   00:00   ---
12  11,2  18,4   13:28   5,7   06:32   4,5   0,3   0,0   0,0   0,0   00:00   ---
13  11,8  18,2   12:44   7,1   06:52   4,0   0,3   0,0   0,0   0,0   00:00   ---
14   8,5  11,6   12:48   6,7   20:52   7,0   0,0   0,0   0,0   0,0   00:03   ---
15   7,0  10,3   12:26   2,2   23:42   8,5   0,0   0,0   0,0   0,0   00:00   ---
16   4,0   8,0   13:19   1,3   02:08  11,5   0,0   0,0   0,0   0,0   00:00   ---
17   1,0   5,7   13:46  -1,8   06:59  14,5   0,0   0,0   0,0   0,0   00:00   ---
----------------------------------------------------------------------------------
    10,4  21,6     6    -1,8    17    93,7   6,9   0,0   0,0   0,0     0     ---

Max >=  25,0:  0
Max <=  15,0:  6
Min <=  10,0: 15
Min <= -10,0:  0
Max Rain: 0,0 on day 0
Days of Rain: 0 (>= 0,2 mm)  0 (>= 2,0 mm)  0 (>= 20,0 mm)
Heat Base: 15,5  Cool Base: 15,5  Method: Integration