Raporty NOAA



Report for 2018 Paz
´╗┐                   Monthly Climatological Summary for pa┼║ 2018

Name: Pogoda w Radlinie   City: Radlin   State: Woj. slaskie
Elevation: 283 m  Lat: N 50┬░ 02' 43"   Lon: E 018┬░ 29' 36"

                  Temperature (┬░C), Rain (mm), Wind Speed (km/h)

                                      Heat  Cool        Avg
    Mean                              Deg   Deg         Wind                 Dom
Day Temp  High   Time   Low    Time   Days  Days  Rain  Speed High   Time    Dir
----------------------------------------------------------------------------------
 1  10,4  16,7   12:07   3,9   07:07   5,1   0,1   0,0   6,5  28,0   21:18   SSW
 2   8,7  10,8   13:42   6,5   09:43   6,9   0,0   2,4   9,1  30,0   23:59    SW
 3  10,4  15,9   11:45   7,4   06:29   5,1   0,0   1,3  16,0  44,0   16:12    SW
 4   9,7  14,4   11:46   6,6   23:51   5,8   0,0   0,0   6,6  23,0   11:46    SW
 5  11,2  18,7   15:45   4,3   06:13   5,0   0,6   0,0   6,2  19,0   15:08    SE
 6  14,4  22,8   15:40   5,5   07:07   3,2   2,1   0,0   5,7  30,0   13:27   SSE
 7  17,0  21,7   13:23  12,2   23:58   0,5   1,9   0,0   8,5  36,0   12:16   SSW
 8  11,2  15,2   16:12   7,9   23:30   4,3   0,0   0,0   3,3  16,0   00:32     N
 9   6,3   7,9   00:00   6,2   02:23   9,2   0,0   0,0   0,0   0,0   00:00   ---
10   6,5  16,4   23:24   6,2   00:00   9,1   0,0   0,0   0,0   6,0   23:28    SE
11  16,1  24,6   12:45   9,3   07:43   2,0   2,6   0,0   3,8  18,0   20:34     E
12  16,2  23,6   13:26  10,2   06:47   1,6   2,3   0,0   3,1  19,0   12:12    SE
13  15,7  24,5   12:39   9,2   07:07   2,2   2,4   0,0   3,2  15,0   20:47     E
14  15,4  25,2   14:23   8,2   06:21   2,5   2,4   0,0   3,4  22,0   13:38   ESE
15  15,2  23,6   13:31   9,7   04:29   2,3   2,0   0,0   2,6  16,0   13:11   SSE
16  15,4  23,8   13:21   8,8   02:59   2,1   2,0   0,0   3,5  19,0   14:09    SE
17  14,0  18,8   12:59  10,9   06:41   1,8   0,3   1,5   1,3  16,0   11:20     E
18  13,4  17,2   15:25  10,3   23:58   2,3   0,2   0,4   0,2   9,0   11:27   SSE
19  10,0  10,7   03:10   8,6   01:47   5,5   0,0   0,0   3,2  16,0   04:45   WNW
20   9,7  12,5   12:08   6,4   23:39   5,8   0,0   0,6   3,7  22,0   15:27     W
21   7,0   9,0   16:36   5,1   04:36   8,5   0,0   1,0   3,4  16,0   10:47   WNW
22   7,1  12,8   15:19   1,7   06:31   8,4   0,0   0,4   2,3  26,0   23:35     W
23   7,4   9,7   14:53   5,1   06:58   8,1   0,0   4,1  14,9  39,0   19:59   SSW
24   7,5  10,5   12:52   3,9   23:38   8,0   0,0   5,9  19,7  50,0   15:17   WNW
25   7,7  12,3   15:28   2,8   03:21   7,8   0,0   1,3  12,5  36,0   15:43    SW
27   9,9  16,4   22:17   6,1   23:39   8,3   0,0   0,1   0,0  30,0   01:36    SW
28   5,3   6,3   23:13   4,4   05:27  10,6   0,0   0,0   0,0   0,0   00:00   ---
29   9,9  16,0   18:45   6,0   04:51   5,6   0,0   0,0   0,0   0,0   00:00   ---
30  18,0  20,8   13:30  14,2   23:28   0,1   2,5   0,0   0,0   0,0   00:00   ---
31  14,1  20,8   13:13   7,9   07:07   2,2   0,8   0,0   0,0   0,0   00:00   ---
----------------------------------------------------------------------------------
    11,4  25,2    14     1,7    22   149,9  22,2  19,0   4,9  50,0    24      SW

Max >=  25,0:  1
Max <=  15,0: 11
Min <=  10,0: 25
Min <= -10,0:  0
Max Rain: 5,9 on day 24
Days of Rain: 10 (>= 0,2 mm)  3 (>= 2,0 mm)  0 (>= 20,0 mm)
Heat Base: 15,5  Cool Base: 15,5  Method: Integration