Raporty NOAA



Report for 2018 Wrz
´╗┐                   Monthly Climatological Summary for wrz 2018

Name: Pogoda w Radlinie   City: Radlin   State: Woj. slaskie
Elevation: 283 m  Lat: N 50┬░ 02' 43"   Lon: E 018┬░ 29' 36"

                  Temperature (┬░C), Rain (mm), Wind Speed (km/h)

                                      Heat  Cool        Avg
    Mean                              Deg   Deg         Wind                 Dom
Day Temp  High   Time   Low    Time   Days  Days  Rain  Speed High   Time    Dir
----------------------------------------------------------------------------------
 1  18,9  25,3   15:07   0,0   00:02   0,0   3,4   3,5   4,6  17,0   11:52     N
 2  18,1  22,5   15:22  16,1   00:44   0,0   2,6   3,8   5,3  23,0   16:41   NNE
 3  20,2  25,6   16:31  14,7   06:09   0,0   4,7   0,0   7,4  30,0   11:39    NE
 4  18,6  21,5   16:28  16,1   03:27   0,0   3,1   0,0   2,2  13,0   08:51    NW
 5  18,9  24,5   16:37  13,7   06:34   0,2   3,5   0,0   3,8  17,0   09:08   WNW
 6  17,6  23,9   13:09  12,5   04:11   0,8   2,8   0,0   2,2  17,0   12:55    NW
 7  18,2  25,0   14:27  11,4   06:43   0,8   3,5   0,0   0,9  15,0   12:59    NE
 8  17,9  21,4   16:37  14,6   23:58   0,0   2,4   1,2   3,5  17,0   09:16     W
 9  16,9  23,7   14:32  11,3   06:13   1,1   2,5   0,0   1,4  15,0   13:31   ENE
10  17,9  25,4   15:11  10,6   06:31   1,3   3,6   0,0   3,0  16,0   15:31    SE
11  18,8  24,7   14:29  15,0   05:08   0,0   3,4   0,1   5,6  18,0   07:36    SE
12  21,3  28,7   14:35  13,3   06:40   0,2   6,0   0,0   8,9  28,0   12:48   SSE
13  20,3  26,2   14:32  14,8   06:38   0,0   4,8   0,0   3,4  13,0   20:27   WSW
14  16,0  18,3   00:08  14,7   23:54   0,1   0,6   7,4   3,7  16,0   23:46     W
15  16,3  21,2   16:19  12,8   23:53   0,6   1,4   2,7   6,5  21,0   15:13     W
16  15,1  20,6   17:13   9,2   05:44   1,9   1,5   0,0   2,9  12,0   13:50   ENE
17  17,7  25,1   14:58  10,8   04:09   1,3   3,5   0,0   4,9  23,0   15:35     S
18  20,1  27,5   14:59  13,8   05:59   0,1   4,8   0,0   6,4  24,0   14:45    SE
19  20,2  27,0   12:59  14,6   06:35   0,1   4,7   0,0   8,4  27,0   12:19   SSE
20  20,2  27,9   14:52  13,9   06:40   0,2   4,9   0,0   7,4  18,0   11:23    SE
21  20,7  27,5   12:39  14,0   04:12   0,2   5,4   0,0   9,8  30,0   13:31    SE
22  14,5  21,7   00:57  11,3   04:26   1,6   0,7   3,4   8,4  40,0   01:43    SW
23  14,1  17,3   11:13  11,9   01:48   1,6   0,1   4,7  12,1  42,0   22:53   SSE
24   9,6  15,3   00:33   5,8   23:09   5,9   0,0   3,8  17,4  51,0   02:45     W
25   7,7  12,1   13:12   5,7   04:09   7,8   0,0   0,1   8,7  28,0   04:41     W
26   8,7  14,7   12:59   2,1   05:42   6,8   0,0   0,0  11,3  33,0   19:21     S
27  12,7  17,2   17:07   9,5   06:15   2,9   0,1   0,0  10,1  30,0   02:58   SSE
28  15,4  22,8   12:47  10,0   03:09   1,9   1,8   0,1  11,4  37,0   10:36    SW
29   9,6  14,4   16:20   5,2   23:55   6,0   0,0   0,1   4,6  22,0   12:45   WNW
30   8,9  17,3   13:30   2,0   06:53   6,7   0,1   0,0   3,5  18,0   12:47   SSE
----------------------------------------------------------------------------------
    16,4  28,7    12     0,0     1    50,1  75,9  30,9   6,5  51,0    24     SSW

Max >=  25,0: 11
Max <=  15,0:  3
Min <=  10,0:  9
Min <= -10,0:  0
Max Rain: 7,4 on day 14
Days of Rain: 8 (>= 0,2 mm)  7 (>= 2,0 mm)  0 (>= 20,0 mm)
Heat Base: 15,5  Cool Base: 15,5  Method: Integration