Raporty NOAA


Wybierz miesiac lub rok

Report for 2018 Lip
´╗┐                   Monthly Climatological Summary for lip 2018

Name: Pogoda w Radlinie   City: Radlin   State: Woj. slaskie
Elevation: 283 m  Lat: N 50┬░ 02' 43"   Lon: E 018┬░ 29' 36"

                  Temperature (┬░C), Rain (mm), Wind Speed (km/h)

                                      Heat  Cool        Avg
    Mean                              Deg   Deg         Wind                 Dom
Day Temp  High   Time   Low    Time   Days  Days  Rain  Speed High   Time    Dir
----------------------------------------------------------------------------------
 1  13,5  17,4   16:03   8,9   05:03   2,2   0,2   0,0   6,5  17,0   18:03    NW
 2  14,9  21,5   18:33   8,1   05:33   2,2   1,6   0,0   5,2  21,0   12:33   WNW
 3  17,6  25,5   18:48   9,9   05:18   1,6   3,7   0,0   6,0  23,0   14:48   WSW
 4  21,5  28,7   18:18  13,3   05:03   0,3   6,3   0,0   5,1  16,0   14:18    SW
 5  23,9  31,0   17:03  15,3   04:18   0,0   8,4   0,0   6,3  17,0   09:03     S
 6  21,4  26,1   17:18  18,2   12:03   0,0   5,9   4,6   5,9  17,0   15:03   WNW
 7  20,6  26,0   18:18  15,9   03:33   0,0   5,1   0,0   6,1  15,0   00:18   WNW
 8  19,8  25,9   17:03  13,9   05:18   0,1   4,9   0,0   4,3  17,0   16:33    NW
 9  22,2  28,2   17:03  15,4   04:48   0,0   6,8   0,0   4,2  15,0   16:18    NW
10  20,7  26,0   12:03  17,4   23:33   0,0   5,2   0,8   4,2  22,0   14:18   WNW
11  17,3  19,2   12:48  15,3   23:48   0,0   1,9   1,3   3,3  12,0   08:03     S
12  16,9  23,5   14:18  12,1   05:33   0,6   2,0   5,1   9,3  27,0   14:33   SSW
13  18,1  23,8   15:33  14,5   06:33   0,1   3,1   2,4   7,6  26,0   14:03     W
14  20,8  26,5   15:48  16,6   03:33   0,0   5,3   0,5   8,9  24,0   16:18   WNW
15  20,9  26,6   18:33  15,4   06:18   0,0   5,4   0,0   7,3  21,0   11:33   WNW
16  20,7  27,3   14:18  13,7   05:33   0,1   5,3   2,7   4,4  23,0   15:48   WNW
17  17,6  19,4   00:03  16,2   07:18   0,0   2,1  13,5   9,0  21,0   15:33     W
18  17,3  17,6   02:03  16,8   08:03   0,0   1,8   8,8  17,4  30,0   08:33   WNW
19  18,4  20,7   14:18  17,0   01:18   0,0   2,8   5,2  10,3  24,0   01:18   WNW
20  20,1  26,3   18:33  16,0   09:03   0,0   4,6   4,4   6,8  18,0   07:03    NW
21  21,5  27,9   18:03  13,8   05:18   0,2   6,3   0,0   2,3  11,0   14:03     E
22  21,5  27,5   15:03  15,8   05:18   0,0   6,0   0,0   2,6  11,0   18:18   SSE
23  22,6  27,8   18:03  16,5   05:33   0,0   7,1   0,0   5,9  21,0   17:48    NW
24  22,1  28,4   16:33  16,5   04:33   0,0   7,3   0,0   5,4  16,0   11:33    NW
25  22,3  27,8   16:33  16,6   05:33   0,0   6,9   0,0   4,3  17,0   17:03    NW
26  22,0  27,3   14:18  17,0   05:18   0,0   6,5   0,0   3,4  15,0   11:48   NNE
27  22,2  27,5   13:03  17,0   04:48   0,0   6,7   0,0   5,9  23,0   17:18   NNE
28  23,8  29,7   14:03  17,4   05:03   0,0   8,3   0,0   2,4  10,0   11:33   ESE
29  24,5  30,6   15:48  19,0   05:33   0,0   9,0   0,0   5,8  16,0   16:48    NW
30  23,8  29,1   15:03  18,4   05:33   0,0   8,3   0,0   3,8  16,0   11:48    NE
31  24,7  29,1   13:18  19,3   05:18   0,0   9,2   0,0   6,7  22,0   12:48    NE
----------------------------------------------------------------------------------
    20,5  31,0     5     8,1     2     7,4 164,0  49,3   6,0  30,0    18     WNW

Max >=  25,0: 23
Max <=  15,0:  0
Min <=  10,0:  3
Min <= -10,0:  0
Max Rain: 13,5 on day 17
Days of Rain: 11 (>= 0,2 mm)  8 (>= 2,0 mm)  0 (>= 20,0 mm)
Heat Base: 15,5  Cool Base: 15,5  Method: Integration