Raporty NOAA


Wybierz miesiac lub rok

Report for 2018 Cze
´╗┐                   Monthly Climatological Summary for cze 2018

Name: Pogoda w Radlinie   City: Radlin   State: Woj. slaskie
Elevation: 283 m  Lat: N 50┬░ 02' 43"   Lon: E 018┬░ 29' 36"

                  Temperature (┬░C), Rain (mm), Wind Speed (km/h)

                                      Heat  Cool        Avg
    Mean                              Deg   Deg         Wind                 Dom
Day Temp  High   Time   Low    Time   Days  Days  Rain  Speed High   Time    Dir
----------------------------------------------------------------------------------
 1  22,8  29,4   12:38  16,1   04:27   0,0   7,3   0,4   5,1  30,0   19:13   SSE
 2  18,8  24,0   12:14   1,4   22:17   0,5   3,7  18,1   5,9  22,0   10:08    SW
 3  17,8  23,6   17:34   4,2   00:13   0,3   2,5   3,0   6,1  23,0   10:17     W
 4  20,6  26,1   19:07  14,4   05:48   0,1   5,2   0,0   1,9  12,0   10:32     W
 5  21,0  25,5   17:28  16,0   05:26   0,0   5,5   0,0   3,8  22,0   12:34    NW
 6  18,4  22,6   15:14  14,6   23:54   0,0   2,9   0,0  10,1  32,0   15:15    NE
 7  19,0  25,3   17:59  11,4   05:08   0,8   4,3   0,0   7,9  23,0   01:18   ENE
 8  22,1  28,2   14:50  15,2   05:07   0,0   6,6   0,0   4,5  18,0   16:10    SE
 9  21,6  29,5   14:21  17,6   19:57   0,0   6,1   9,1   4,6  21,0   15:54   ESE
10  22,4  29,1   14:54  17,4   04:15   0,0   6,9   0,0   4,4  22,0   18:51    SE
11  22,6  27,1   16:29  18,9   05:07   0,0   7,1   0,0   6,5  24,0   11:19   WNW
12  18,3  21,7   18:34  15,8   23:52   0,0   2,8   8,5   4,1  23,0   05:06    NW
13  16,3  18,8   14:10  14,0   02:22   0,3   1,1   0,8   4,2  21,0   15:41   NNW
14  16,8  21,2   16:37  14,0   05:12   0,4   1,7   0,0   9,4  24,0   09:26    NW
15  18,0  23,5   17:49  12,0   04:13   0,8   3,3   0,0   5,4  23,0   10:31   NNW
16  20,6  25,5   18:33  15,5   05:59   0,0   5,1   0,0   4,1  21,0   14:29   NNW
17  21,9  26,0   13:35  17,3   05:54   0,0   6,4   0,0   3,4  15,0   17:15   ENE
18  20,5  24,0   15:24  15,8   04:13   0,0   5,0   0,0   5,5  18,0   06:13    NW
19  21,8  27,3   18:22  16,5   05:15   0,0   6,3   0,0   5,8  19,0   14:39    NW
20  22,6  27,7   18:34  18,5   05:21   0,0   7,2   0,0   1,5  12,0   09:52     N
21  23,4  31,2   16:38  13,4   23:59   0,1   8,0   1,7  13,0  55,0   19:53    SW
22  13,4  17,2   13:50  10,5   23:31   2,2   0,1   0,0   7,3  27,0   17:21     W
23  12,3  16,3   16:49   9,3   03:44   3,3   0,0   1,3   9,0  33,0   10:30     W
----------------------------------------------------------------------------------
    19,7  31,2    21     1,4     2     8,8 105,1  42,9   5,8  55,0    21     WNW

Max >=  25,0: 13
Max <=  15,0:  0
Min <=  10,0:  3
Min <= -10,0:  0
Max Rain: 18,1 on day 2
Days of Rain: 8 (>= 0,2 mm)  4 (>= 2,0 mm)  0 (>= 20,0 mm)
Heat Base: 15,5  Cool Base: 15,5  Method: Integration