Raporty NOAA



Report for 2018 Maj
´╗┐                   Monthly Climatological Summary for maj 2018

Name: Pogoda w Radlinie   City: Radlin   State: Woj. slaskie
Elevation: 283 m  Lat: N 50┬░ 02' 43"   Lon: E 018┬░ 29' 36"

                  Temperature (┬░C), Rain (mm), Wind Speed (km/h)

                                      Heat  Cool        Avg
    Mean                              Deg   Deg         Wind                 Dom
Day Temp  High   Time   Low    Time   Days  Days  Rain  Speed High   Time    Dir
----------------------------------------------------------------------------------
 1  18,5  24,5   14:32  12,7   03:51   0,5   3,5   0,0   7,7  30,0   15:23   WSW
 2  18,0  24,6   14:45  11,7   07:36   1,0   3,5   0,0   7,3  23,0   18:50   ENE
 3  20,9  29,7   13:23  14,8   21:37   0,0   5,4  20,3   7,2  40,0   16:10   NNW
 4  15,7  20,0   17:19  11,2   07:19   1,0   1,2   0,1   9,2  24,0   09:16   NNW
 5  14,8  20,5   17:39  10,2   06:46   1,8   1,1   0,0   7,2  26,0   11:59     N
 6  14,6  21,0   16:35   6,1   05:36   2,6   1,7   0,0   7,9  33,0   15:29   NNE
 7  16,2  22,4   16:35   8,0   05:08   1,8   2,6   0,0   6,2  30,0   18:11   NNE
 8  15,8  22,5   12:38  10,3   05:31   1,4   1,7   5,7   5,4  30,0   20:30   ENE
 9  16,8  23,0   15:07  13,2   23:52   0,7   2,0  13,8   5,2  30,0   21:08    NE
10  13,6  14,6   00:19  11,2   01:22   1,9   0,0   0,1   0,3   6,0   01:09     S
11  15,3  22,7   12:54  -1,7   00:00   3,2   3,0   0,3   3,1  13,0   11:52   WNW
12  18,0  24,6   14:35  14,1   04:31   0,3   2,8   0,6   3,8  26,0   14:41   ENE
13  18,3  23,9   17:32  10,7   05:07   0,9   3,7   0,1  11,3  40,0   11:08     E
14  15,8  19,2   10:58  11,1   23:54   0,8   1,1   0,0  13,8  45,0   08:55   ENE
15  12,5  17,7   10:18   7,7   05:17   3,3   0,3   2,0   6,8  27,0   09:15    NE
16  14,6  20,0   15:42  10,5   04:50   1,6   0,8   0,1   4,5  26,0   23:46   WSW
17  12,6  13,8   00:09  11,3   07:10   2,9   0,0  19,5  11,5  30,0   07:35   WSW
18  13,2  16,1   19:21  11,0   07:27   2,3   0,0   0,7  11,5  42,0   10:26    NW
19  13,8  20,2   17:27  11,0   09:02   2,5   0,8   3,9   6,1  24,0   02:18    NW
20  15,2  21,2   14:15   8,0   05:17   2,1   1,8   0,0   5,0  23,0   14:14   NNE
21  15,8  21,6   15:21   8,9   05:17   1,7   2,0   0,0   9,8  33,0   11:30   ENE
22  17,7  24,2   15:39   9,3   05:26   1,4   3,6   0,0   3,5  18,0   14:30     S
23  19,3  25,2   16:28  15,0   06:51   0,0   3,8   0,2   6,0  21,0   17:39   ENE
24  19,8  24,2   16:22  14,8   04:20   0,0   4,3   0,0  10,4  28,0   14:46    NE
25  19,1  24,3   16:10  12,7   04:27   0,4   4,0   0,0   6,8  24,0   10:38    NE
26  20,0  26,8   17:50  12,0   05:22   0,5   4,9   0,0   2,3  17,0   14:34     N
27  21,5  28,1   16:27  14,0   05:25   0,1   6,1   0,0   4,0  19,0   17:32   ENE
28  22,7  28,3   16:58  16,8   04:59   0,0   7,2   0,0  10,4  26,0   14:28   ENE
29  21,3  28,5   13:12  15,9   05:28   0,0   5,8   0,3   7,8  27,0   13:48   ESE
30  22,7  28,3   17:10  16,6   04:34   0,0   7,2   0,0   5,2  19,0   09:58    SE
31  23,3  29,1   18:21  16,6   03:59   0,0   7,8   0,0   3,9  24,0   18:26     E
----------------------------------------------------------------------------------
    17,3  29,7     3    -1,7    11    36,7  93,7  67,7   7,1  45,0    14      NE

Max >=  25,0:  8
Max <=  15,0:  2
Min <=  10,0:  7
Min <= -10,0:  0
Max Rain: 20,3 on day 3
Days of Rain: 11 (>= 0,2 mm)  6 (>= 2,0 mm)  1 (>= 20,0 mm)
Heat Base: 15,5  Cool Base: 15,5  Method: Integration