Raporty NOAA



Report for 2018 Kwi
´╗┐                   Monthly Climatological Summary for kwi 2018

Name: Pogoda w Radlinie   City: Radlin   State: Woj. slaskie
Elevation: 283 m  Lat: N 50┬░ 02' 43"   Lon: E 018┬░ 29' 36"

                  Temperature (┬░C), Rain (mm), Wind Speed (km/h)

                                      Heat  Cool        Avg
    Mean                              Deg   Deg         Wind                 Dom
Day Temp  High   Time   Low    Time   Days  Days  Rain  Speed High   Time    Dir
----------------------------------------------------------------------------------
 1   4,6  10,5   00:00   1,6   21:19  10,9   0,0   2,0  15,0  34,0   19:10    NW
 2   6,3  12,7   14:34   1,8   04:11   9,2   0,0   0,0  12,8  39,0   06:35   WNW
 3  11,2  20,2   14:34   2,7   04:09   5,1   0,8   0,0  10,8  37,0   16:17     S
 4  13,5  19,3   15:32   7,4   07:07   2,8   0,7   0,0   7,5  34,0   17:10     S
 5  13,5  18,9   14:07  10,0   07:10   2,4   0,3   0,0  14,1  31,0   14:23   SSW
 6   8,1  13,2   16:18   3,8   23:51   7,4   0,0   0,0  11,7  34,0   03:52    NW
 7  10,7  19,1   15:57   0,7   05:15   5,5   0,7   0,0   7,9  24,0   07:41     E
 8  15,8  22,5   15:43   8,7   02:07   2,1   2,4   0,0  12,9  51,0   14:47    SE
 9  19,7  26,2   12:44  12,1   06:43   0,3   4,5   0,0  13,6  44,0   15:53     S
10  16,2  20,8   16:11  12,1   05:36   0,7   1,4   0,0   8,9  27,0   13:27    SE
11  15,8  22,2   14:38  11,2   06:18   1,3   1,6   0,0   6,9  27,0   14:41   ESE
12  18,3  26,9   14:38   8,2   06:10   1,6   4,4   0,0   7,4  30,0   13:22   ESE
13  17,0  22,4   17:07  12,6   01:51   0,4   1,9   0,2  11,2  36,0   20:14   SSE
14  16,6  23,1   14:54  10,6   06:31   1,1   2,2   0,0   9,3  27,0   09:44    SW
15  18,1  25,5   15:42   8,8   03:59   1,6   4,2   0,0   6,9  27,0   14:46    SE
16  17,8  23,9   13:47  14,2   07:33   0,2   2,4   2,3   6,6  23,0   11:45    SE
17  14,0  18,3   16:08  10,5   23:47   1,9   0,3   0,4  10,4  24,0   16:28    NW
18  14,8  21,4   13:46   7,7   05:31   2,6   1,8   0,0   5,7  21,0   12:15    NW
19  16,6  25,7   14:26   7,1   06:25   2,2   3,3   0,0   6,1  27,0   15:49    NW
20  17,1  23,8   15:07   9,5   06:07   1,5   3,1   0,0   3,9  16,0   13:11     E
21  19,7  28,2   14:19  11,7   05:59   1,0   5,2   0,0  10,4  27,0   08:27   SSW
22  17,0  23,1   15:28  10,4   06:07   1,1   2,7   0,0   3,8  23,0   14:44   NNW
23  16,4  25,5   16:38   9,0   04:29   1,8   2,7   1,3   7,9  31,0   18:38   SSW
24  17,6  22,7   15:38  13,5   07:08   0,5   2,6   0,0   6,5  22,0   16:53   WNW
25  18,1  25,0   14:23   9,9   04:53   1,3   3,9   0,2  13,9  37,0   10:23   WSW
26  12,7  18,4   09:53   7,4   23:53   3,0   0,3   3,0   5,4  18,0   14:23   WNW
27  11,7  18,0   16:08   4,1   05:38   4,3   0,5   0,0   5,9  17,0   13:38    SE
28  17,1  26,1   16:49   6,2   05:28   2,4   4,0   0,0   7,4  30,0   12:59    SW
29  22,3  29,0   13:19  15,2   04:50   0,0   6,9   0,0   9,2  34,0   15:44   SSE
30  22,1  28,0   14:11  15,7   23:43   0,0   6,7   0,0  11,8  40,0   13:59   SSE
----------------------------------------------------------------------------------
    15,3  29,0    29     0,7     7    76,2  71,5   9,4   9,3  51,0     8     SSW

Max >=  25,0: 10
Max <=  15,0:  3
Min <=  10,0: 18
Min <= -10,0:  0
Max Rain: 3,0 on day 26
Days of Rain: 7 (>= 0,2 mm)  3 (>= 2,0 mm)  0 (>= 20,0 mm)
Heat Base: 15,5  Cool Base: 15,5  Method: Integration