Raporty NOAA


Wybierz miesiac lub rok
V/Λ2018 > Sty Lut Marz Kwi Maj Cze Lip Sie Wrz Paz Lis Gru
V/Λ2017 > Sty Lut Marz Kwi Maj Cze Lip Sie Wrz Paz Lis Gru
V/Λ2016 > Sty Lut Marz Kwi Maj Cze Lip Sie Wrz Paz Lis Gru
V/Λ2015 > Sty Lut Marz Kwi Maj Cze Lip Sie Wrz Paz Lis Gru
V/Λ2014 > Sty Lut Marz Kwi Maj Cze Lip Sie Wrz Paz Lis Gru
V/Λ2013 > Sty Lut Marz Kwi Maj Cze Lip Sie Wrz Paz Lis Gru
V/Λ2012 > Sty Lut Marz Kwi Maj Cze Lip Sie Wrz Paz Lis Gru

Report for 2018 Marz
´╗┐                   Monthly Climatological Summary for mar 2018

Name: Pogoda w Radlinie   City: Radlin   State: Woj. slaskie
Elevation: 283 m  Lat: N 50┬░ 02' 43"   Lon: E 018┬░ 29' 36"

                  Temperature (┬░C), Rain (mm), Wind Speed (km/h)

                                      Heat  Cool        Avg
    Mean                              Deg   Deg         Wind                 Dom
Day Temp  High   Time   Low    Time   Days  Days  Rain  Speed High   Time    Dir
----------------------------------------------------------------------------------
 1 -10,2  -4,4   13:17 -15,2   06:29  25,7   0,0   0,3   6,2  19,0   10:55   ENE
 2  -9,1  -4,1   15:56 -14,5   05:18  24,6   0,0   0,0   8,2  19,0   11:14   ENE
 3  -9,5  -4,3   14:21 -14,6   06:47  25,0   0,0   0,0   3,5  13,0   14:50   NNE
 4  -6,5   0,9   15:14 -13,6   06:28  21,9   0,0   0,0   4,2  17,0   10:36   ESE
 5  -1,3   4,1   13:10  -7,6   03:16  16,8   0,0   0,0   8,8  31,0   08:42     S
 6   1,7   5,2   12:08   0,0   04:09  13,8   0,0   2,1   3,8  19,0   23:26     E
 7   4,2   8,6   12:29   1,3   01:02  11,3   0,0   0,0  13,0  37,0   10:39   SSW
 8   4,8   8,7   13:59   1,1   23:51  10,6   0,0   0,0  13,0  31,0   11:32   SSW
 9   4,9  10,3   12:21   0,2   01:36  10,6   0,0   0,0  11,4  32,0   12:36   SSW
10   7,1  12,4   13:36   0,5   04:06   8,4   0,0   0,0   6,0  24,0   13:06     S
11  10,4  17,2   14:36   5,8   02:51   5,2   0,1   0,0   8,9  16,0   17:51   SSE
12  12,3  15,7   11:36   8,6   23:51   3,2   0,0   2,8  20,7  45,0   11:36     S
13   9,8  13,8   12:36   6,9   06:21   5,7   0,0   1,3  13,8  28,0   13:06    SW
14   5,3   8,3   00:06   2,8   23:21  10,2   0,0   5,5   5,8  16,0   10:36     W
15   3,7   7,5   15:21   0,2   06:21  11,8   0,0   0,0   7,5  21,0   13:36   ENE
16   1,9   4,9   15:51  -2,7   23:58  13,6   0,0   7,9  10,0  22,0   20:37    NE
17  -4,7  -2,7   00:00 -15,3   18:35  20,6   0,0   0,0  18,1  46,0   21:28    NE
18  -6,0  -3,0   13:27  -9,1   05:43  21,5   0,0   0,1  23,3  43,0   19:38    NE
19  -5,6  -3,9   12:49  -7,4   06:09  21,1   0,0   0,0  11,3  28,0   00:38    NE
20  -2,9   0,3   14:48  -5,1   01:20  18,4   0,0   0,0   4,9  23,0   13:42   NNW
21  -1,3   1,7   15:26  -3,9   23:40  16,8   0,0   0,1   9,8  27,0   07:08   NNW
22   0,6   6,5   13:21  -4,8   05:30  14,9   0,0   0,0  13,7  37,0   09:34     S
23   1,8   5,7   12:28  -1,8   02:49  13,7   0,0   0,0   4,7  15,0   12:44   WNW
24   4,5  10,7   12:34   0,3   05:36  11,0   0,0   0,0   5,7  24,0   11:42     E
25   4,1   9,9   13:59  -1,0   06:19  10,9   0,0   0,0  11,6  27,0   15:08   SSW
26   3,4   8,3   15:59  -2,3   05:27  12,1   0,0   0,0   6,9  23,0   15:49   SSW
27   3,6   7,8   15:39   1,0   23:36  11,9   0,0   1,1   7,9  27,0   11:49    NW
28   5,2  11,9   13:21  -0,9   02:50  10,3   0,0   0,1   7,8  32,0   13:47    SE
29   7,8  12,9   15:20   5,4   03:25   7,7   0,0   3,3  10,9  37,0   09:00    SW
30   9,0  15,0   13:44   2,9   06:57   6,5   0,0   0,0   7,2  19,0   12:21   SSE
31  11,3  17,1   10:50   6,9   03:41   4,2   0,0   0,1  10,0  36,0   16:46    SE
----------------------------------------------------------------------------------
     1,9  17,2    11   -15,3    17   420,0   0,1  24,7   9,3  46,0    17     SSE

Max >=  25,0:  0
Max <=  15,0: 28
Min <=  10,0: 31
Min <= -10,0:  5
Max Rain: 7,9 on day 16
Days of Rain: 8 (>= 0,2 mm)  5 (>= 2,0 mm)  0 (>= 20,0 mm)
Heat Base: 15,5  Cool Base: 15,5  Method: Integration