Raporty NOAA


Wybierz miesiac lub rok
V/Λ2018 > Sty Lut Marz Kwi Maj Cze Lip Sie Wrz Paz Lis Gru
V/Λ2017 > Sty Lut Marz Kwi Maj Cze Lip Sie Wrz Paz Lis Gru
V/Λ2016 > Sty Lut Marz Kwi Maj Cze Lip Sie Wrz Paz Lis Gru
V/Λ2015 > Sty Lut Marz Kwi Maj Cze Lip Sie Wrz Paz Lis Gru
V/Λ2014 > Sty Lut Marz Kwi Maj Cze Lip Sie Wrz Paz Lis Gru
V/Λ2013 > Sty Lut Marz Kwi Maj Cze Lip Sie Wrz Paz Lis Gru
V/Λ2012 > Sty Lut Marz Kwi Maj Cze Lip Sie Wrz Paz Lis Gru

Report for 2018 Lut
                   Monthly Climatological Summary for lut 2018

Name: Pogoda w Radlinie   City: Radlin   State: Woj. slaskie
Elevation: 283 m  Lat: N 50° 02' 43"   Lon: E 018° 29' 36"

                  Temperature (°C), Rain (mm), Wind Speed (km/h)

                                      Heat  Cool        Avg
    Mean                              Deg   Deg         Wind                 Dom
Day Temp  High   Time   Low    Time   Days  Days  Rain  Speed High   Time    Dir
----------------------------------------------------------------------------------
 1   4,5   5,7   02:58   1,1   23:29  11,0   0,0   6,6   7,9  27,0   00:23    SW
 2   2,1   4,5   14:35  -0,4   23:58  13,4   0,0   0,3   7,4  19,0   14:22     S
 3   1,1   4,2   13:04  -1,5   04:10  14,4   0,0   0,0   6,3  16,0   20:47   SSW
 4   0,2   1,6   14:33  -0,8   20:12  15,3   0,0   2,7   4,6  21,0   00:58    NW
 5  -2,7   0,9   11:58  -7,8   23:15  18,2   0,0   0,8   5,5  17,0   15:25   NNW
 6  -5,3  -1,3   13:53 -10,0   05:51  20,8   0,0   0,0   4,3  13,0   10:32   ESE
 7  -2,7  -0,1   14:31  -6,1   07:01  18,2   0,0   0,0   5,1  16,0   18:08    NE
 8  -1,8  -1,0   10:43  -2,6   22:13  17,4   0,0   0,0   7,1  18,0   10:10   NNW
 9  -2,7   0,3   13:36  -5,5   20:30  18,2   0,0   5,0   3,6  15,0   00:13   NNW
10  -2,6  -0,9   13:47  -3,9   04:23  18,1   0,0   0,0   2,6   9,0   12:48   NNW
11  -1,0   1,6   11:19  -4,7   07:28  16,5   0,0   0,2   7,1  19,0   21:14   SSE
12   1,4   3,5   14:36   0,2   06:02  14,1   0,0   0,1   7,6  22,0   01:15     S
13   0,1   1,9   13:20  -1,9   23:52  15,4   0,0   0,3   5,1  13,0   13:22   NNW
14  -1,1   1,2   12:16  -3,7   04:05  16,6   0,0   0,5   7,8  21,0   13:12     N
15  -1,0   1,1   14:08  -2,9   21:48  16,5   0,0   0,1   4,9  15,0   23:48   ENE
16  -0,4   1,6   13:57  -2,2   00:00  15,9   0,0   0,4  14,3  36,0   06:34   SSW
17   0,3   3,2   13:24  -2,2   07:32  15,2   0,0   0,1   5,8  22,0   03:29     S
18  -0,7   1,7   12:02  -4,2   22:05  16,2   0,0   0,0   2,8  18,0   12:02   NNW
19  -1,1   2,9   12:46  -4,5   03:20  16,6   0,0   0,0   6,0  23,0   10:52     E
20  -2,1   3,6   14:48  -5,6   07:10  17,6   0,0   0,0   5,9  16,0   14:50    NE
21  -2,9  -1,0   12:37  -5,8   04:48  18,4   0,0   0,0   5,5  18,0   13:11   NNE
22  -2,6  -0,5   13:14  -4,9   21:55  18,1   0,0   0,0  11,7  31,0   12:49   NNE
23  -3,9  -1,6   13:49  -6,2   23:59  19,4   0,0   0,0   9,7  23,0   16:13   NNE
24  -7,3  -3,0   14:22 -11,1   23:49  22,8   0,0   0,4   9,8  33,0   16:28   NNW
25 -11,1  -8,1   13:30 -14,0   23:49  26,6   0,0   0,0   8,1  28,0   09:49   NNE
26 -11,7  -8,0   13:41 -15,4   05:09  27,2   0,0   0,0   8,1  30,0   10:10   NNE
27 -11,7  -8,8   14:07 -13,9   01:49  27,2   0,0   0,0  16,3  34,0   04:37    NE
28 -11,0  -7,5   15:41 -13,5   05:11  26,5   0,0   0,0  10,7  26,0   08:23    NE
----------------------------------------------------------------------------------
    -2,8   5,7     1   -15,4    26   511,8   0,0  17,5   7,3  36,0    16     NNE

Max >=  25,0:  0
Max <=  15,0: 28
Min <=  10,0: 28
Min <= -10,0:  6
Max Rain: 6,6 on day 1
Days of Rain: 10 (>= 0,2 mm)  3 (>= 2,0 mm)  0 (>= 20,0 mm)
Heat Base: 15,5  Cool Base: 15,5  Method: Integration