Raporty NOAA



Report for 2018 Sty
´╗┐                   Monthly Climatological Summary for sty 2018

Name: Pogoda w Radlinie   City: Radlin   State: Woj. slaskie
Elevation: 283 m  Lat: N 50┬░ 02' 43"   Lon: E 018┬░ 29' 36"

                  Temperature (┬░C), Rain (mm), Wind Speed (km/h)

                                      Heat  Cool        Avg
    Mean                              Deg   Deg         Wind                 Dom
Day Temp  High   Time   Low    Time   Days  Days  Rain  Speed High   Time    Dir
----------------------------------------------------------------------------------
 1   5,3   8,2   00:06   2,3   23:58  10,2   0,0   0,0  14,8  38,0   06:55   SSW
 2   3,0   5,3   13:49   0,0   07:59  12,5   0,0   0,0   9,6  27,0   11:02   SSW
 3   3,1   5,5   12:32  -0,1   07:46  12,4   0,0   0,1  17,2  43,0   13:24   SSW
 4   5,3   7,3   13:40   3,7   06:59  10,2   0,0   0,0  15,9  38,0   01:49   SSW
 5   7,1   8,9   19:38   5,0   00:00   8,4   0,0   0,5  17,7  39,0   03:29   SSW
 6   8,4  11,2   15:14   6,9   03:19   7,2   0,0   0,0   6,1  21,0   11:27    SW
 7   5,0   7,1   01:07   2,2   23:24  10,5   0,0   0,9   8,6  23,0   12:12     N
 8   1,1   2,7   00:15   0,1   23:40  14,4   0,0   1,3  12,1  27,0   00:05    NE
 9   1,0   4,4   13:33  -2,1   07:15  14,5   0,0   0,0  12,4  30,0   14:20     E
10   3,6   6,0   13:56   0,3   17:48  11,9   0,0   0,9   2,3  36,0   21:18   SSE
11   7,4  12,3   23:48   2,8   00:03   8,1   0,0   0,0  23,3  43,0   12:48     S
12   9,8  14,0   05:03   4,5   23:48   5,7   0,0   0,0  23,6  50,0   02:33   SSW
13   2,6   5,5   14:18  -0,1   22:33  12,9   0,0   0,0  10,7  22,0   00:03   SSW
14   0,8  23,2   12:33  -6,4   22:06  14,9   0,1   0,0   7,3  43,0   13:48     S
15  -3,5   0,3   13:18  -6,2   00:02  19,0   0,0   0,0   7,6  28,0   12:30    SE
16  -0,9   2,8   12:14  -5,1   02:09  16,4   0,0   0,0  15,1  40,0   22:10     S
17   0,9   3,3   11:13  -0,4   07:01  14,6   0,0   0,0  12,4  30,0   05:55   SSW
18   1,8   5,1   22:04  -2,6   04:10  13,7   0,0   1,5  20,9  53,0   15:31   SSW
19   1,7   4,3   00:08  -0,1   20:17  13,8   0,0   0,0   8,3  37,0   00:46     W
20   0,0   2,4   13:06  -3,3   23:22  15,5   0,0   0,3   9,9  28,0   18:45     S
21  -1,0   0,9   14:00  -2,9   00:00  16,5   0,0   1,7   5,5  17,0   15:17   NNW
22  -2,2   0,9   12:42  -3,8   06:37  17,7   0,0   0,7   5,6  21,0   15:03   ENE
23  -0,9   0,9   13:12  -3,4   00:00  16,4   0,0   0,4   6,5  18,0   23:17     S
24   3,2   5,9   13:07   0,8   00:00  12,3   0,0   0,3  19,7  43,0   10:50     S
25   4,1   7,9   13:25   1,4   23:25  11,4   0,0   0,0  14,8  37,0   09:45   SSW
26   2,5   6,3   12:37   0,5   04:43  13,0   0,0   0,0  12,4  34,0   12:58     S
27   2,3   3,8   13:47   0,7   02:37  13,2   0,0   0,6   3,6  18,0   00:45     S
28   4,3   6,4   16:02   1,7   06:24  11,2   0,0   0,0  17,7  39,0   07:56   SSW
29   7,4  10,1   12:40   5,4   04:41   8,1   0,0   0,2  18,4  50,0   13:06   SSW
30   4,7   8,3   00:09   0,3   23:51  10,8   0,0   2,8  15,2  40,0   05:18   WNW
31   3,0   8,0   12:19  -1,2   04:42  12,5   0,0   0,0  14,6  37,0   12:25     S
----------------------------------------------------------------------------------
     2,9  23,2    14    -6,4    14   389,9   0,1  12,2  12,1  53,0    18     SSW

Max >=  25,0:  0
Max <=  15,0: 30
Min <=  10,0: 31
Min <= -10,0:  0
Max Rain: 2,8 on day 30
Days of Rain: 13 (>= 0,2 mm)  1 (>= 2,0 mm)  0 (>= 20,0 mm)
Heat Base: 15,5  Cool Base: 15,5  Method: Integration