Raporty NOAA



Report for 2018
´╗┐                   Annual Climatological Summary for 2018

Name: Pogoda w Radlinie   City: Radlin   State: Woj. slaskie
Elevation: 283 m  Lat: N 50┬░ 02' 43"   Lon: E 018┬░ 29' 36"

                  Temperature (┬░C), Heat Base: 15,5  Cool Base: 15,5
                          Dep.  Heat  Cool                       Max  Max  Min  Min
        Mean  Mean        From  Deg   Deg                        >=   <=   <=   <=
 YR MO  Max   Min   Mean  Norm  Days  Days  Hi  Date  Low  Date 25,0 15,0 10,0 -10,0
------------------------------------------------------------------------------------
 18  1   6,4   0,0   2,9   5,0   389     0  23,2  14  -6,4   14    0   30   31    0
 18  2  -0,1  -5,5  -2,8  -1,8   511     0   5,7   1 -15,4   26    0   28   28    6
 18  3   6,5  -2,4   1,9  -1,1   420     0  17,2  11 -15,3   17    0   28   31    5
 18  4  22,0   8,8  15,3   7,6    76    71  29,0  29   0,7    7   10    3   18    0
 18  5  22,9  11,5  17,3   4,0    36    93  29,7   3  -1,7   11    8    2    7    0
 18  6  23,7  13,6  18,8   2,7    17   115  31,2  21   1,4    2   14    0    3    0
 18  7  25,9  15,3  20,6   2,6     7   164  31,1   5   8,1    2   23    0    3    0
 18  8  27,5  16,2  21,8   5,0     6   202  33,3   9   7,5   27   24    0    1    0
 18  9  22,2  11,0  16,4   3,1    50    75  28,7  12   0,0    1   11    3    9    0
 18 10  16,7   7,2  11,4   3,0   149    22  25,2  14   1,7   22    1   11   25    0
 18 11  10,1   2,9   6,1   3,0   288     6  21,6   6  -6,7   30    0   19   28    0
 18 12   5,0   0,2   2,7   2,9   153     0   9,3   8  -6,0    1    0   12   12    0
------------------------------------------------------------------------------------
        15,7   6,6  11,0   3,0  2107   752  33,3 sie -15,4  lut   91  136  196   11

                                Precipitation (mm)

              Dep.   Max        Days of Rain
              From   Obs.           >=
 YR MO Total  Norm   Day Date  0,2  2,0 20,0
---------------------------------------------
 18  1  12,2 -21,8   2,8  30    13    1    0
 18  2  17,5  -8,5   6,6   1    10    3    0
 18  3  24,7 -24,3   7,9  16     8    5    0
 18  4   9,4 -35,6   3,0  26     7    3    0
 18  5  67,7 -75,3  20,3   3    11    6    1
 18  6  77,3 -15,7  18,1   2    13    7    0
 18  7  49,3-129,7  13,5  17    11    8    0
 18  8  36,7 -77,3   8,8   8    10    5    0
 18  9  30,9 -27,1   7,4  14     8    7    0
 18 10  19,0 -23,0   5,9  24    10    3    0
 18 11   0,0 -27,0   0,0   0     0    0    0
 18 12   0,0 -25,0   0,0   0     0    0    0
---------------------------------------------
       344,7-490,3  20,3  maj  101   48    1

                                Wind Speed (km/h)
                          Dom
 YR MO   Avg.  Hi   Date  Dir
------------------------------
 18  1  12,1  53,0   18     S
 18  2   7,3  36,0   16   NNE
 18  3   9,3  46,0   17     E
 18  4   9,3  51,0    8     S
 18  5   7,1  45,0   14    NE
 18  6   5,9  55,0   21    NW
 18  7   5,6  37,0   14   WNW
 18  8   5,3  39,0    8     E
 18  9   6,5  51,0   24     S
 18 10   5,0  50,0   24    SW
 18 11   0,0   0,0    0   ---
 18 12   0,0   0,0    0   ---
------------------------------
         6,1  55,0  cze   SSE