Raporty NOAA


Wybierz miesiac lub rok

Report for 2017 Gru
´╗┐                   Monthly Climatological Summary for gru 2017

Name: Pogoda w Radlinie   City: Radlin   State: Woj. slaskie
Elevation: 283 m  Lat: N 50┬░ 02' 43"   Lon: E 018┬░ 29' 36"

                  Temperature (┬░C), Rain (mm), Wind Speed (km/h)

                                      Heat  Cool        Avg
    Mean                              Deg   Deg         Wind                 Dom
Day Temp  High   Time   Low    Time   Days  Days  Rain  Speed High   Time    Dir
----------------------------------------------------------------------------------
 1  -0,4   1,5   14:29  -4,8   23:57  15,9   0,0   5,2   3,6  13,0   14:08   SSW
 2  -2,4   0,2   22:01  -6,4   04:31  17,9   0,0   0,0   1,9  11,0   23:37   NNE
 3  -0,7   0,6   17:00  -2,6   23:53  16,2   0,0   0,0   5,6  23,0   23:53   NNW
 4  -0,5   1,3   17:19  -3,5   02:16  16,0   0,0   0,0  12,5  31,0   00:19    SW
 5   1,1   3,0   22:49  -0,2   04:16  14,4   0,0   1,1  10,3  26,0   15:20    SW
 6   3,0   4,3   13:54   1,9   16:50  12,5   0,0   2,3  11,5  27,0   05:45    SW
 7   3,0   5,1   11:49   1,3   06:50  12,5   0,0   0,0  19,4  40,0   11:41   SSW
 8   3,2   4,9   09:51   1,9   22:30  12,3   0,0   0,0  15,8  39,0   06:27   SSW
 9   1,1   3,1   11:57  -0,4   17:18  14,4   0,0   0,0   7,7  21,0   21:54   WSW
10   0,8   3,6   23:55  -1,7   07:22  14,7   0,0   0,0  18,0  43,0   19:54     S
11   8,0  12,9   20:58   3,6   00:00   7,5   0,0   0,0  23,2  51,0   13:17     S
12   9,2  14,4   07:40   4,0   23:52   6,3   0,0   0,0  21,5  53,0   01:26   SSW
13   2,3   5,7   13:25  -0,1   21:01  13,2   0,0   0,0  10,2  28,0   13:10   SSW
14   3,6   5,9   11:16   0,6   23:46  11,9   0,0   0,0  18,4  43,0   12:31     S
15   3,1   6,0   12:46   0,2   23:44  12,4   0,0   0,0   5,4  27,0   09:31   SSW
16   0,2   1,9   17:25  -2,1   04:52  15,3   0,0   0,0   4,5  18,0   20:55    SW
17   0,9   4,3   12:50  -0,4   04:46  14,6   0,0   0,0   6,9  18,0   01:08   SSW
18  -0,5   1,4   11:10  -3,6   22:42  16,0   0,0   0,0   6,6  17,0   01:16   NNW
19  -2,1  -0,8   13:42  -3,7   07:46  17,6   0,0   0,0   5,0  17,0   13:09   WSW
20  -1,0   0,8   14:30  -3,1   00:05  16,5   0,0   0,0   5,9  19,0   12:59     W
21   0,0   2,2   23:57  -2,4   00:16  15,5   0,0   2,3  12,1  31,0   11:15   SSW
22   2,9   5,0   14:23   1,5   07:48  12,6   0,0   0,9   9,7  32,0   20:05     W
23   4,0   7,1   23:43   2,5   02:47  11,5   0,0   0,4  13,4  34,0   13:17   WSW
24   7,2   9,0   12:52   5,7   03:02   8,3   0,0   1,8  13,4  30,0   19:21    SW
25   6,4  10,0   12:46   3,1   23:59   9,1   0,0   0,0  14,9  31,0   22:26   SSW
26   3,6   8,1   12:31  -0,2   06:51  11,9   0,0   0,0  13,1  34,0   12:29   SSW
27   5,1  10,6   14:39  -1,5   07:56  10,4   0,0   0,0  14,6  42,0   15:08   SSE
28   6,2  10,0   04:52   2,0   21:05   9,3   0,0   1,2  15,3  39,0   06:52     S
29   0,2   2,3   00:00  -2,4   23:52  15,3   0,0   5,3   6,3  21,0   00:02    SW
30  -1,2   2,0   23:53  -4,5   06:08  16,7   0,0   1,3  12,3  42,0   23:12     S
31   5,7   8,6   19:42   1,7   00:11   9,8   0,0   1,2  18,2  40,0   00:00   SSW
----------------------------------------------------------------------------------
     2,3  14,4    12    -6,4     2   408,5   0,0  23,0  11,5  53,0    12     SSW

Max >=  25,0:  0
Max <=  15,0: 31
Min <=  10,0: 31
Min <= -10,0:  0
Max Rain: 5,3 on day 29
Days of Rain: 11 (>= 0,2 mm)  4 (>= 2,0 mm)  0 (>= 20,0 mm)
Heat Base: 15,5  Cool Base: 15,5  Method: Integration