Raporty NOAA


Wybierz miesiac lub rok

Report for 2017 Lis
´╗┐                   Monthly Climatological Summary for lis 2017

Name: Pogoda w Radlinie   City: Radlin   State: Woj. slaskie
Elevation: 283 m  Lat: N 50┬░ 02' 43"   Lon: E 018┬░ 29' 36"

                  Temperature (┬░C), Rain (mm), Wind Speed (km/h)

                                      Heat  Cool        Avg
    Mean                              Deg   Deg         Wind                 Dom
Day Temp  High   Time   Low    Time   Days  Days  Rain  Speed High   Time    Dir
----------------------------------------------------------------------------------
 1   6,3   8,7   13:10   4,4   03:34   9,2   0,0   0,3  14,8  34,0   20:43   SSW
 2   8,4  10,6   15:36   7,0   00:48   7,1   0,0   9,9  15,0  38,0   07:23    SW
 3   8,1  10,1   11:55   6,6   23:57   7,4   0,0   0,1   6,5  22,0   08:45   WNW
 4   8,0  13,9   12:56   2,3   06:46   7,5   0,0   0,1   7,6  26,0   14:07     S
 5   9,1  15,3   11:46   5,3   04:07   6,4   0,0   0,0   7,0  34,0   12:10     S
 6   9,3  11,8   12:59   7,9   23:37   6,2   0,0   0,0   6,8  21,0   02:19     W
 7   7,2  10,8   13:15   3,0   23:59   8,3   0,0   0,0   8,0  26,0   13:20    NE
 8   4,4   6,1   13:53   1,3   04:42  11,1   0,0   0,0   5,9  22,0   12:15   ENE
 9   6,7   9,4   12:18   4,6   00:00   8,8   0,0   0,4   6,7  18,0   16:10   SSW
10   7,0   8,5   12:38   5,5   21:19   8,5   0,0   1,5  16,5  51,0   21:38   SSW
11   5,8   8,0   11:59   4,0   07:08   9,7   0,0   0,8  16,5  38,0   13:39    SW
12   5,1   8,0   10:40   3,1   07:35  10,4   0,0   2,8   8,0  24,0   00:18     S
13   3,1   4,7   02:59   2,0   11:14  12,4   0,0   2,4  10,8  30,0   16:04    NW
14   2,6   5,5   13:43   0,2   18:21  12,9   0,0   1,5   6,5  18,0   12:16    NW
15   2,7   7,2   14:22  -0,9   05:22  12,8   0,0   0,0   6,7  17,0   00:07     S
16   3,1   8,8   13:22  -1,5   07:22  12,4   0,0   0,1   3,1  15,0   13:22   ESE
17   4,4   5,1   12:52   3,7   00:07  11,0   0,0   3,1   6,5  18,0   08:52   WSW
18   3,7   6,4   13:32   1,5   06:48  11,8   0,0   0,2   9,4  30,0   23:15   WSW
19   4,1   7,4   13:32   2,4   06:24  11,4   0,0   0,1  13,9  37,0   23:55    SW
20   1,8   5,0   10:55   0,4   02:07  13,7   0,0   3,8  10,9  28,0   00:00     W
21   2,7   5,3   22:33   1,4   06:45  12,8   0,0   3,0  10,8  26,0   12:48   SSW
22   6,9   8,6   14:42   5,0   00:00   8,6   0,0   0,6  11,4  31,0   11:52   SSW
23   6,9  12,5   13:53   4,2   06:13   8,6   0,0   0,0  16,0  39,0   20:39   SSW
24   6,5   9,6   13:09   4,3   05:55   9,0   0,0   0,0  18,0  36,0   07:45   SSW
25   7,9  12,3   15:16   4,2   07:03   7,6   0,0   2,8  13,1  43,0   14:14   SSW
26   2,7   6,7   01:35  -0,6   22:10  12,8   0,0   0,2   8,3  31,0   06:06    NW
27   0,8   4,1   13:49  -0,9   03:22  14,7   0,0   0,6   8,7  22,0   21:25     S
28   3,2   6,2   14:12  -0,7   00:23  12,3   0,0   0,0  12,6  33,0   12:08     S
29   1,3   3,7   00:26   0,5   04:13  14,2   0,0   8,0   3,9  21,0   00:21   SSW
30   0,4   1,2   07:38   0,2   15:02  15,1   0,0   2,0   0,5   6,0   02:57    NE
----------------------------------------------------------------------------------
     5,0  15,3     5    -1,5    16   314,7   0,0  44,3  10,1  51,0    10      SW

Max >=  25,0:  0
Max <=  15,0: 29
Min <=  10,0: 30
Min <= -10,0:  0
Max Rain: 9,9 on day 2
Days of Rain: 18 (>= 0,2 mm)  9 (>= 2,0 mm)  0 (>= 20,0 mm)
Heat Base: 15,5  Cool Base: 15,5  Method: Integration