Raporty NOAA



Report for 2017 Paz
                   Monthly Climatological Summary for paź 2017

Name: Pogoda w Radlinie   City: Radlin   State: Woj. slaskie
Elevation: 283 m  Lat: N 50° 02' 43"   Lon: E 018° 29' 36"

                  Temperature (°C), Rain (mm), Wind Speed (km/h)

                                      Heat  Cool        Avg
    Mean                              Deg   Deg         Wind                 Dom
Day Temp  High   Time   Low    Time   Days  Days  Rain  Speed High   Time    Dir
----------------------------------------------------------------------------------
 1  12,1  18,1   15:12   7,1   05:26   3,8   0,4   0,0   5,5  22,0   12:42   SSE
 2  11,5  17,7   14:34   4,9   07:14   4,3   0,3   0,0   7,1  28,0   14:34     S
 3  10,8  12,3   00:04   9,6   23:49   4,7   0,0  25,0   6,5  19,0   17:34   WSW
 4  11,2  13,8   14:04   8,4   08:04   4,3   0,0   0,1   9,4  21,0   12:34    SW
 5  11,5  14,7   19:49   9,8   12:19   4,0   0,0   4,5  17,0  40,0   19:49   WSW
 6   9,2  11,5   15:34   7,7   23:16   6,3   0,0   7,5   7,3  30,0   00:34     W
 7   9,6  12,6   16:26   7,5   03:10   5,9   0,0   2,5   8,0  26,0   12:29   WSW
 8   9,2  11,6   14:37   6,7   23:50   6,3   0,0   5,0  11,0  33,0   06:12    SW
 9   7,7  11,6   15:48   4,7   05:45   7,8   0,0   0,0   8,4  26,0   12:08     W
10   8,8  12,0   16:10   5,6   00:33   6,7   0,0   0,8  10,9  28,0   09:40   SSW
11  13,1  16,4   12:35  10,6   03:20   2,4   0,1   0,1  11,5  24,0   10:20    SW
12  14,5  18,8   14:05  11,1   07:05   1,6   0,5   0,0  12,2  26,0   13:35    SW
13  12,6  15,9   14:20  10,7   06:20   2,9   0,0   0,0   3,3  23,0   11:50   WNW
14  13,4  17,6   16:07  10,5   07:24   2,4   0,3   0,0   6,3  18,0   15:36   SSW
15  15,6  22,6   14:14  11,6   07:47   1,3   1,4   0,0   6,7  17,0   03:37   SSW
16  16,4  22,4   15:43  11,9   07:59   1,1   2,0   0,0  12,3  37,0   12:47   SSW
17  16,4  23,2   14:08  11,7   06:39   1,1   2,0   0,0  10,2  22,0   11:07   SSW
18  15,6  23,9   14:25  10,8   07:07   1,7   1,9   0,0   3,8  12,0   00:26     S
19  12,8  19,8   16:14   8,9   07:53   3,1   0,4   0,0   3,4  13,0   08:38     S
20  11,5  18,7   14:28   6,1   06:22   4,4   0,4   0,2   5,8  16,0   21:07   SSE
21  10,8  13,4   13:35   8,3   22:53   4,7   0,0   0,0   8,4  23,0   05:57   SSW
22   9,1  11,4   13:23   5,7   11:12   6,4   0,0   7,6   4,2  23,0   13:35   SSW
23   8,5   9,8   15:23   7,3   07:14   7,0   0,0   0,3   7,8  23,0   13:46   NNW
24   8,2  12,0   12:45   3,9   23:59   7,3   0,0   0,0   6,6  24,0   01:24     N
25   8,3  12,3   21:59   3,6   00:15   7,2   0,0   1,0  12,1  34,0   15:34   SSW
26  12,6  17,0   13:24   9,6   07:25   3,0   0,1   0,4   7,6  21,0   01:47    SW
27   9,5  11,7   00:43   7,7   18:09   6,0   0,0   7,4   9,6  27,0   14:39   WNW
28   7,6   9,6   12:54   5,5   05:30   7,9   0,0   1,0  13,5  34,0   22:25   WSW
29   5,9   9,1   01:25   2,2   19:18  10,1   0,0  21,6  25,9  60,0   18:44     W
30   3,7   6,7   12:14   0,9   21:25  11,8   0,0   0,2  17,4  59,0   13:40    NW
31   4,1   7,2   12:16   1,3   05:59  11,4   0,0   0,0   9,6  24,0   10:55     W
----------------------------------------------------------------------------------
    10,7  23,9    18     0,9    30   158,9   9,8  85,2   9,2  60,0    29     WSW

Max >=  25,0:  0
Max <=  15,0: 18
Min <=  10,0: 23
Min <= -10,0:  0
Max Rain: 25,0 on day 3
Days of Rain: 15 (>= 0,2 mm)  8 (>= 2,0 mm)  2 (>= 20,0 mm)
Heat Base: 15,5  Cool Base: 15,5  Method: Integration