Raporty NOAA


Wybierz miesiac lub rok

Report for 2017 Wrz
                   Monthly Climatological Summary for wrz 2017

Name: Pogoda w Radlinie   City: Radlin   State: Woj. slaskie
Elevation: 283 m  Lat: N 50° 02' 43"   Lon: E 018° 29' 36"

                  Temperature (°C), Rain (mm), Wind Speed (km/h)

                                      Heat  Cool        Avg
    Mean                              Deg   Deg         Wind                 Dom
Day Temp  High   Time   Low    Time   Days  Days  Rain  Speed High   Time    Dir
----------------------------------------------------------------------------------
 1  16,9  22,2   00:00  11,7   23:13   0,6   2,1  10,3   9,9  24,0   19:17    NW
 2  12,5  14,1   17:41  11,3   08:23   3,0   0,0   0,9   6,8  23,0   05:16   NNW
 3  12,1  13,1   14:26  11,1   05:04   3,4   0,0  12,3   6,5  22,0   17:58   NNW
 4  13,7  18,4   15:51  10,2   08:21   2,2   0,4   0,4   9,9  28,0   15:51   WNW
 5  13,7  16,1   16:52  11,6   03:15   1,8   0,0   0,5   7,5  31,0   13:08     W
 6  16,9  21,3   15:39  14,0   01:36   0,5   1,8   2,3   7,3  40,0   23:26    SW
 7  14,7  17,9   17:35  12,0   07:34   1,1   0,3   0,4  11,1  30,0   15:24     W
 8  15,5  21,2   16:24  10,8   04:19   1,5   1,5   0,0  10,6  31,0   11:43   SSW
 9  18,5  24,7   15:29  11,0   06:20   0,7   3,7   0,0   9,0  36,0   13:26     S
10  17,8  22,0   15:31  14,6   06:26   0,1   2,4   0,0   4,5  16,0   15:59   WNW
11  18,1  23,6   13:57  14,6   01:16   0,1   2,8   4,0   4,7  26,0   23:53   WSW
12  13,8  16,3   15:34  12,1   21:50   1,8   0,1   5,7   5,8  28,0   00:08   WSW
13  15,2  19,1   23:50  11,0   06:42   1,4   1,1   0,0  16,0  56,0   16:22    SW
14  19,2  25,0   13:07  11,6   23:57   0,5   4,2   2,3  16,8  42,0   02:41    SW
15  13,3  17,0   15:10  11,0   03:55   2,2   0,1   0,0  11,1  37,0   06:22    SW
16  12,4  13,4   16:59  11,4   06:45   3,1   0,0   4,7   2,3  11,0   08:33     E
17  11,4  12,6   00:14   9,9   22:58   4,1   0,0  36,9   7,1  23,0   18:32   NNW
18  12,3  16,9   14:48   8,8   06:28   3,3   0,1   0,1   8,7  30,0   14:22    SW
19  10,7  14,1   15:46   7,4   05:07   4,8   0,0   3,4   3,2  16,0   21:47   NNE
20  10,6  11,8   19:21  10,2   07:22   4,9   0,0   6,2   9,0  28,0   11:38   NNW
21  10,4  11,6   16:39   8,8   07:26   5,1   0,0  11,1  11,8  27,0   13:42    NW
22  10,9  12,1   14:16  10,2   05:58   4,6   0,0   5,4   5,7  18,0   10:12    NW
23  10,6  11,7   23:40   9,4   05:29   4,9   0,0  16,9  10,1  33,0   10:56    NW
24  12,6  14,8   15:31  11,4   07:34   2,9   0,0   1,2   3,0  10,0   00:09    NE
25  14,1  18,4   14:20  12,3   02:07   1,8   0,4   0,5   4,6  15,0   16:54   SSE
26  14,0  19,2   15:30  11,3   07:09   2,0   0,5   0,0   5,4  13,0   15:34   ENE
27  12,8  17,0   17:11  11,0   07:27   2,8   0,1   0,0   5,5  17,0   22:10     E
28  13,0  19,0   15:53   8,5   07:07   3,1   0,6   0,0   5,3  18,0   21:33     E
29  12,7  19,1   14:55   6,7   07:11   3,6   0,7   0,0   4,2  17,0   11:26     S
30  13,8  17,8   13:30  10,7   23:59   2,1   0,4   0,0   4,6  15,0   13:38   SSE
----------------------------------------------------------------------------------
    13,8  25,0    14     6,7    29    74,0  23,3 125,5   7,6  56,0    13       W

Max >=  25,0:  1
Max <=  15,0: 10
Min <=  10,0:  7
Min <= -10,0:  0
Max Rain: 36,9 on day 17
Days of Rain: 19 (>= 0,2 mm)  13 (>= 2,0 mm)  1 (>= 20,0 mm)
Heat Base: 15,5  Cool Base: 15,5  Method: Integration