Raporty NOAA


Wybierz miesiac lub rok

Report for 2017 Sie
                   Monthly Climatological Summary for sie 2017

Name: Pogoda w Radlinie   City: Radlin   State: Woj. slaskie
Elevation: 283 m  Lat: N 50° 02' 43"   Lon: E 018° 29' 36"

                  Temperature (°C), Rain (mm), Wind Speed (km/h)

                                      Heat  Cool        Avg
    Mean                              Deg   Deg         Wind                 Dom
Day Temp  High   Time   Low    Time   Days  Days  Rain  Speed High   Time    Dir
----------------------------------------------------------------------------------
 1  27,4  35,3   14:46  18,8   06:26   0,0  11,9   0,0   8,6  33,0   11:46     S
 2  25,2  30,6   14:28  21,3   06:15   0,0   9,7   0,1   4,8  26,0   04:56   NNW
 3  24,6  32,6   14:47  16,8   05:28   0,0   9,1   2,9   6,8  59,0   22:15    SW
 4  23,3  27,5   17:55  17,0   04:13   0,0   7,8   0,4   0,3  45,0   23:37   SSW
 5  24,5  30,2   13:14  19,0   05:52   0,0   9,0   0,0   3,3  48,0   10:36   SSW
 6  20,0  23,7   16:51  14,8   23:48   0,0   4,5   0,1   7,7  28,0   03:28     N
 8  19,1  26,2   18:32  11,1   02:36   0,7   4,4   0,0   4,0  19,0   09:28   ESE
 9  23,6  29,5   17:37  17,5   05:29   0,0   8,2   0,0   5,2  21,0   11:54     S
10  25,4  31,0   17:25  20,9   21:53   0,0   9,9   0,4   7,0  46,0   04:53    SE
11  24,8  32,3   16:16  18,2   05:07   0,0   9,2  10,5   8,6  42,0   00:50     E
12  17,4  21,4   18:28  15,1   10:08   0,0   1,9   4,9   5,8  21,0   01:27    NW
13  17,3  22,1   17:30  12,4   04:59   0,6   2,4   0,0   3,0  16,0   08:49   NNW
14  18,2  22,4   17:39  15,9   08:07   0,0   2,7   4,4   5,7  17,0   05:20     N
15  20,7  26,5   16:37  14,3   06:10   0,1   5,2   0,0   5,7  17,0   17:45   ESE
16  21,4  28,4   13:14  15,6   05:40   0,0   5,9   0,0   7,1  28,0   15:47     W
17  20,7  25,1   16:35  17,8   06:27   0,0   5,2   0,0   3,6  12,0   00:29   NNE
18  23,6  30,1   17:47  16,5   03:48   0,0   8,1   0,0   6,1  23,0   13:51     S
19  19,3  23,6   05:27  15,5   23:21   0,0   3,8   6,3   5,0  18,0   05:21     W
20  14,9  17,0   17:56  12,8   23:55   0,7   0,1  12,2   3,4  19,0   07:25   NNW
21  15,2  19,3   13:35  12,1   02:09   1,3   1,0   0,2   6,9  27,0   17:27   WNW
22  14,6  18,8   16:13  11,4   23:49   1,6   0,7   1,6   6,4  23,0   18:26   WNW
23  14,4  19,7   15:47  11,0   00:55   1,8   0,8   0,0   6,5  23,0   11:39   WNW
24  17,3  24,8   15:53   9,8   05:33   1,7   3,5   0,0   8,0  22,0   14:08   SSW
25  21,0  27,8   16:28  15,2   06:07   0,0   5,5   0,0   4,4  33,0   16:10   WSW
26  21,3  26,8   14:45  16,9   05:27   0,0   5,8   0,0   2,8  12,0   12:50     E
27  22,0  26,8   14:13  17,8   23:59   0,0   6,5   0,0   8,0  27,0   15:49    NW
28  17,4  21,0   14:54  13,8   06:32   0,2   2,1   0,0   4,8  18,0   12:28   NNW
29  17,7  23,0   15:54  11,4   06:08   0,9   3,1   0,0   4,3  17,0   14:54   ESE
30  19,7  27,0   17:31  12,0   04:48   0,6   4,8   0,0   7,1  23,0   11:20     S
31  22,3  29,5   16:07  14,4   06:11   0,1   6,8   0,0   6,6  19,0   09:47     S
----------------------------------------------------------------------------------
    20,5  35,3     1     9,8    24    10,3 159,6  44,0   5,6  59,0     3     WSW

Max >=  25,0: 18
Max <=  15,0:  0
Min <=  10,0:  1
Min <= -10,0:  0
Max Rain: 12,2 on day 20
Days of Rain: 10 (>= 0,2 mm)  6 (>= 2,0 mm)  0 (>= 20,0 mm)
Heat Base: 15,5  Cool Base: 15,5  Method: Integration