Raporty NOAA


Wybierz miesiac lub rok

Report for 2017 Lip
                   Monthly Climatological Summary for lip 2017

Name: Pogoda w Radlinie   City: Radlin   State: Woj. slaskie
Elevation: 283 m  Lat: N 50° 02' 43"   Lon: E 018° 29' 36"

                  Temperature (°C), Rain (mm), Wind Speed (km/h)

                                      Heat  Cool        Avg
    Mean                              Deg   Deg         Wind                 Dom
Day Temp  High   Time   Low    Time   Days  Days  Rain  Speed High   Time    Dir
----------------------------------------------------------------------------------
 1  19,6  24,4   13:56  14,8   03:08   0,0   4,2   0,1  10,7  40,0   14:59     W
 2  18,0  22,4   17:54  15,1   10:25   0,0   2,5   1,6  10,8  32,0   19:18   WNW
 3  17,3  21,4   18:13  13,7   23:41   0,2   2,0   0,0  10,4  31,0   11:36   NNW
 4  17,2  23,5   16:14  11,9   02:08   1,0   2,7   0,0   9,7  31,0   17:09     W
 5  18,3  25,0   14:29  12,6   04:44   0,4   3,2   7,1   6,9  33,0   16:25     W
 6  17,8  23,1   17:26  13,6   04:54   0,4   2,7   1,1   4,3  17,0   12:15     N
 7  17,3  23,7   17:46  12,9   04:25   0,4   2,2  21,3   7,9  71,0   18:49   SSW
 8  19,7  24,1   13:21  16,1   02:49   0,0   4,2   2,6   6,5  38,0   17:38     W
 9  21,7  27,3   17:55  15,0   05:21   0,0   6,3   0,0   5,3  16,0   12:41     S
10  23,3  27,9   16:59  19,4   03:39   0,0   7,8   2,2   8,1  28,0   12:57     S
11  20,2  23,0   17:36  17,3   08:36   0,0   4,7   2,7   8,2  27,0   12:34   WSW
12  20,9  27,4   16:14  15,6   04:28   0,0   5,4   5,5   8,6  23,0   15:12    SW
13  16,0  19,4   17:43  12,2   07:22   0,5   1,0   1,8  16,7  50,0   02:48    NW
14  16,0  21,8   16:45   8,4   05:15   1,5   2,0   0,0   3,9  18,0   11:35     N
15  16,2  20,7   14:28  11,5   06:40   0,6   1,3   0,4   5,2  27,0   14:16   NNE
16  17,6  23,0   13:54  11,0   05:26   0,8   2,9   0,0   6,2  21,0   12:40     N
17  18,6  24,9   13:10  12,4   03:07   0,2   3,3   0,3   7,9  67,0   18:29   WSW
18  21,3  27,1   14:40  15,1   05:07   0,0   5,8   0,0   3,1  43,0   05:28   NNE
19  23,9  32,2   19:31  16,1   05:15   0,0   8,4   0,0   6,9  27,0   13:31     S
20  24,9  32,4   15:43  17,2   06:17   0,0   9,4   0,0   6,6  28,0   12:30   WSW
21  20,8  24,5   18:19  17,1   11:29   0,0   5,3  12,2   5,6  44,0   05:40   NNW
22  22,7  30,5   18:25  16,3   05:15   0,0   7,2   2,1   6,2  38,0   20:58    SE
23  20,6  27,8   10:47  15,7   23:53   0,0   5,1   2,7   6,6  28,0   15:12    SW
24  20,1  26,2   17:32  15,6   04:53   0,0   4,6   4,8   4,7  18,0   06:29   SSE
25  17,1  22,5   19:09  12,8   09:39   0,0   1,6   1,6   9,6  27,0   17:21     W
26  17,2  21,5   16:17  11,2   04:47   0,4   2,1   0,0  11,1  64,0   20:07    SW
27  16,6  20,7   12:24  14,7   05:07   0,1   1,2   0,0   2,0  76,0   13:20     W
28  17,7  22,8   14:05  14,7   00:32   0,0   2,3   6,5   0,5  58,0   13:07    SW
29  20,3  26,0   14:39  15,0   05:24   0,0   4,8   0,0   0,5  44,0   03:33     W
30  23,7  30,5   17:29  15,7   05:16   0,0   8,2   0,0   0,7  53,0   15:08   SSW
31  26,3  34,3   15:11  20,9   04:55   0,0  10,8   0,0   3,9  34,0   00:34   WSW
----------------------------------------------------------------------------------
    19,6  34,3    31     8,4    14     6,5 135,2  76,6   6,6  76,0    27       W

Max >=  25,0: 13
Max <=  15,0:  0
Min <=  10,0:  1
Min <= -10,0:  0
Max Rain: 21,3 on day 7
Days of Rain: 17 (>= 0,2 mm)  11 (>= 2,0 mm)  1 (>= 20,0 mm)
Heat Base: 15,5  Cool Base: 15,5  Method: Integration