Raporty NOAA



Report for 2017 Maj
                   Monthly Climatological Summary for maj 2017

Name: Pogoda w Radlinie   City: Radlin   State: Woj. slaskie
Elevation: 283 m  Lat: N 50° 02' 43"   Lon: E 018° 29' 36"

                  Temperature (°C), Rain (mm), Wind Speed (km/h)

                                      Heat  Cool        Avg
    Mean                              Deg   Deg         Wind                 Dom
Day Temp  High   Time   Low    Time   Days  Days  Rain  Speed High   Time    Dir
----------------------------------------------------------------------------------
 1  10,9  16,1   16:55   4,9   06:08   4,6   0,0   0,0  17,5  38,0   08:29     E
 2   9,9  13,5   18:58   5,7   05:11   5,6   0,0   2,1   6,8  28,0   07:48     E
 3  12,3  17,5   14:44   8,6   05:53   3,4   0,2   1,6   6,5  30,0   22:19    NE
 4  11,5  16,0   16:44   9,6   06:19   4,0   0,0   2,0   4,5  17,0   01:18     N
 5  13,1  19,9   14:21   9,7   04:30   2,9   0,5   2,2   6,3  31,0   14:37     N
 6  13,3  17,6   15:52   0,0   00:00   2,4   0,3   1,0   7,9  23,0   14:49   NNW
 7  12,2  16,6   14:11   9,2   23:07   3,3   0,1   0,0   8,7  30,0   19:23   NNW
 8   9,9  14,6   15:44   6,3   23:59   5,6   0,0   0,1  11,9  28,0   17:14   NNW
 9   5,7   8,8   13:55   2,0   23:53   9,8   0,0   0,0  10,2  27,0   13:18     N
10   6,8  12,1   17:22  -0,2   04:57   8,7   0,0   0,0   9,6  30,0   17:07    SW
11  13,4  20,9   17:53   4,4   05:07   3,6   1,6   0,0   8,7  23,0   10:23    SW
12  16,0  21,6   13:11  10,8   00:08   1,2   1,7   3,9  10,0  24,0   08:26     E
13  14,6  19,6   15:18  11,7   23:48   1,8   0,8   0,1   5,6  22,0   16:40   ENE
14  15,5  21,8   14:47   7,7   05:39   2,1   2,1   0,0   5,4  22,0   13:27   ESE
15  15,4  20,0   17:53  12,0   04:35   1,1   1,0   0,4   5,0  18,0   15:47   NNW
16  16,1  21,3   14:26  11,1   04:12   1,4   2,0   0,0   6,5  23,0   14:52   NNW
17  17,5  23,2   13:44   8,5   05:07   1,5   3,6   0,0   5,2  19,0   11:49   ESE
18  19,9  26,0   17:53  11,8   05:08   0,6   4,9   0,0   7,7  27,0   13:14   SSE
19  21,4  27,2   16:55  14,0   04:57   0,2   6,2   0,0   7,5  32,0   12:51    SE
20  15,6  19,8   08:07  12,5   23:58   0,6   0,7   0,0  13,0  33,0   16:49    NW
21  15,7  20,4   17:14  12,2   01:15   1,2   1,5   0,2  14,1  33,0   03:29   NNW
22  16,9  22,4   17:58  12,5   04:54   0,9   2,3   0,0   6,6  18,0   10:56     N
23  18,5  24,9   15:42  11,5   05:11   0,7   3,7   0,0   5,3  19,0   14:46     W
24  14,0  16,9   00:00  10,9   23:57   1,5   0,0   4,7  12,2  39,0   16:11    NW
25  12,7  17,8   16:26  10,1   02:26   3,1   0,3   4,5  12,0  30,0   10:24   NNW
26  15,9  19,9   14:59  11,4   05:53   1,0   1,4   0,9   6,5  23,0   13:14    NW
27  17,0  21,8   16:56  12,0   03:50   0,9   2,5   0,0   5,6  19,0   12:58   ENE
28  19,1  25,5   17:54  10,3   05:07   1,1   4,6   0,0   5,8  22,0   13:37     S
29  21,1  26,6   15:37  14,5   04:24   0,1   5,7   0,3  12,9  37,0   09:58    SW
30  22,2  30,2   15:42  17,4   23:16   0,0   6,7   3,7  11,2  58,0   12:30   WSW
31  20,0  23,5   14:33  15,7   23:59   0,0   4,5   0,7  11,4  36,0   16:33   WNW
----------------------------------------------------------------------------------
    15,0  30,2    30    -0,2    10    74,9  58,9  28,4   8,7  58,0    30     NNW

Max >=  25,0:  5
Max <=  15,0:  4
Min <=  10,0: 13
Min <= -10,0:  0
Max Rain: 4,7 on day 24
Days of Rain: 14 (>= 0,2 mm)  7 (>= 2,0 mm)  0 (>= 20,0 mm)
Heat Base: 15,5  Cool Base: 15,5  Method: Integration